{"id":4790,"date":"2025-05-14T13:51:19","date_gmt":"2025-05-14T11:51:19","guid":{"rendered":"https:\/\/chateau-de-valangin.ch\/expositions\/au-poil-exposition-temporaire\/"},"modified":"2025-05-14T14:15:52","modified_gmt":"2025-05-14T12:15:52","slug":"au-poil-exposition-temporaire","status":"publish","type":"expositions","link":"https:\/\/chateau-de-valangin.ch\/de\/austellungen\/au-poil-exposition-temporaire\/","title":{"rendered":"Au Poil! Une histoire chevelue et poilue"},"content":{"rendered":"<p>Cheveux, barbes, poils corporels : notre nouvelle exposition vous emm\u00e8ne \u00e0 la d\u00e9couverte de l&#8217;histoire culturelle de la chevelure et la pilosit\u00e9, de l&#8217;Antiquit\u00e9 au XXe si\u00e8cle.<\/p>\n<p>Pourquoi les cheveux sont-ils porteurs de symboles si puissants ? Que disent-ils de notre statut social, de notre identit\u00e9 et de nos choix personnels ? Quels m\u00e9tiers ont vu le jour autour des cheveux et du poil et quels objets insolites en t\u00e9moignent ? Autant de questions auxquelles l&#8217;exposition apporte des r\u00e9ponses.<\/p>\n<p>Gr\u00e2ce \u00e0 une s\u00e9lection d\u2019objets rares, de portraits \u00e9tonnants et de t\u00e9moignages inattendus, l\u2019exposition &#8222;Au poil!&#8220; explore les usages, les symboliques et les repr\u00e9sentations du cheveu et du poil \u00e0 travers les \u00e2ges.<\/p>\n<p>Elle aborde \u00e9galement les normes esth\u00e9tiques, les pratiques d\u2019\u00e9pilation, les perruques, les couvre-chefs, ainsi que les ph\u00e9nom\u00e8nes marginaux ou revendicatifs, des femmes \u00e0 barbe aux punks, en passant par les drag queens.<\/p>\n<p>Con\u00e7ue avec humour, mais sans artifice, \u00ab Au poil ! \u00bb vous propose une immersion visuelle dans un sujet souvent tabou, parfois comique, mais toujours r\u00e9v\u00e9lateur de nos soci\u00e9t\u00e9s. Et rassurez-vous : malgr\u00e9 son th\u00e8me poilu, cette exposition ne vous mettra pas de mauvais poil \u2013 bien au contraire !<\/p>\n<p>\u00c0 voir absolument au cellier du ch\u00e2teau jusqu\u2019au 19 octobre 2025.<\/p>\n","protected":false},"menu_order":0,"template":"","expositions_categories":[41],"class_list":["post-4790","expositions","type-expositions","status-publish","hentry","exposition_categories-ausstellung"],"banner_expo":false,"date_debut_expo":"2025-05-11","date_fin_expo":"2025-10-19","horaire_debut_expo":"","horaire_fin_expo":"","prix_adulte_expo":"","prix_enfant_expo":"","prix_famille_expo":"","details_expo":"","inscription_expo":"","informations_expo":"","visuel_expo":false,"complement":"","_links":{"self":[{"href":"https:\/\/chateau-de-valangin.ch\/de\/wp-json\/wp\/v2\/expositions\/4790","targetHints":{"allow":["GET"]}}],"collection":[{"href":"https:\/\/chateau-de-valangin.ch\/de\/wp-json\/wp\/v2\/expositions"}],"about":[{"href":"https:\/\/chateau-de-valangin.ch\/de\/wp-json\/wp\/v2\/types\/expositions"}],"wp:attachment":[{"href":"https:\/\/chateau-de-valangin.ch\/de\/wp-json\/wp\/v2\/media?parent=4790"}],"wp:term":[{"taxonomy":"exposition_categories","embeddable":true,"href":"https:\/\/chateau-de-valangin.ch\/de\/wp-json\/wp\/v2\/expositions_categories?post=4790"}],"curies":[{"name":"wp","href":"https:\/\/api.w.org\/{rel}","templated":true}]}}

<p>Cheveux, barbes, poils corporels : notre nouvelle exposition vous emmène à la découverte de l&#8217;histoire culturelle de la chevelure et la pilosité, de l&#8217;Antiquité au XXe siècle.</p>
<p>Pourquoi les cheveux sont-ils porteurs de symboles si puissants ? Que disent-ils de notre statut social, de notre identité et de nos choix personnels ? Quels métiers ont vu le jour autour des cheveux et du poil et quels objets insolites en témoignent ? Autant de questions auxquelles l&#8217;exposition apporte des réponses.</p>
<p>Grâce à une sélection d’objets rares, de portraits étonnants et de témoignages inattendus, l’exposition &#8222;Au poil!&#8220; explore les usages, les symboliques et les représentations du cheveu et du poil à travers les âges.</p>
<p>Elle aborde également les normes esthétiques, les pratiques d’épilation, les perruques, les couvre-chefs, ainsi que les phénomènes marginaux ou revendicatifs, des femmes à barbe aux punks, en passant par les drag queens.</p>
<p>Conçue avec humour, mais sans artifice, « Au poil ! » vous propose une immersion visuelle dans un sujet souvent tabou, parfois comique, mais toujours révélateur de nos sociétés. Et rassurez-vous : malgré son thème poilu, cette exposition ne vous mettra pas de mauvais poil – bien au contraire !</p>
<p>À voir absolument au cellier du château jusqu’au 19 octobre 2025.</p>
