{"id":4398,"date":"2024-02-27T16:12:35","date_gmt":"2024-02-27T15:12:35","guid":{"rendered":"https:\/\/chateau-de-valangin.ch\/expositions\/corbillards-et-voitures-de-pompier-miniatures\/"},"modified":"2024-06-21T15:16:03","modified_gmt":"2024-06-21T13:16:03","slug":"corbillards-et-voitures-de-pompier-miniatures","status":"publish","type":"expositions","link":"https:\/\/chateau-de-valangin.ch\/de\/austellungen\/corbillards-et-voitures-de-pompier-miniatures\/","title":{"rendered":"Modelle von Leichenwagen und Feuerwehrfahrzeugen"},"content":{"rendered":"<p><strong><span style=\"font-size: 16pt;\">Diese Sammlung hat P.S. unter der Haube!<\/span><\/strong><\/p>\n<p>Jean-Blaise Montandon hat einige Jahre f\u00fcr ein Bestattungsunternehmen gearbeitet. Eines Tages schenkte ihm ein Freund das Modell eines Leichenwagens, und die Sammlung konnte beginnen! Lange Zeit wurden sie von Pferden gezogen, heute werden meist Autos f\u00fcr den Transport von Verstorbenen umgebaut. In Europa sind sie meistens schwarz oder sogar grau.<\/p>\n<p>Das franz\u00f6sische Wort &#8220; Corbillard &#8220; hat seinen Ursprung in der Bezeichnung f\u00fcr gro\u00dfe Plattbodenschiffe, die auf der Seine zwischen Paris und Corbeil fuhren und Lebensmittel oder Baumaterial transportierten. W\u00e4hrend der Gro\u00dfen Pest von 1347 wurden diese benutzt, um die Toten zu evakuieren, und der Begriff blieb als Bezeichnung f\u00fcr Bestattungsfahrzeuge erhalten.<\/p>\n<p>Nach den Toten kommen die Lebenden: In seiner Sammlung hat Jean-Blaise Montandon auch einen besonderen Platz f\u00fcr Feuerwehrfahrzeuge reserviert, mit besonderer Aufmerksamkeit f\u00fcr die Marke Citro\u00ebn, die er auch im t\u00e4glichen Leben liebt.<\/p>\n<p>Von den Ledereimern, die in der N\u00e4he von K\u00fcchen postiert sind und jedem Haushalt zur Verf\u00fcgung stehen, bis hin zu den Nachtw\u00e4chtern, die die Stadt nach jedem verd\u00e4chtigen Lichtschein absuchen, war und ist die Fr\u00fcherkennung und schnelle Reaktion auf Br\u00e4nde von entscheidender Bedeutung. Mit dem Aufkommen von Automobilen konnte die Feuerwehr schneller reagieren als zu Fuss oder zu Pferd. Jedes Kind kennt die unverwechselbare Sirene der Feuerwehrfahrzeuge!<\/p>\n","protected":false},"menu_order":0,"template":"","expositions_categories":[60],"class_list":["post-4398","expositions","type-expositions","status-publish","hentry","exposition_categories-vitrine-du-collectionneur-de"],"banner_expo":{"ID":"4362","post_author":"3","post_date":"2024-02-27 16:11:44","post_date_gmt":"2024-02-27 15:11:44","post_content":"","post_title":"Corbillards","post_excerpt":"","post_status":"inherit","comment_status":"closed","ping_status":"closed","post_password":"","post_name":"corbillards-2","to_ping":"","pinged":"","post_modified":"2024-06-21 15:04:51","post_modified_gmt":"2024-06-21 13:04:51","post_content_filtered":"","post_parent":"4398","guid":"https:\/\/chateau-de-valangin.ch\/NEWSITE\/wp-content\/uploads\/2024\/02\/corbillards.jpg","menu_order":"0","post_type":"attachment","post_mime_type":"image\/jpeg","comment_count":"0","translation_id":"1274","element_type":"post_attachment","element_id":"4362","trid":"3961","language_code":"de","source_language_code":"fr","id":"3","code":"de","english_name":"German","major":"1","active":"1","default_locale":"de_DE","tag":"de-de","encode_url":"0","country":null,"pod_item_id":"4362"},"date_debut_expo":"2024-03-01","date_fin_expo":"2024-10-31","horaire_debut_expo":"","horaire_fin_expo":"","prix_adulte_expo":"","prix_enfant_expo":"","prix_famille_expo":"","details_expo":"","inscription_expo":"","informations_expo":"info@chateau-de-valangin.ch \/ 032 857 23 83","visuel_expo":false,"complement":"","_links":{"self":[{"href":"https:\/\/chateau-de-valangin.ch\/de\/wp-json\/wp\/v2\/expositions\/4398","targetHints":{"allow":["GET"]}}],"collection":[{"href":"https:\/\/chateau-de-valangin.ch\/de\/wp-json\/wp\/v2\/expositions"}],"about":[{"href":"https:\/\/chateau-de-valangin.ch\/de\/wp-json\/wp\/v2\/types\/expositions"}],"wp:attachment":[{"href":"https:\/\/chateau-de-valangin.ch\/de\/wp-json\/wp\/v2\/media?parent=4398"}],"wp:term":[{"taxonomy":"exposition_categories","embeddable":true,"href":"https:\/\/chateau-de-valangin.ch\/de\/wp-json\/wp\/v2\/expositions_categories?post=4398"}],"curies":[{"name":"wp","href":"https:\/\/api.w.org\/{rel}","templated":true}]}}

<p><strong><span style="font-size: 16pt;">Diese Sammlung hat P.S. unter der Haube!</span></strong></p>
<p>Jean-Blaise Montandon hat einige Jahre für ein Bestattungsunternehmen gearbeitet. Eines Tages schenkte ihm ein Freund das Modell eines Leichenwagens, und die Sammlung konnte beginnen! Lange Zeit wurden sie von Pferden gezogen, heute werden meist Autos für den Transport von Verstorbenen umgebaut. In Europa sind sie meistens schwarz oder sogar grau.</p>
<p>Das französische Wort &#8220; Corbillard &#8220; hat seinen Ursprung in der Bezeichnung für große Plattbodenschiffe, die auf der Seine zwischen Paris und Corbeil fuhren und Lebensmittel oder Baumaterial transportierten. Während der Großen Pest von 1347 wurden diese benutzt, um die Toten zu evakuieren, und der Begriff blieb als Bezeichnung für Bestattungsfahrzeuge erhalten.</p>
<p>Nach den Toten kommen die Lebenden: In seiner Sammlung hat Jean-Blaise Montandon auch einen besonderen Platz für Feuerwehrfahrzeuge reserviert, mit besonderer Aufmerksamkeit für die Marke Citroën, die er auch im täglichen Leben liebt.</p>
<p>Von den Ledereimern, die in der Nähe von Küchen postiert sind und jedem Haushalt zur Verfügung stehen, bis hin zu den Nachtwächtern, die die Stadt nach jedem verdächtigen Lichtschein absuchen, war und ist die Früherkennung und schnelle Reaktion auf Brände von entscheidender Bedeutung. Mit dem Aufkommen von Automobilen konnte die Feuerwehr schneller reagieren als zu Fuss oder zu Pferd. Jedes Kind kennt die unverwechselbare Sirene der Feuerwehrfahrzeuge!</p>
