{"id":4335,"date":"2024-02-21T15:33:43","date_gmt":"2024-02-21T14:33:43","guid":{"rendered":"https:\/\/chateau-de-valangin.ch\/?post_type=expositions&#038;p=4335"},"modified":"2024-02-21T15:33:43","modified_gmt":"2024-02-21T14:33:43","slug":"valangin-au-feminin-3-femmes-3-vies-3-siecles","status":"publish","type":"expositions","link":"https:\/\/chateau-de-valangin.ch\/de\/austellungen\/valangin-au-feminin-3-femmes-3-vies-3-siecles\/","title":{"rendered":"Valangin au f\u00e9minin &#8211; 3 Frauen, 3 Leben, 3 Jahrhunderte"},"content":{"rendered":"<p>Drei Frauen: Guillemette de Vergy, Katharina von Wattenwyl, Julie L\u2019Eplattenier.<\/p>\n<p>Drei Zeitr\u00e4ume: Sp\u00e4tmittelalter, fr\u00fches 18. Jahrhundert, fr\u00fches 19. Jahrhundert.<\/p>\n<p>Drei St\u00e4nde: Adel, B\u00fcrgertum, Bauern.<\/p>\n<p>Eine Gemeinsamkeit: Valangin.<\/p>\n<p>Die Leben der drei Frauen waren die meiste Zeit \u00fcber gew\u00f6hnlich, zeitweise aber auch abenteuerlich wie ein Mantel-und-Degen-Film. Handschriftlich hinterliessen sie ihre Sicht auf die grossen Ereignisse der Geschichte.<\/p>\n<p>Jede der drei erlebte eine Schl\u00fcsselperiode der Geschichte des Kanton Neuenburg und des St\u00e4dtchens Valangin:<\/p>\n<ul>\n<li>Guillemette stellte sich vehement gegen die Reformation<\/li>\n<li>Katharina erlebte den Machtwechsel zu Gunsten des preussischen K\u00f6nigs<\/li>\n<li>Julie kommentierte die ersten republikanischen Ersch\u00fctterungen in der Region.<\/li>\n<\/ul>\n<p>Neben ihren Reaktionen auf diese Ereignisse schrieben sie aber vor allem \u00fcber ihre allt\u00e4glichen Sorgen, Hoffnungen und \u00c4ngste, f\u00fcr sich selbst und ihre Liebsten.<\/p>\n<p>Fast nebenher zeugen ihre Lebensgeschichten auch von den Ver\u00e4nderungen der Ortschaft Valangin im Laufe der Jahrhunderte:<\/p>\n<ul>\n<li>Guillemette l\u00e4sst mit ihrem Mann Claude die Stiftskirche errichten und das Schloss umbauen;<\/li>\n<li>Katharina erholt sich von der erlittenen Folter und setzt ihre Spionaget\u00e4tigkeit f\u00fcr Ludwig XIV. fort;<\/li>\n<li>Julie gestaltet ihren Garten neu und k\u00e4mpft mit den Unw\u00e4gbarkeiten des Wetters, um ihren Lebensunterhalt zu bestreiten.<\/li>\n<\/ul>\n<p>Wir laden Sie ein, das Leben in Valangin durch die Augen dieser drei Frauen zu entdecken, sowohl in den kleinen Dingen des Alltags als auch in den grossen historischen Begegnungen ihrer jeweiligen Zeit.<\/p>\n","protected":false},"menu_order":0,"template":"","expositions_categories":[41],"class_list":["post-4335","expositions","type-expositions","status-publish","hentry","exposition_categories-ausstellung"],"banner_expo":{"ID":"4314","post_author":"3","post_date":"2024-02-15 13:38:20","post_date_gmt":"2024-02-15 12:38:20","post_content":"","post_title":"Dossier VAL_Ofeminin_bandeau web","post_excerpt":"","post_status":"inherit","comment_status":"closed","ping_status":"closed","post_password":"","post_name":"dossier-val_ofeminin_bandeau-web-2","to_ping":"","pinged":"","post_modified":"2024-02-21 15:30:27","post_modified_gmt":"2024-02-21 14:30:27","post_content_filtered":"","post_parent":"4335","guid":"https:\/\/chateau-de-valangin.ch\/NEWSITE\/wp-content\/uploads\/2024\/02\/dossier-val_ofeminin_bandeau-web.jpg","menu_order":"0","post_type":"attachment","post_mime_type":"image\/jpeg","comment_count":"0","translation_id":"1246","element_type":"post_attachment","element_id":"4314","trid":"3949","language_code":"de","source_language_code":"fr","id":"3","code":"de","english_name":"German","major":"1","active":"1","default_locale":"de_DE","tag":"de-de","encode_url":"0","country":null,"pod_item_id":"4314"},"date_debut_expo":"2024-03-01","date_fin_expo":"2024-10-20","horaire_debut_expo":"","horaire_fin_expo":"","prix_adulte_expo":"","prix_enfant_expo":"","prix_famille_expo":"","details_expo":"","inscription_expo":"","informations_expo":"info@chateau-de-valangin.ch \/ 032 857 23 83","visuel_expo":{"ID":"4312","post_author":"3","post_date":"2024-02-15 13:35:00","post_date_gmt":"2024-02-15 12:35:00","post_content":"","post_title":"Dossier VAL_Ofeminin_A5_DEF","post_excerpt":"","post_status":"inherit","comment_status":"closed","ping_status":"closed","post_password":"","post_name":"dossier-val_ofeminin_a5_def-2","to_ping":"","pinged":"","post_modified":"2025-01-10 11:00:57","post_modified_gmt":"2025-01-10 10:00:57","post_content_filtered":"","post_parent":"4335","guid":"https:\/\/chateau-de-valangin.ch\/NEWSITE\/wp-content\/uploads\/2024\/02\/dossier-val_ofeminin_a5_def.jpg","menu_order":"0","post_type":"attachment","post_mime_type":"image\/jpeg","comment_count":"0","translation_id":"1244","element_type":"post_attachment","element_id":"4312","trid":"3948","language_code":"de","source_language_code":"fr","id":"3","code":"de","english_name":"German","major":"1","active":"1","default_locale":"de_DE","tag":"de-de","encode_url":"0","country":null,"pod_item_id":"4312"},"complement":"","_links":{"self":[{"href":"https:\/\/chateau-de-valangin.ch\/de\/wp-json\/wp\/v2\/expositions\/4335","targetHints":{"allow":["GET"]}}],"collection":[{"href":"https:\/\/chateau-de-valangin.ch\/de\/wp-json\/wp\/v2\/expositions"}],"about":[{"href":"https:\/\/chateau-de-valangin.ch\/de\/wp-json\/wp\/v2\/types\/expositions"}],"wp:attachment":[{"href":"https:\/\/chateau-de-valangin.ch\/de\/wp-json\/wp\/v2\/media?parent=4335"}],"wp:term":[{"taxonomy":"exposition_categories","embeddable":true,"href":"https:\/\/chateau-de-valangin.ch\/de\/wp-json\/wp\/v2\/expositions_categories?post=4335"}],"curies":[{"name":"wp","href":"https:\/\/api.w.org\/{rel}","templated":true}]}}

Valangin au féminin &#8211; 3 Frauen, 3 Leben, 3 Jahrhunderte

<p>Drei Frauen: Guillemette de Vergy, Katharina von Wattenwyl, Julie L’Eplattenier.</p>
<p>Drei Zeiträume: Spätmittelalter, frühes 18. Jahrhundert, frühes 19. Jahrhundert.</p>
<p>Drei Stände: Adel, Bürgertum, Bauern.</p>
<p>Eine Gemeinsamkeit: Valangin.</p>
<p>Die Leben der drei Frauen waren die meiste Zeit über gewöhnlich, zeitweise aber auch abenteuerlich wie ein Mantel-und-Degen-Film. Handschriftlich hinterliessen sie ihre Sicht auf die grossen Ereignisse der Geschichte.</p>
<p>Jede der drei erlebte eine Schlüsselperiode der Geschichte des Kanton Neuenburg und des Städtchens Valangin:</p>
<ul>
<li>Guillemette stellte sich vehement gegen die Reformation</li>
<li>Katharina erlebte den Machtwechsel zu Gunsten des preussischen Königs</li>
<li>Julie kommentierte die ersten republikanischen Erschütterungen in der Region.</li>
</ul>
<p>Neben ihren Reaktionen auf diese Ereignisse schrieben sie aber vor allem über ihre alltäglichen Sorgen, Hoffnungen und Ängste, für sich selbst und ihre Liebsten.</p>
<p>Fast nebenher zeugen ihre Lebensgeschichten auch von den Veränderungen der Ortschaft Valangin im Laufe der Jahrhunderte:</p>
<ul>
<li>Guillemette lässt mit ihrem Mann Claude die Stiftskirche errichten und das Schloss umbauen;</li>
<li>Katharina erholt sich von der erlittenen Folter und setzt ihre Spionagetätigkeit für Ludwig XIV. fort;</li>
<li>Julie gestaltet ihren Garten neu und kämpft mit den Unwägbarkeiten des Wetters, um ihren Lebensunterhalt zu bestreiten.</li>
</ul>
<p>Wir laden Sie ein, das Leben in Valangin durch die Augen dieser drei Frauen zu entdecken, sowohl in den kleinen Dingen des Alltags als auch in den grossen historischen Begegnungen ihrer jeweiligen Zeit.</p>
