{"id":5041,"date":"2026-07-01T19:25:47","date_gmt":"2026-07-01T17:25:47","guid":{"rendered":"https:\/\/chateau-de-valangin.ch\/agenda\/le-patrimoine-en-peril-faire-dans-la-dentelle\/"},"modified":"2026-07-19T12:20:31","modified_gmt":"2026-07-19T10:20:31","slug":"le-patrimoine-en-peril-faire-dans-la-dentelle","status":"publish","type":"agenda","link":"https:\/\/chateau-de-valangin.ch\/de\/kalender\/le-patrimoine-en-peril-faire-dans-la-dentelle\/","title":{"rendered":"Mit Finger-SPITZEN-gef\u00fchl: Gef\u00e4hrdetes Kulturerbe bewahren (Europ\u00e4ischer Tag des Denkmals)"},"content":{"rendered":"<p class=\"PDq2pG_selectionAnchorContainer\" data-start=\"201\" data-end=\"717\">Die Spitze geh\u00f6rt seit Jahrhunderten zu den bedeutendsten textilen Kunstformen und ist zugleich ein ebenso wertvolles wie empfindliches Kulturerbe. Was geschieht, wenn ein Spitzenobjekt besch\u00e4digt ist? Welche Sch\u00e4den treten am h\u00e4ufigsten auf? Wie kann man sie konservieren und restaurieren? Und wie werden Neuerwerbungen in eine Sammlung aufgenommen und dokumentiert? Bei den F\u00fchrungen durch das Depot des Ch\u00e2teau et Mus\u00e9e de Valangin werden diese Fragen anhand ausgew\u00e4hlter Objekte aus der Sammlung erl\u00e4utert.<\/p>\n<p data-start=\"719\" data-end=\"952\">Spitzen &#8211; h\u00e4ufig aus Seide gefertigt &#8211; reagieren besonders empfindlich auf Licht sowie auf Schwankungen von Temperatur und Luftfeuchtigkeit. Ihre langfristige Erhaltung stellt deshalb hohe Anforderungen an Lagerung und Konservierung.<\/p>\n<p data-start=\"954\" data-end=\"1367\">Die Kunst der Spitzenherstellung ist seit dem 16. Jahrhundert belegt und z\u00e4hlt heute zum immateriellen Kulturerbe. Die <em>Dentelli\u00e8res du pays de Neuch\u00e2tel<\/em> bewahren dieses traditionelle Handwerk, indem sie ihr Wissen in Vorf\u00fchrungen und Workshops weitergeben. An ihrem Kl\u00f6ppelkissen zeigen sie die einzelnen Arbeitsschritte und veranschaulichen die pr\u00e4zisen Handgriffe, aus denen diese filigranen Arbeiten entstehen.<\/p>\n<p class=\"isSelectedEnd\"><strong>F\u00fchrung durch das Depot (ab 10 Jahren, nur mit Reservierung, auf Franz\u00f6sisch)<\/strong><\/p>\n<div class=\"flex lg:flex-wrap xl:flex-nowrap gap-3 pt-4 date-row min-h-12 items-center\">\n<div class=\"w-full\">\n<div class=\"date\">\n<ul>\n<li>So, 13.09.2026 11:15 &#8211; 12:15 Uhr<\/li>\n<li>So, 13.09.2026 13:45 &#8211; 14:45 Uhr<\/li>\n<li>So, 13.09.2026 15:15 &#8211; 16:15 Uhr<\/li>\n<\/ul>\n<\/div>\n<\/div>\n<\/div>\n<div class=\"flex pt-8 relative\">\n<div>\n<p class=\"text-sm font-medium\"><strong>Freie Besichtigung des Schloss und Museum (ohne Reservierung)<\/strong><\/p>\n<\/div>\n<\/div>\n<div class=\"flex lg:flex-wrap xl:flex-nowrap gap-3 pt-4 date-row min-h-12 items-center\">\n<div class=\"w-full\">\n<div class=\"date\">\n<ul>\n<li class=\"text-sm !mb-0 pt-1.5 font-normal\">So, 13.09.2026 11:00 &#8211; 17:00 Uhr<\/li>\n<\/ul>\n<\/div>\n<\/div>\n<\/div>\n<div class=\"flex pt-8 relative\">\n<div>\n<p class=\"text-sm font-medium\"><strong>Spitzenkl\u00f6ppel-Vorf\u00fchrungen (ohne Reservierung, durchgehend)<\/strong><\/p>\n<\/div>\n<\/div>\n<div class=\"flex lg:flex-wrap xl:flex-nowrap gap-3 pt-4 date-row min-h-12 items-center\">\n<div class=\"w-full\">\n<div class=\"date\">\n<ul>\n<li class=\"text-sm !mb-0 pt-1.5 font-normal\">So, 13.09.2026 14:00 &#8211; 17:00 Uhr<\/li>\n<\/ul>\n<\/div>\n<\/div>\n<\/div>\n<div class=\"flex pt-8 relative\">\n<div>\n<p class=\"text-sm font-medium\"><strong>Vorf\u00fchrung historischer Filme (ohne Reservierung)<\/strong><\/p>\n<\/div>\n<\/div>\n<div class=\"flex lg:flex-wrap xl:flex-nowrap gap-3 pt-4 date-row min-h-12 items-center\">\n<div class=\"w-full\">\n<div class=\"date\">\n<ul>\n<li class=\"text-sm !mb-0 pt-1.5 font-normal\">So, 13.09.2026 11:00 &#8211; 17:00 Uhr<\/li>\n<\/ul>\n<p>&nbsp;<\/p>\n<p>&nbsp;<\/p>\n<\/div>\n<\/div>\n<\/div>\n","protected":false},"template":"","agenda_categories":[47,58,59],"class_list":["post-5041","agenda","type-agenda","status-publish","hentry","agenda_categories-animation-de","agenda_categories-visite-de","agenda_categories-kulturerbe"],"banner_event":{"ID":"5006","post_author":"3","post_date":"2026-07-13 22:57:17","post_date_gmt":"2026-07-13 20:57:17","post_content":"Kl\u00f6ppeln und Spitzen","post_title":"Kl\u00f6ppeln und Spitzen","post_excerpt":"Kl\u00f6ppeln und Spitzen\nCopyrighted work available under Creative Commons Attribution only licence CC BY 4.0 http:\/\/creativecommons.org\/licenses\/by\/4.0\/","post_status":"inherit","comment_status":"closed","ping_status":"closed","post_password":"","post_name":"l0050544-women-making-lace-watercolour-after-q-van-brekelenkam-2","to_ping":"","pinged":"","post_modified":"2026-07-19 12:18:34","post_modified_gmt":"2026-07-19 10:18:34","post_content_filtered":"","post_parent":"5041","guid":"https:\/\/chateau-de-valangin.ch\/NEWSITE\/wp-content\/uploads\/2026\/07\/women_making_lace._watercolour_after_q._van_brekelenkam._wellcome_l0050544.jpg","menu_order":"0","post_type":"attachment","post_mime_type":"image\/jpeg","comment_count":"0","translation_id":"1783","element_type":"post_attachment","element_id":"5006","trid":"4201","language_code":"de","source_language_code":"fr","id":"3","code":"de","english_name":"German","major":"1","active":"1","default_locale":"de_DE","tag":"de-de","encode_url":"0","country":null,"pod_item_id":"5006"},"date_debut_event":"2026-09-13","date_fin_event":"2026-09-13","horaire_debut_event":"11:00 Uhr","horaire_fin_event":"17:00 Uhr","prix_adulte_event":"","prix_enfant_event":"","prix_famille_event":"","details_event":"Freier Eintritt den ganzen Tag","inscription_event":"F\u00fcr die F\u00fchrungen durch das Depot erforderlich","informations_event":"","visuel_events":{"ID":"5010","post_author":"3","post_date":"2026-07-13 23:03:16","post_date_gmt":"2026-07-13 21:03:16","post_content":"","post_title":"THE_FI~1","post_excerpt":"","post_status":"inherit","comment_status":"closed","ping_status":"closed","post_password":"","post_name":"the_fi1-2","to_ping":"","pinged":"","post_modified":"2026-07-13 23:03:16","post_modified_gmt":"2026-07-13 21:03:16","post_content_filtered":"","post_parent":"5041","guid":"https:\/\/chateau-de-valangin.ch\/NEWSITE\/wp-content\/uploads\/2026\/07\/the_fi1.jpg","menu_order":"0","post_type":"attachment","post_mime_type":"image\/jpeg","comment_count":"0","translation_id":"1787","element_type":"post_attachment","element_id":"5010","trid":"4202","language_code":"de","source_language_code":"fr","id":"3","code":"de","english_name":"German","major":"1","active":"1","default_locale":"de_DE","tag":"de-de","encode_url":"0","country":null,"pod_item_id":"5010"},"complement":"<a title=\"Patrimoine en p\u00e9ril: Faire dans la dentelle\" href=\"https:\/\/decouvrir-le-patrimoine.ch\/manifestations\/manifestations-detail\/faire-dans-la-dentelle\/\" target=\"_blank\" rel=\"noopener\">Patrimoine en p\u00e9ril: Faire dans la dentelle<\/a>","_links":{"self":[{"href":"https:\/\/chateau-de-valangin.ch\/de\/wp-json\/wp\/v2\/agenda\/5041","targetHints":{"allow":["GET"]}}],"collection":[{"href":"https:\/\/chateau-de-valangin.ch\/de\/wp-json\/wp\/v2\/agenda"}],"about":[{"href":"https:\/\/chateau-de-valangin.ch\/de\/wp-json\/wp\/v2\/types\/agenda"}],"wp:attachment":[{"href":"https:\/\/chateau-de-valangin.ch\/de\/wp-json\/wp\/v2\/media?parent=5041"}],"wp:term":[{"taxonomy":"agenda_categories","embeddable":true,"href":"https:\/\/chateau-de-valangin.ch\/de\/wp-json\/wp\/v2\/agenda_categories?post=5041"}],"curies":[{"name":"wp","href":"https:\/\/api.w.org\/{rel}","templated":true}]}}

Mit Finger-SPITZEN-gefühl: Gefährdetes Kulturerbe bewahren (Europäischer Tag des Denkmals)

<p class="PDq2pG_selectionAnchorContainer" data-start="201" data-end="717">Die Spitze gehört seit Jahrhunderten zu den bedeutendsten textilen Kunstformen und ist zugleich ein ebenso wertvolles wie empfindliches Kulturerbe. Was geschieht, wenn ein Spitzenobjekt beschädigt ist? Welche Schäden treten am häufigsten auf? Wie kann man sie konservieren und restaurieren? Und wie werden Neuerwerbungen in eine Sammlung aufgenommen und dokumentiert? Bei den Führungen durch das Depot des Château et Musée de Valangin werden diese Fragen anhand ausgewählter Objekte aus der Sammlung erläutert.</p>
<p data-start="719" data-end="952">Spitzen &#8211; häufig aus Seide gefertigt &#8211; reagieren besonders empfindlich auf Licht sowie auf Schwankungen von Temperatur und Luftfeuchtigkeit. Ihre langfristige Erhaltung stellt deshalb hohe Anforderungen an Lagerung und Konservierung.</p>
<p data-start="954" data-end="1367">Die Kunst der Spitzenherstellung ist seit dem 16. Jahrhundert belegt und zählt heute zum immateriellen Kulturerbe. Die <em>Dentellières du pays de Neuchâtel</em> bewahren dieses traditionelle Handwerk, indem sie ihr Wissen in Vorführungen und Workshops weitergeben. An ihrem Klöppelkissen zeigen sie die einzelnen Arbeitsschritte und veranschaulichen die präzisen Handgriffe, aus denen diese filigranen Arbeiten entstehen.</p>
<p class="isSelectedEnd"><strong>Führung durch das Depot (ab 10 Jahren, nur mit Reservierung, auf Französisch)</strong></p>
<div class="flex lg:flex-wrap xl:flex-nowrap gap-3 pt-4 date-row min-h-12 items-center">
<div class="w-full">
<div class="date">
<ul>
<li>So, 13.09.2026 11:15 &#8211; 12:15 Uhr</li>
<li>So, 13.09.2026 13:45 &#8211; 14:45 Uhr</li>
<li>So, 13.09.2026 15:15 &#8211; 16:15 Uhr</li>
</ul>
</div>
</div>
</div>
<div class="flex pt-8 relative">
<div>
<p class="text-sm font-medium"><strong>Freie Besichtigung des Schloss und Museum (ohne Reservierung)</strong></p>
</div>
</div>
<div class="flex lg:flex-wrap xl:flex-nowrap gap-3 pt-4 date-row min-h-12 items-center">
<div class="w-full">
<div class="date">
<ul>
<li class="text-sm !mb-0 pt-1.5 font-normal">So, 13.09.2026 11:00 &#8211; 17:00 Uhr</li>
</ul>
</div>
</div>
</div>
<div class="flex pt-8 relative">
<div>
<p class="text-sm font-medium"><strong>Spitzenklöppel-Vorführungen (ohne Reservierung, durchgehend)</strong></p>
</div>
</div>
<div class="flex lg:flex-wrap xl:flex-nowrap gap-3 pt-4 date-row min-h-12 items-center">
<div class="w-full">
<div class="date">
<ul>
<li class="text-sm !mb-0 pt-1.5 font-normal">So, 13.09.2026 14:00 &#8211; 17:00 Uhr</li>
</ul>
</div>
</div>
</div>
<div class="flex pt-8 relative">
<div>
<p class="text-sm font-medium"><strong>Vorführung historischer Filme (ohne Reservierung)</strong></p>
</div>
</div>
<div class="flex lg:flex-wrap xl:flex-nowrap gap-3 pt-4 date-row min-h-12 items-center">
<div class="w-full">
<div class="date">
<ul>
<li class="text-sm !mb-0 pt-1.5 font-normal">So, 13.09.2026 11:00 &#8211; 17:00 Uhr</li>
</ul>
<p>&nbsp;</p>
<p>&nbsp;</p>
</div>
</div>
</div>

Klöppeln und Spitzen

Klöppeln und Spitzen
Copyrighted work available under Creative Commons Attribution only licence CC BY 4.0 http://creativecommons.org/licenses/by/4.0/

Für die Führungen durch das Depot erforderlich

<a title="Patrimoine en péril: Faire dans la dentelle" href="https://decouvrir-le-patrimoine.ch/manifestations/manifestations-detail/faire-dans-la-dentelle/" target="_blank" rel="noopener">Patrimoine en péril: Faire dans la dentelle</a>
