{"id":5027,"date":"2026-07-20T09:07:29","date_gmt":"2026-07-20T07:07:29","guid":{"rendered":"https:\/\/chateau-de-valangin.ch\/?post_type=agenda&#038;p=5027"},"modified":"2026-07-20T09:07:29","modified_gmt":"2026-07-20T07:07:29","slug":"chateau-hante-14h00-2026","status":"publish","type":"agenda","link":"https:\/\/chateau-de-valangin.ch\/de\/kalender\/chateau-hante-14h00-2026\/","title":{"rendered":"Les contes du ch\u00e2teau hant\u00e9 (14:00 Uhr)"},"content":{"rendered":"<p>Animation halloween avec notre conteuse, pour les enfants de 0 \u00e0 99 ans.<\/p>\n<p>Informations \u00e0 venir.<\/p>\n","protected":false},"template":"","agenda_categories":[47],"class_list":["post-5027","agenda","type-agenda","status-publish","hentry","agenda_categories-animation-de"],"banner_event":{"ID":"5035","post_author":"3","post_date":"2026-07-14 11:02:33","post_date_gmt":"2026-07-14 09:02:33","post_content":"Old postcard of the Ch\u00e2teau de Valangin","post_title":"30815636238","post_excerpt":"Old postcard of the Ch\u00e2teau de Valangin","post_status":"inherit","comment_status":"closed","ping_status":"closed","post_password":"","post_name":"30815636238-2","to_ping":"","pinged":"","post_modified":"2026-07-20 09:04:54","post_modified_gmt":"2026-07-20 07:04:54","post_content_filtered":"","post_parent":"5027","guid":"https:\/\/chateau-de-valangin.ch\/NEWSITE\/wp-content\/uploads\/2026\/07\/30815636238.jpg","menu_order":"0","post_type":"attachment","post_mime_type":"image\/jpeg","comment_count":"0","translation_id":"1811","element_type":"post_attachment","element_id":"5035","trid":"4214","language_code":"de","source_language_code":"fr","id":"3","code":"de","english_name":"German","major":"1","active":"1","default_locale":"de_DE","tag":"de-de","encode_url":"0","country":null,"pod_item_id":"5035"},"date_debut_event":"2026-10-31","date_fin_event":"2026-10-31","horaire_debut_event":"14:00","horaire_fin_event":"15:00","prix_adulte_event":"","prix_enfant_event":"","prix_famille_event":"","details_event":"","inscription_event":"Inscription n\u00e9cessaire info@chateau-du-valangin.ch","informations_event":"","visuel_events":{"ID":"5033","post_author":"3","post_date":"2026-07-14 11:02:29","post_date_gmt":"2026-07-14 09:02:29","post_content":"ch\u00e2teau de valangin - salle des tortures","post_title":"30288946639","post_excerpt":"ch\u00e2teau de valangin - salle des tortures","post_status":"inherit","comment_status":"closed","ping_status":"closed","post_password":"","post_name":"30288946639-2","to_ping":"","pinged":"","post_modified":"2026-07-20 09:07:30","post_modified_gmt":"2026-07-20 07:07:30","post_content_filtered":"","post_parent":"5027","guid":"https:\/\/chateau-de-valangin.ch\/NEWSITE\/wp-content\/uploads\/2026\/07\/30288946639.jpg","menu_order":"0","post_type":"attachment","post_mime_type":"image\/jpeg","comment_count":"0","translation_id":"1809","element_type":"post_attachment","element_id":"5033","trid":"4213","language_code":"de","source_language_code":"fr","id":"3","code":"de","english_name":"German","major":"1","active":"1","default_locale":"de_DE","tag":"de-de","encode_url":"0","country":null,"pod_item_id":"5033"},"complement":"","_links":{"self":[{"href":"https:\/\/chateau-de-valangin.ch\/de\/wp-json\/wp\/v2\/agenda\/5027","targetHints":{"allow":["GET"]}}],"collection":[{"href":"https:\/\/chateau-de-valangin.ch\/de\/wp-json\/wp\/v2\/agenda"}],"about":[{"href":"https:\/\/chateau-de-valangin.ch\/de\/wp-json\/wp\/v2\/types\/agenda"}],"wp:attachment":[{"href":"https:\/\/chateau-de-valangin.ch\/de\/wp-json\/wp\/v2\/media?parent=5027"}],"wp:term":[{"taxonomy":"agenda_categories","embeddable":true,"href":"https:\/\/chateau-de-valangin.ch\/de\/wp-json\/wp\/v2\/agenda_categories?post=5027"}],"curies":[{"name":"wp","href":"https:\/\/api.w.org\/{rel}","templated":true}]}}

Les contes du château hanté (14:00 Uhr)

<p>Animation halloween avec notre conteuse, pour les enfants de 0 à 99 ans.</p>
<p>Informations à venir.</p>

Old postcard of the Château de Valangin

Inscription nécessaire info@chateau-du-valangin.ch

château de valangin - salle des tortures
