{"id":5025,"date":"2026-07-20T08:52:42","date_gmt":"2026-07-20T06:52:42","guid":{"rendered":"https:\/\/chateau-de-valangin.ch\/?post_type=agenda&#038;p=5025"},"modified":"2026-07-20T08:52:42","modified_gmt":"2026-07-20T06:52:42","slug":"fantomes-au-chateau-2026","status":"publish","type":"agenda","link":"https:\/\/chateau-de-valangin.ch\/de\/kalender\/fantomes-au-chateau-2026\/","title":{"rendered":"Il y a des fant\u00f4mes au ch\u00e2teau (2-4 ans)"},"content":{"rendered":"<p>Des histoires et des draps pour jouer \u00e0 cache-cache&#8230; et faire peuuuuuur aux grands!<\/p>\n<p>Pour les tout-petits 2-4 ans accompagn\u00e9s d\u2019un parent, grand-parent, ou autre adulte.<\/p>\n<p>&nbsp;<\/p>\n<hr \/>\n<p>Dieses Kinderprogramm ist auf Franz\u00f6sisch!<\/p>\n","protected":false},"template":"","agenda_categories":[47,46],"class_list":["post-5025","agenda","type-agenda","status-publish","hentry","agenda_categories-animation-de","agenda_categories-workshop"],"banner_event":{"ID":"4574","post_author":"3","post_date":"2024-07-14 16:01:19","post_date_gmt":"2024-07-14 14:01:19","post_content":"des fant\u00f4mes au ch\u00e2teau","post_title":"halloween-970134_1280","post_excerpt":"des fant\u00f4mes au ch\u00e2teau","post_status":"inherit","comment_status":"closed","ping_status":"closed","post_password":"","post_name":"halloween-970134_1280-2","to_ping":"","pinged":"","post_modified":"2026-07-14 10:48:22","post_modified_gmt":"2026-07-14 08:48:22","post_content_filtered":"","post_parent":"4572","guid":"https:\/\/chateau-de-valangin.ch\/NEWSITE\/wp-content\/uploads\/2024\/07\/halloween-970134_1280.jpg","menu_order":"0","post_type":"attachment","post_mime_type":"image\/jpeg","comment_count":"0","translation_id":"1441","element_type":"post_attachment","element_id":"4574","trid":"4036","language_code":"de","source_language_code":"fr","id":"3","code":"de","english_name":"German","major":"1","active":"1","default_locale":"de_DE","tag":"de-de","encode_url":"0","country":null,"pod_item_id":"4574"},"date_debut_event":"2026-10-30","date_fin_event":"2026-10-30","horaire_debut_event":"10:00","horaire_fin_event":"11:00","prix_adulte_event":"","prix_enfant_event":"","prix_famille_event":"","details_event":"1 adulte et 1 enfant 8.- + 2.-enfant suppl\u00e9mentaire","inscription_event":"Inscription obligatoire","informations_event":"Pour les tout-petits 2-4 ans","visuel_events":false,"complement":"","_links":{"self":[{"href":"https:\/\/chateau-de-valangin.ch\/de\/wp-json\/wp\/v2\/agenda\/5025","targetHints":{"allow":["GET"]}}],"collection":[{"href":"https:\/\/chateau-de-valangin.ch\/de\/wp-json\/wp\/v2\/agenda"}],"about":[{"href":"https:\/\/chateau-de-valangin.ch\/de\/wp-json\/wp\/v2\/types\/agenda"}],"wp:attachment":[{"href":"https:\/\/chateau-de-valangin.ch\/de\/wp-json\/wp\/v2\/media?parent=5025"}],"wp:term":[{"taxonomy":"agenda_categories","embeddable":true,"href":"https:\/\/chateau-de-valangin.ch\/de\/wp-json\/wp\/v2\/agenda_categories?post=5025"}],"curies":[{"name":"wp","href":"https:\/\/api.w.org\/{rel}","templated":true}]}}

Il y a des fantômes au château (2-4 ans)

<p>Des histoires et des draps pour jouer à cache-cache&#8230; et faire peuuuuuur aux grands!</p>
<p>Pour les tout-petits 2-4 ans accompagnés d’un parent, grand-parent, ou autre adulte.</p>
<p>&nbsp;</p>
<hr />
<p>Dieses Kinderprogramm ist auf Französisch!</p>

des fantômes au château

1 adulte et 1 enfant 8.- + 2.-enfant supplémentaire
