{"id":5012,"date":"2026-07-20T08:39:21","date_gmt":"2026-07-20T06:39:21","guid":{"rendered":"https:\/\/chateau-de-valangin.ch\/?post_type=agenda&#038;p=5012"},"modified":"2026-07-20T08:39:21","modified_gmt":"2026-07-20T06:39:21","slug":"fete-de-la-courge-2026","status":"publish","type":"agenda","link":"https:\/\/chateau-de-valangin.ch\/de\/kalender\/fete-de-la-courge-2026\/","title":{"rendered":"F\u00eate de la Courge 2026"},"content":{"rendered":"<p class=\"PDq2pG_selectionAnchorContainer\" data-section-id=\"1wjkklk\" data-start=\"111\" data-end=\"164\"><span style=\"font-size: 14pt;\" role=\"text\"><strong><em data-start=\"114\" data-end=\"136\">La F\u00eate de la Courge<\/em><\/strong> kehrt nach Valangin zur\u00fcck!<\/span><\/p>\n<p data-start=\"166\" data-end=\"557\">F\u00fcr einen Tag stehen das Schloss, sein Park und der Bourg ganz im Zeichen des Herbstes. K\u00fcrbisdekorationen, Animationen, der Gruselparcours, das geheimnisvoll dekorierte Schloss, kost\u00fcmierte Figuren, Verpflegungsm\u00f6glichkeiten sowie Aktivit\u00e4ten f\u00fcr Gross und Klein machen <em data-start=\"438\" data-end=\"460\">La F\u00eate de la Courge<\/em> zu einem Fest, an dem Kulturerbe, Herbsttraditionen und ein Hauch von Grusel aufeinandertreffen.<\/p>\n<p data-start=\"559\" data-end=\"614\">Das detaillierte Programm wird in K\u00fcrze ver\u00f6ffentlicht.<\/p>\n<p data-start=\"616\" data-end=\"861\">F\u00fcr die Durchf\u00fchrung des Festes suchen wir zudem freiwillige Helferinnen und Helfer. Ob f\u00fcr einige Stunden oder den ganzen Tag: jede Unterst\u00fctzung ist willkommen. Wenn Sie Teil des Teams werden m\u00f6chten, freuen wir uns \u00fcber Ihre Kontaktaufnahme.<\/p>\n<p data-start=\"863\" data-end=\"948\" data-is-last-node=\"\" data-is-only-node=\"\">Wir freuen uns darauf, Sie am <strong data-start=\"893\" data-end=\"913\">25. Oktober 2026<\/strong> in Valangin willkommen zu heissen.<\/p>\n","protected":false},"template":"","agenda_categories":[42],"class_list":["post-5012","agenda","type-agenda","status-publish","hentry","agenda_categories-veranstaltung"],"banner_event":{"ID":"5014","post_author":"3","post_date":"2026-07-13 23:16:29","post_date_gmt":"2026-07-13 21:16:29","post_content":"","post_title":"_A_Merry_Halloween.__with_three_Jack-o-Lanterns_(cropped)","post_excerpt":"","post_status":"inherit","comment_status":"closed","ping_status":"closed","post_password":"","post_name":"_a_merry_halloween-__with_three_jack-o-lanterns_cropped-2","to_ping":"","pinged":"","post_modified":"2026-07-20 08:35:49","post_modified_gmt":"2026-07-20 06:35:49","post_content_filtered":"","post_parent":"5012","guid":"https:\/\/chateau-de-valangin.ch\/NEWSITE\/wp-content\/uploads\/2026\/07\/a_merry_halloween.__with_three_jack-o-lanterns_cropped.jpg","menu_order":"0","post_type":"attachment","post_mime_type":"image\/jpeg","comment_count":"0","translation_id":"1791","element_type":"post_attachment","element_id":"5014","trid":"4204","language_code":"de","source_language_code":"fr","id":"3","code":"de","english_name":"German","major":"1","active":"1","default_locale":"de_DE","tag":"de-de","encode_url":"0","country":null,"pod_item_id":"5014"},"date_debut_event":"2026-10-25","date_fin_event":"2026-10-25","horaire_debut_event":"11:00 Uhr","horaire_fin_event":"17:00 Uhr","prix_adulte_event":"","prix_enfant_event":"","prix_famille_event":"","details_event":"--","inscription_event":"","informations_event":"","visuel_events":false,"complement":"","_links":{"self":[{"href":"https:\/\/chateau-de-valangin.ch\/de\/wp-json\/wp\/v2\/agenda\/5012","targetHints":{"allow":["GET"]}}],"collection":[{"href":"https:\/\/chateau-de-valangin.ch\/de\/wp-json\/wp\/v2\/agenda"}],"about":[{"href":"https:\/\/chateau-de-valangin.ch\/de\/wp-json\/wp\/v2\/types\/agenda"}],"wp:attachment":[{"href":"https:\/\/chateau-de-valangin.ch\/de\/wp-json\/wp\/v2\/media?parent=5012"}],"wp:term":[{"taxonomy":"agenda_categories","embeddable":true,"href":"https:\/\/chateau-de-valangin.ch\/de\/wp-json\/wp\/v2\/agenda_categories?post=5012"}],"curies":[{"name":"wp","href":"https:\/\/api.w.org\/{rel}","templated":true}]}}

Fête de la Courge 2026

<p class="PDq2pG_selectionAnchorContainer" data-section-id="1wjkklk" data-start="111" data-end="164"><span style="font-size: 14pt;" role="text"><strong><em data-start="114" data-end="136">La Fête de la Courge</em></strong> kehrt nach Valangin zurück!</span></p>
<p data-start="166" data-end="557">Für einen Tag stehen das Schloss, sein Park und der Bourg ganz im Zeichen des Herbstes. Kürbisdekorationen, Animationen, der Gruselparcours, das geheimnisvoll dekorierte Schloss, kostümierte Figuren, Verpflegungsmöglichkeiten sowie Aktivitäten für Gross und Klein machen <em data-start="438" data-end="460">La Fête de la Courge</em> zu einem Fest, an dem Kulturerbe, Herbsttraditionen und ein Hauch von Grusel aufeinandertreffen.</p>
<p data-start="559" data-end="614">Das detaillierte Programm wird in Kürze veröffentlicht.</p>
<p data-start="616" data-end="861">Für die Durchführung des Festes suchen wir zudem freiwillige Helferinnen und Helfer. Ob für einige Stunden oder den ganzen Tag: jede Unterstützung ist willkommen. Wenn Sie Teil des Teams werden möchten, freuen wir uns über Ihre Kontaktaufnahme.</p>
<p data-start="863" data-end="948" data-is-last-node="" data-is-only-node="">Wir freuen uns darauf, Sie am <strong data-start="893" data-end="913">25. Oktober 2026</strong> in Valangin willkommen zu heissen.</p>
