{"id":4956,"date":"2026-06-30T20:38:40","date_gmt":"2026-06-30T18:38:40","guid":{"rendered":"https:\/\/chateau-de-valangin.ch\/?post_type=agenda&#038;p=4956"},"modified":"2026-07-19T12:03:01","modified_gmt":"2026-07-19T10:03:01","slug":"basse-culture-2026","status":"publish","type":"agenda","link":"https:\/\/chateau-de-valangin.ch\/de\/kalender\/basse-culture-2026\/","title":{"rendered":"Basse Culture 2026 (Musikfestival)"},"content":{"rendered":"<p><img loading=\"lazy\" decoding=\"async\" class=\"size-medium wp-image-5001 alignleft\" src=\"https:\/\/chateau-de-valangin.ch\/NEWSITE\/wp-content\/uploads\/2026\/07\/20250830_basseculture_hzjm_70-300x200.png\" alt=\"\" width=\"300\" height=\"200\" srcset=\"https:\/\/chateau-de-valangin.ch\/NEWSITE\/wp-content\/uploads\/2026\/07\/20250830_basseculture_hzjm_70-300x200.png 300w, https:\/\/chateau-de-valangin.ch\/NEWSITE\/wp-content\/uploads\/2026\/07\/20250830_basseculture_hzjm_70-1024x683.png 1024w, https:\/\/chateau-de-valangin.ch\/NEWSITE\/wp-content\/uploads\/2026\/07\/20250830_basseculture_hzjm_70-768x512.png 768w, https:\/\/chateau-de-valangin.ch\/NEWSITE\/wp-content\/uploads\/2026\/07\/20250830_basseculture_hzjm_70-1536x1024.png 1536w, https:\/\/chateau-de-valangin.ch\/NEWSITE\/wp-content\/uploads\/2026\/07\/20250830_basseculture_hzjm_70-2048x1365.png 2048w, https:\/\/chateau-de-valangin.ch\/NEWSITE\/wp-content\/uploads\/2026\/07\/20250830_basseculture_hzjm_70-113x75.png 113w, https:\/\/chateau-de-valangin.ch\/NEWSITE\/wp-content\/uploads\/2026\/07\/20250830_basseculture_hzjm_70-480x320.png 480w, https:\/\/chateau-de-valangin.ch\/NEWSITE\/wp-content\/uploads\/2026\/07\/20250830_basseculture_hzjm_70-1320x880.png 1320w\" sizes=\"auto, (max-width:767px) 300px, 300px\" \/><\/p>\n<p class=\"PDq2pG_selectionAnchorContainer\" data-start=\"101\" data-end=\"256\">Am <strong>28. und 29. August 2026<\/strong> findet im Ch\u00e2teau et Mus\u00e9e de Valangin die f\u00fcnfte Ausgabe von <strong>BASSE CULTURE<\/strong> statt, einem Festival f\u00fcr elektronische Musik.<\/p>\n<p data-start=\"261\" data-end=\"639\">W\u00e4hrend zweier Tage werden das Schloss und sein Park zur B\u00fchne f\u00fcr Konzerte, Performances und Begegnungen in einem einzigartigen historischen Rahmen. Das Festival vereint internationale K\u00fcnstlerinnen und K\u00fcnstler, aufstrebende Talente sowie Vertreterinnen und Vertreter der regionalen Szene und schafft einen spannenden Dialog zwischen Kulturerbe und zeitgen\u00f6ssischer Musik.<\/p>\n<h3>Programmierung<\/h3>\n<p>Mac Declos \u00b7 JKS \u00b7 Baka G \u00b7 Fenim0re \u00b7 Loulou Ferrari \u00b7 Butschi \u00b7 Baz \u00b7 Chinau \u00b7 DJ Sun \u00b7 Nahomi \u00b7 Firefly \u00b7 Mar\/ne \u00b7 VKTL \u00b7 Galopp \u00b7 Tist \u00b7 GFX<\/p>\n<p>Organisation: Grand Tourisme<\/p>\n<h3>Zeiten<img loading=\"lazy\" decoding=\"async\" class=\"size-medium wp-image-4977 alignright\" src=\"https:\/\/chateau-de-valangin.ch\/NEWSITE\/wp-content\/uploads\/2026\/07\/300825_bc_ambiance__loveliebmann_@evolbeil_50-300x200.jpeg\" alt=\"\" width=\"300\" height=\"200\" srcset=\"https:\/\/chateau-de-valangin.ch\/NEWSITE\/wp-content\/uploads\/2026\/07\/300825_bc_ambiance__loveliebmann_@evolbeil_50-300x200.jpeg 300w, https:\/\/chateau-de-valangin.ch\/NEWSITE\/wp-content\/uploads\/2026\/07\/300825_bc_ambiance__loveliebmann_@evolbeil_50-1024x681.jpeg 1024w, https:\/\/chateau-de-valangin.ch\/NEWSITE\/wp-content\/uploads\/2026\/07\/300825_bc_ambiance__loveliebmann_@evolbeil_50-768x511.jpeg 768w, https:\/\/chateau-de-valangin.ch\/NEWSITE\/wp-content\/uploads\/2026\/07\/300825_bc_ambiance__loveliebmann_@evolbeil_50-1536x1022.jpeg 1536w, https:\/\/chateau-de-valangin.ch\/NEWSITE\/wp-content\/uploads\/2026\/07\/300825_bc_ambiance__loveliebmann_@evolbeil_50-2048x1363.jpeg 2048w, https:\/\/chateau-de-valangin.ch\/NEWSITE\/wp-content\/uploads\/2026\/07\/300825_bc_ambiance__loveliebmann_@evolbeil_50-113x75.jpeg 113w, https:\/\/chateau-de-valangin.ch\/NEWSITE\/wp-content\/uploads\/2026\/07\/300825_bc_ambiance__loveliebmann_@evolbeil_50-480x319.jpeg 480w, https:\/\/chateau-de-valangin.ch\/NEWSITE\/wp-content\/uploads\/2026\/07\/300825_bc_ambiance__loveliebmann_@evolbeil_50-1320x878.jpeg 1320w\" sizes=\"auto, (max-width:767px) 300px, 300px\" \/><\/h3>\n<p>Freitag, 28. August 2026: 16:00 &#8211; 22:00 Uhr<br \/>\nSamstag, 29. August 2026: 14:00 &#8211; 22:00 Uhr<\/p>\n<h3>Billets et informations<\/h3>\n<p>Weitere Informationen und Tickets erhalten Sie <a title=\"informations pratiques et billets\" href=\"https:\/\/my.weezevent.com\/basse-culture-2026\" target=\"_blank\" rel=\"noopener\">auf der Website von Grand Tourisme<\/a>.<\/p>\n<h3>P.S.<\/h3>\n<p><strong>Folgen Sie uns Instagram, um nichts zu verpassen:\u00a0<\/strong><\/p>\n<ul>\n<li><a href=\"https:\/\/www.instagram.com\/legrandtourisme\/\" target=\"_blank\" rel=\"noopener\">@legrandtourisme<\/a><\/li>\n<li><a href=\"https:\/\/www.instagram.com\/chateau_valangin\/\" target=\"_blank\" rel=\"noopener\">@chateau_valangin<\/a><\/li>\n<\/ul>\n","protected":false},"template":"","agenda_categories":[42],"class_list":["post-4956","agenda","type-agenda","status-publish","hentry","agenda_categories-veranstaltung"],"banner_event":{"ID":"4972","post_author":"3","post_date":"2026-07-13 14:37:55","post_date_gmt":"2026-07-13 12:37:55","post_content":"Basse Culture Festival 2026 au ch\u00e2teau de Valangin","post_title":"en tete web et reseaux","post_excerpt":"Basse Culture Festival 2026 au ch\u00e2teau de Valangin","post_status":"inherit","comment_status":"closed","ping_status":"closed","post_password":"","post_name":"en-tete-web-et-reseaux-2-2","to_ping":"","pinged":"","post_modified":"2026-07-19 11:54:22","post_modified_gmt":"2026-07-19 09:54:22","post_content_filtered":"","post_parent":"4956","guid":"https:\/\/chateau-de-valangin.ch\/NEWSITE\/wp-content\/uploads\/2026\/07\/en-tete-web-et-reseaux-1.jpg","menu_order":"0","post_type":"attachment","post_mime_type":"image\/jpeg","comment_count":"0","translation_id":"1749","element_type":"post_attachment","element_id":"4972","trid":"4184","language_code":"de","source_language_code":"fr","id":"3","code":"de","english_name":"German","major":"1","active":"1","default_locale":"de_DE","tag":"de-de","encode_url":"0","country":null,"pod_item_id":"4972"},"date_debut_event":"2026-08-28","date_fin_event":"2026-08-29","horaire_debut_event":"16:00 Uhr","horaire_fin_event":"22:00 Uhr","prix_adulte_event":"","prix_enfant_event":"","prix_famille_event":"","details_event":"","inscription_event":"","informations_event":"Auf der Seite des Veranstalters","visuel_events":{"ID":"4974","post_author":"3","post_date":"2026-07-13 14:40:58","post_date_gmt":"2026-07-13 12:40:58","post_content":"Affiche du Basse Culture Festival 2026 au ch\u00e2teau de Valangin","post_title":"Affiche_A3","post_excerpt":"Affiche du Basse Culture Festival 2026 au ch\u00e2teau de Valangin","post_status":"inherit","comment_status":"closed","ping_status":"closed","post_password":"","post_name":"affiche_a3-2","to_ping":"","pinged":"","post_modified":"2026-07-19 11:54:22","post_modified_gmt":"2026-07-19 09:54:22","post_content_filtered":"","post_parent":"4956","guid":"https:\/\/chateau-de-valangin.ch\/NEWSITE\/wp-content\/uploads\/2026\/07\/affiche_a3.jpg","menu_order":"0","post_type":"attachment","post_mime_type":"image\/jpeg","comment_count":"0","translation_id":"1751","element_type":"post_attachment","element_id":"4974","trid":"4185","language_code":"de","source_language_code":"fr","id":"3","code":"de","english_name":"German","major":"1","active":"1","default_locale":"de_DE","tag":"de-de","encode_url":"0","country":null,"pod_item_id":"4974"},"complement":"<a title=\"informations pratiques et billets\" href=\"https:\/\/my.weezevent.com\/basse-culture-2026\" target=\"_blank\" rel=\"noopener\">Website von Grand Tourisme<\/a>","_links":{"self":[{"href":"https:\/\/chateau-de-valangin.ch\/de\/wp-json\/wp\/v2\/agenda\/4956","targetHints":{"allow":["GET"]}}],"collection":[{"href":"https:\/\/chateau-de-valangin.ch\/de\/wp-json\/wp\/v2\/agenda"}],"about":[{"href":"https:\/\/chateau-de-valangin.ch\/de\/wp-json\/wp\/v2\/types\/agenda"}],"wp:attachment":[{"href":"https:\/\/chateau-de-valangin.ch\/de\/wp-json\/wp\/v2\/media?parent=4956"}],"wp:term":[{"taxonomy":"agenda_categories","embeddable":true,"href":"https:\/\/chateau-de-valangin.ch\/de\/wp-json\/wp\/v2\/agenda_categories?post=4956"}],"curies":[{"name":"wp","href":"https:\/\/api.w.org\/{rel}","templated":true}]}}

<p><img loading="lazy" decoding="async" class="size-medium wp-image-5001 alignleft" src="https://chateau-de-valangin.ch/NEWSITE/wp-content/uploads/2026/07/20250830_basseculture_hzjm_70-300x200.png" alt="" width="300" height="200" srcset="https://chateau-de-valangin.ch/NEWSITE/wp-content/uploads/2026/07/20250830_basseculture_hzjm_70-300x200.png 300w, https://chateau-de-valangin.ch/NEWSITE/wp-content/uploads/2026/07/20250830_basseculture_hzjm_70-1024x683.png 1024w, https://chateau-de-valangin.ch/NEWSITE/wp-content/uploads/2026/07/20250830_basseculture_hzjm_70-768x512.png 768w, https://chateau-de-valangin.ch/NEWSITE/wp-content/uploads/2026/07/20250830_basseculture_hzjm_70-1536x1024.png 1536w, https://chateau-de-valangin.ch/NEWSITE/wp-content/uploads/2026/07/20250830_basseculture_hzjm_70-2048x1365.png 2048w, https://chateau-de-valangin.ch/NEWSITE/wp-content/uploads/2026/07/20250830_basseculture_hzjm_70-113x75.png 113w, https://chateau-de-valangin.ch/NEWSITE/wp-content/uploads/2026/07/20250830_basseculture_hzjm_70-480x320.png 480w, https://chateau-de-valangin.ch/NEWSITE/wp-content/uploads/2026/07/20250830_basseculture_hzjm_70-1320x880.png 1320w" sizes="auto, (max-width:767px) 300px, 300px" /></p>
<p class="PDq2pG_selectionAnchorContainer" data-start="101" data-end="256">Am <strong>28. und 29. August 2026</strong> findet im Château et Musée de Valangin die fünfte Ausgabe von <strong>BASSE CULTURE</strong> statt, einem Festival für elektronische Musik.</p>
<p data-start="261" data-end="639">Während zweier Tage werden das Schloss und sein Park zur Bühne für Konzerte, Performances und Begegnungen in einem einzigartigen historischen Rahmen. Das Festival vereint internationale Künstlerinnen und Künstler, aufstrebende Talente sowie Vertreterinnen und Vertreter der regionalen Szene und schafft einen spannenden Dialog zwischen Kulturerbe und zeitgenössischer Musik.</p>
<h3>Programmierung</h3>
<p>Mac Declos · JKS · Baka G · Fenim0re · Loulou Ferrari · Butschi · Baz · Chinau · DJ Sun · Nahomi · Firefly · Mar/ne · VKTL · Galopp · Tist · GFX</p>
<p>Organisation: Grand Tourisme</p>
<h3>Zeiten<img loading="lazy" decoding="async" class="size-medium wp-image-4977 alignright" src="https://chateau-de-valangin.ch/NEWSITE/wp-content/uploads/2026/07/300825_bc_ambiance__loveliebmann_@evolbeil_50-300x200.jpeg" alt="" width="300" height="200" srcset="https://chateau-de-valangin.ch/NEWSITE/wp-content/uploads/2026/07/300825_bc_ambiance__loveliebmann_@evolbeil_50-300x200.jpeg 300w, https://chateau-de-valangin.ch/NEWSITE/wp-content/uploads/2026/07/300825_bc_ambiance__loveliebmann_@evolbeil_50-1024x681.jpeg 1024w, https://chateau-de-valangin.ch/NEWSITE/wp-content/uploads/2026/07/300825_bc_ambiance__loveliebmann_@evolbeil_50-768x511.jpeg 768w, https://chateau-de-valangin.ch/NEWSITE/wp-content/uploads/2026/07/300825_bc_ambiance__loveliebmann_@evolbeil_50-1536x1022.jpeg 1536w, https://chateau-de-valangin.ch/NEWSITE/wp-content/uploads/2026/07/300825_bc_ambiance__loveliebmann_@evolbeil_50-2048x1363.jpeg 2048w, https://chateau-de-valangin.ch/NEWSITE/wp-content/uploads/2026/07/300825_bc_ambiance__loveliebmann_@evolbeil_50-113x75.jpeg 113w, https://chateau-de-valangin.ch/NEWSITE/wp-content/uploads/2026/07/300825_bc_ambiance__loveliebmann_@evolbeil_50-480x319.jpeg 480w, https://chateau-de-valangin.ch/NEWSITE/wp-content/uploads/2026/07/300825_bc_ambiance__loveliebmann_@evolbeil_50-1320x878.jpeg 1320w" sizes="auto, (max-width:767px) 300px, 300px" /></h3>
<p>Freitag, 28. August 2026: 16:00 &#8211; 22:00 Uhr<br />
Samstag, 29. August 2026: 14:00 &#8211; 22:00 Uhr</p>
<h3>Billets et informations</h3>
<p>Weitere Informationen und Tickets erhalten Sie <a title="informations pratiques et billets" href="https://my.weezevent.com/basse-culture-2026" target="_blank" rel="noopener">auf der Website von Grand Tourisme</a>.</p>
<h3>P.S.</h3>
<p><strong>Folgen Sie uns Instagram, um nichts zu verpassen: </strong></p>
<ul>
<li><a href="https://www.instagram.com/legrandtourisme/" target="_blank" rel="noopener">@legrandtourisme</a></li>
<li><a href="https://www.instagram.com/chateau_valangin/" target="_blank" rel="noopener">@chateau_valangin</a></li>
</ul>

Basse Culture Festival 2026 au château de Valangin

Affiche du Basse Culture Festival 2026 au château de Valangin
