{"id":4884,"date":"2026-06-30T21:31:21","date_gmt":"2026-06-30T19:31:21","guid":{"rendered":"https:\/\/chateau-de-valangin.ch\/?post_type=agenda&#038;p=4884"},"modified":"2026-06-30T21:31:21","modified_gmt":"2026-06-30T19:31:21","slug":"kloeppeln-20261025","status":"publish","type":"agenda","link":"https:\/\/chateau-de-valangin.ch\/de\/kalender\/kloeppeln-20261025\/","title":{"rendered":"Kl\u00f6pplerinnen zeigen ihre Kunst"},"content":{"rendered":"<p>Das Schloss und Museum von Valangin bietet regelm\u00e4ssig Vorf\u00fchrungen in der Spitzenkl\u00f6ppelein an. Diese Zusammenarbeit mit dem Verein der Dentelli\u00e8res du Pays de Neuch\u00e2tel bringt ein mit der regionalen Geschichte verbundenes Handwerk zur Geltung.<\/p>\n<p>Die Kl\u00f6ppelspitzenherstellung, die in der Region bereits im 16. Jahrhundert belegt ist, erlebte im 17. und 18. Jahrhundert einen bedeutenden Aufschwung. Damals stellte sie f\u00fcr viele Familien eine zus\u00e4tzliche Einkommensquelle dar.<\/p>\n<p>Die Vorf\u00fchrungen finden jeweils am letzten Sonntag des Monats statt.<\/p>\n<p>Sie erg\u00e4nzen den Rundgang durch die Sammlungen und bieten einen konkreten Einblick in eine textile Kulturtechnik.<\/p>\n","protected":false},"template":"","agenda_categories":[47],"class_list":["post-4884","agenda","type-agenda","status-publish","hentry","agenda_categories-animation-de"],"banner_event":{"ID":"4663","post_author":"3","post_date":"2025-01-29 14:39:58","post_date_gmt":"2025-01-29 13:39:58","post_content":"d\u00e9monstration de dentelli\u00e8res","post_title":"d\u00e9monstration de dentelli\u00e8res","post_excerpt":"d\u00e9monstration de dentelli\u00e8res","post_status":"inherit","comment_status":"closed","ping_status":"closed","post_password":"","post_name":"20240728_152748-2-2","to_ping":"","pinged":"","post_modified":"2025-01-29 15:29:24","post_modified_gmt":"2025-01-29 14:29:24","post_content_filtered":"","post_parent":"4670","guid":"https:\/\/chateau-de-valangin.ch\/NEWSITE\/wp-content\/uploads\/2025\/01\/20240728_152748-1.jpg","menu_order":"0","post_type":"attachment","post_mime_type":"image\/jpeg","comment_count":"0","translation_id":"1516","element_type":"post_attachment","element_id":"4663","trid":"4073","language_code":"de","source_language_code":"fr","id":"3","code":"de","english_name":"German","major":"1","active":"1","default_locale":"de_DE","tag":"de-de","encode_url":"0","country":null,"pod_item_id":"4663"},"date_debut_event":"2026-10-25","date_fin_event":"2026-10-25","horaire_debut_event":"14 Uhr","horaire_fin_event":"17 Uhr","prix_adulte_event":"","prix_enfant_event":"","prix_famille_event":"","details_event":"Im Eintritt inbegriffen","inscription_event":"","informations_event":"","visuel_events":false,"complement":"","_links":{"self":[{"href":"https:\/\/chateau-de-valangin.ch\/de\/wp-json\/wp\/v2\/agenda\/4884","targetHints":{"allow":["GET"]}}],"collection":[{"href":"https:\/\/chateau-de-valangin.ch\/de\/wp-json\/wp\/v2\/agenda"}],"about":[{"href":"https:\/\/chateau-de-valangin.ch\/de\/wp-json\/wp\/v2\/types\/agenda"}],"wp:attachment":[{"href":"https:\/\/chateau-de-valangin.ch\/de\/wp-json\/wp\/v2\/media?parent=4884"}],"wp:term":[{"taxonomy":"agenda_categories","embeddable":true,"href":"https:\/\/chateau-de-valangin.ch\/de\/wp-json\/wp\/v2\/agenda_categories?post=4884"}],"curies":[{"name":"wp","href":"https:\/\/api.w.org\/{rel}","templated":true}]}}

Klöpplerinnen zeigen ihre Kunst

<p>Das Schloss und Museum von Valangin bietet regelmässig Vorführungen in der Spitzenklöppelein an. Diese Zusammenarbeit mit dem Verein der Dentellières du Pays de Neuchâtel bringt ein mit der regionalen Geschichte verbundenes Handwerk zur Geltung.</p>
<p>Die Klöppelspitzenherstellung, die in der Region bereits im 16. Jahrhundert belegt ist, erlebte im 17. und 18. Jahrhundert einen bedeutenden Aufschwung. Damals stellte sie für viele Familien eine zusätzliche Einkommensquelle dar.</p>
<p>Die Vorführungen finden jeweils am letzten Sonntag des Monats statt.</p>
<p>Sie ergänzen den Rundgang durch die Sammlungen und bieten einen konkreten Einblick in eine textile Kulturtechnik.</p>

démonstration de dentellières
