{"id":4882,"date":"2026-06-30T21:21:01","date_gmt":"2026-06-30T19:21:01","guid":{"rendered":"https:\/\/chateau-de-valangin.ch\/?post_type=agenda&#038;p=4882"},"modified":"2026-06-30T21:24:06","modified_gmt":"2026-06-30T19:24:06","slug":"kloeppeln-20260927","status":"publish","type":"agenda","link":"https:\/\/chateau-de-valangin.ch\/de\/kalender\/kloeppeln-20260927\/","title":{"rendered":"Kl\u00f6pplerinnen zeigen ihre Kunst"},"content":{"rendered":"<div class=\"Content_Events\">Der 2002 gegr\u00fcndete Verein \u00abAssociation des Dentelli\u00e8res du Pays de Neuch\u00e2tel\u00bb m\u00f6chte die Kunst des Kl\u00f6ppelns bewahren und weiterentwickeln.<\/p>\n<p>Kurse, Workshops und Austausch pr\u00e4gen die Aktivit\u00e4ten der Kl\u00f6pplerinnen (und einiger Kl\u00f6ppler) aller Niveaus. Im Mittelpunkt steht dabei die Weitergabe des Handwerks.<\/p><\/div>\n<div class=\"Content_Events\">\nIn Zusammenarbeit mit dem Schloss und Museum von Valangin finden jeden letzten Sonntag im Monat \u00f6ffentliche Vorf\u00fchrungen statt. Kommen Sie vorbei und staunen Sie!<\/div>\n","protected":false},"template":"","agenda_categories":[47],"class_list":["post-4882","agenda","type-agenda","status-publish","hentry","agenda_categories-animation-de"],"banner_event":{"ID":"4653","post_author":"3","post_date":"2025-01-29 14:27:23","post_date_gmt":"2025-01-29 13:27:23","post_content":"d\u00e9monstration de dentelli\u00e8res","post_title":"d\u00e9monstration de dentelli\u00e8res","post_excerpt":"d\u00e9monstration de dentelli\u00e8res","post_status":"inherit","comment_status":"closed","ping_status":"closed","post_password":"","post_name":"20240728_152703-2","to_ping":"","pinged":"","post_modified":"2025-01-29 15:26:02","post_modified_gmt":"2025-01-29 14:26:02","post_content_filtered":"","post_parent":"4666","guid":"https:\/\/chateau-de-valangin.ch\/NEWSITE\/wp-content\/uploads\/2025\/01\/20240728_152703.jpg","menu_order":"0","post_type":"attachment","post_mime_type":"image\/jpeg","comment_count":"0","translation_id":"1506","element_type":"post_attachment","element_id":"4653","trid":"4066","language_code":"de","source_language_code":"fr","id":"3","code":"de","english_name":"German","major":"1","active":"1","default_locale":"de_DE","tag":"de-de","encode_url":"0","country":null,"pod_item_id":"4653"},"date_debut_event":"2026-09-27","date_fin_event":"2026-09-27","horaire_debut_event":"14 Uhr","horaire_fin_event":"17 Uhr","prix_adulte_event":"","prix_enfant_event":"","prix_famille_event":"","details_event":"Im Eintritt inbegriffen","inscription_event":"","informations_event":"","visuel_events":false,"complement":"","_links":{"self":[{"href":"https:\/\/chateau-de-valangin.ch\/de\/wp-json\/wp\/v2\/agenda\/4882","targetHints":{"allow":["GET"]}}],"collection":[{"href":"https:\/\/chateau-de-valangin.ch\/de\/wp-json\/wp\/v2\/agenda"}],"about":[{"href":"https:\/\/chateau-de-valangin.ch\/de\/wp-json\/wp\/v2\/types\/agenda"}],"wp:attachment":[{"href":"https:\/\/chateau-de-valangin.ch\/de\/wp-json\/wp\/v2\/media?parent=4882"}],"wp:term":[{"taxonomy":"agenda_categories","embeddable":true,"href":"https:\/\/chateau-de-valangin.ch\/de\/wp-json\/wp\/v2\/agenda_categories?post=4882"}],"curies":[{"name":"wp","href":"https:\/\/api.w.org\/{rel}","templated":true}]}}

Klöpplerinnen zeigen ihre Kunst

<div class="Content_Events">Der 2002 gegründete Verein «Association des Dentellières du Pays de Neuchâtel» möchte die Kunst des Klöppelns bewahren und weiterentwickeln.</p>
<p>Kurse, Workshops und Austausch prägen die Aktivitäten der Klöpplerinnen (und einiger Klöppler) aller Niveaus. Im Mittelpunkt steht dabei die Weitergabe des Handwerks.</p></div>
<div class="Content_Events">
In Zusammenarbeit mit dem Schloss und Museum von Valangin finden jeden letzten Sonntag im Monat öffentliche Vorführungen statt. Kommen Sie vorbei und staunen Sie!</div>

démonstration de dentellières
