{"id":4880,"date":"2026-06-30T21:19:02","date_gmt":"2026-06-30T19:19:02","guid":{"rendered":"https:\/\/chateau-de-valangin.ch\/?post_type=agenda&#038;p=4880"},"modified":"2026-06-30T21:19:02","modified_gmt":"2026-06-30T19:19:02","slug":"kloeppeln-20260830","status":"publish","type":"agenda","link":"https:\/\/chateau-de-valangin.ch\/de\/kalender\/kloeppeln-20260830\/","title":{"rendered":"Kl\u00f6pplerinnen zeigen ihre Kunst"},"content":{"rendered":"<div class=\"Content_Events\">Die Kl\u00f6ppelspitze entsteht Faden f\u00fcr Faden. Die Kl\u00f6ppel aus Holz sorgen f\u00fcr die richtige Spannung. Mit Stecknadeln wird das Motif auf einem Kissen befestigt. Nach und nach entsteht das Muster.<\/div>\n<div class=\"Content_Events\">\nDie Technik, die im 16. Jahrhundert in die Region eingef\u00fchrt wurde, erlebte nach der Ansiedlung der Hugenotten einen starken Aufschwung.<\/div>\n<div class=\"Content_Events\">\nDer Verein der Dentelli\u00e8res du Pays de Neuch\u00e2tel h\u00e4lt diese Tradition bis heute lebendig.<\/div>\n<div><\/div>\n<div class=\"Content_Events\">Jeden letzten Sonntag im Monat finden im Schloss und Museum von Valangin Vorf\u00fchrungen statt.<\/div>\n<div><\/div>\n<div class=\"Content_Events\">Das Publikum kann die Entstehung eines Musters mitverfolgen und die verschiedenen Arbeitsschritte live beobachten.<\/div>\n","protected":false},"template":"","agenda_categories":[47],"class_list":["post-4880","agenda","type-agenda","status-publish","hentry","agenda_categories-animation-de"],"banner_event":{"ID":"4625","post_author":"3","post_date":"2025-01-27 18:11:07","post_date_gmt":"2025-01-27 17:11:07","post_content":"d\u00e9monstration de dentelles aux fuseaux","post_title":"d\u00e9monstration de dentelles aux fuseaux","post_excerpt":"d\u00e9monstration de dentelles aux fuseaux","post_status":"inherit","comment_status":"closed","ping_status":"closed","post_password":"","post_name":"20240728_152602-2","to_ping":"","pinged":"","post_modified":"2025-01-27 18:29:16","post_modified_gmt":"2025-01-27 17:29:16","post_content_filtered":"","post_parent":"4623","guid":"https:\/\/chateau-de-valangin.ch\/NEWSITE\/wp-content\/uploads\/2025\/01\/20240728_152602.jpg","menu_order":"0","post_type":"attachment","post_mime_type":"image\/jpeg","comment_count":"0","translation_id":"1482","element_type":"post_attachment","element_id":"4625","trid":"4055","language_code":"de","source_language_code":"fr","id":"3","code":"de","english_name":"German","major":"1","active":"1","default_locale":"de_DE","tag":"de-de","encode_url":"0","country":null,"pod_item_id":"4625"},"date_debut_event":"2026-08-30","date_fin_event":"2026-08-30","horaire_debut_event":"14 Uhr","horaire_fin_event":"17 Uhr","prix_adulte_event":"","prix_enfant_event":"","prix_famille_event":"","details_event":"Im Eintritt inbegriffen","inscription_event":"","informations_event":"","visuel_events":false,"complement":"","_links":{"self":[{"href":"https:\/\/chateau-de-valangin.ch\/de\/wp-json\/wp\/v2\/agenda\/4880","targetHints":{"allow":["GET"]}}],"collection":[{"href":"https:\/\/chateau-de-valangin.ch\/de\/wp-json\/wp\/v2\/agenda"}],"about":[{"href":"https:\/\/chateau-de-valangin.ch\/de\/wp-json\/wp\/v2\/types\/agenda"}],"wp:attachment":[{"href":"https:\/\/chateau-de-valangin.ch\/de\/wp-json\/wp\/v2\/media?parent=4880"}],"wp:term":[{"taxonomy":"agenda_categories","embeddable":true,"href":"https:\/\/chateau-de-valangin.ch\/de\/wp-json\/wp\/v2\/agenda_categories?post=4880"}],"curies":[{"name":"wp","href":"https:\/\/api.w.org\/{rel}","templated":true}]}}

Klöpplerinnen zeigen ihre Kunst

<div class="Content_Events">Die Klöppelspitze entsteht Faden für Faden. Die Klöppel aus Holz sorgen für die richtige Spannung. Mit Stecknadeln wird das Motif auf einem Kissen befestigt. Nach und nach entsteht das Muster.</div>
<div class="Content_Events">
Die Technik, die im 16. Jahrhundert in die Region eingeführt wurde, erlebte nach der Ansiedlung der Hugenotten einen starken Aufschwung.</div>
<div class="Content_Events">
Der Verein der Dentellières du Pays de Neuchâtel hält diese Tradition bis heute lebendig.</div>
<div></div>
<div class="Content_Events">Jeden letzten Sonntag im Monat finden im Schloss und Museum von Valangin Vorführungen statt.</div>
<div></div>
<div class="Content_Events">Das Publikum kann die Entstehung eines Musters mitverfolgen und die verschiedenen Arbeitsschritte live beobachten.</div>

démonstration de dentelles aux fuseaux
