{"id":4878,"date":"2026-06-30T21:12:32","date_gmt":"2026-06-30T19:12:32","guid":{"rendered":"https:\/\/chateau-de-valangin.ch\/?post_type=agenda&#038;p=4878"},"modified":"2026-06-30T21:12:32","modified_gmt":"2026-06-30T19:12:32","slug":"kloepplerinnen-20260726","status":"publish","type":"agenda","link":"https:\/\/chateau-de-valangin.ch\/de\/kalender\/kloepplerinnen-20260726\/","title":{"rendered":"Kl\u00f6pplerinnen zeigen ihre Kunst"},"content":{"rendered":"<div class=\"Content_Events\">Im 17. Jahrhundert wurde die Spitze zu einem sozialen Statussymbol. Kragen, Manschetten und Kopfbedeckungen zeugten von Stand und Wohlstand. Prachtgesetze versuchten bisweilen, deren Verwendung einzuschr\u00e4nken.<\/div>\n<div><\/div>\n<div class=\"Content_Events\">Die lokal hergestellte Neuenburger Spitze wurde in grossem Umfang exportiert. Sie trug zur regionalen Wirtschaft bei und war gleichzeitig Teil europ\u00e4ischer Netzwerke.<\/div>\n<div><\/div>\n<div class=\"Content_Events\">Heute ist Spitze kein Privileg mehr. Sie bleibt jedoch ein anspruchsvolles Handwerk.<\/div>\n<div><\/div>\n<div class=\"Content_Events\">Im Schloss und Museum von Valangin finden jeden letzten Sonntag im Monat Vorf\u00fchrungen statt. Eine M\u00f6glichkeit, Geschichte durch praktische Erfahrung zu erleben.<\/div>\n","protected":false},"template":"","agenda_categories":[47],"class_list":["post-4878","agenda","type-agenda","status-publish","hentry","agenda_categories-animation-de"],"banner_event":{"ID":"3683","post_author":"4","post_date":"2021-08-18 16:18:32","post_date_gmt":"2021-08-18 16:18:32","post_content":"dentelles historiques du ch\u00e2teau et mus\u00e9e de valangin","post_title":"dentelles historiques du ch\u00e2teau et mus\u00e9e de valangin","post_excerpt":"dentelles historiques du ch\u00e2teau et mus\u00e9e de valangin","post_status":"inherit","comment_status":"closed","ping_status":"closed","post_password":"","post_name":"img_9199-2","to_ping":"","pinged":"","post_modified":"2025-01-29 15:27:45","post_modified_gmt":"2025-01-29 14:27:45","post_content_filtered":"","post_parent":"4265","guid":"https:\/\/chateau-de-valangin.ch\/NEWSITE\/wp-content\/uploads\/2021\/08\/img_9199.jpg","menu_order":"0","post_type":"attachment","post_mime_type":"image\/jpeg","comment_count":"0","translation_id":"874","element_type":"post_attachment","element_id":"3683","trid":"3696","language_code":"de","source_language_code":"fr","id":"3","code":"de","english_name":"German","major":"1","active":"1","default_locale":"de_DE","tag":"de-de","encode_url":"0","country":null,"pod_item_id":"3683"},"date_debut_event":"2026-07-26","date_fin_event":"2026-07-26","horaire_debut_event":"14 Uhr","horaire_fin_event":"17 Uhr","prix_adulte_event":"","prix_enfant_event":"","prix_famille_event":"","details_event":"Im Eintritt inbegriffen","inscription_event":"","informations_event":"","visuel_events":false,"complement":"","_links":{"self":[{"href":"https:\/\/chateau-de-valangin.ch\/de\/wp-json\/wp\/v2\/agenda\/4878","targetHints":{"allow":["GET"]}}],"collection":[{"href":"https:\/\/chateau-de-valangin.ch\/de\/wp-json\/wp\/v2\/agenda"}],"about":[{"href":"https:\/\/chateau-de-valangin.ch\/de\/wp-json\/wp\/v2\/types\/agenda"}],"wp:attachment":[{"href":"https:\/\/chateau-de-valangin.ch\/de\/wp-json\/wp\/v2\/media?parent=4878"}],"wp:term":[{"taxonomy":"agenda_categories","embeddable":true,"href":"https:\/\/chateau-de-valangin.ch\/de\/wp-json\/wp\/v2\/agenda_categories?post=4878"}],"curies":[{"name":"wp","href":"https:\/\/api.w.org\/{rel}","templated":true}]}}

Klöpplerinnen zeigen ihre Kunst

<div class="Content_Events">Im 17. Jahrhundert wurde die Spitze zu einem sozialen Statussymbol. Kragen, Manschetten und Kopfbedeckungen zeugten von Stand und Wohlstand. Prachtgesetze versuchten bisweilen, deren Verwendung einzuschränken.</div>
<div></div>
<div class="Content_Events">Die lokal hergestellte Neuenburger Spitze wurde in grossem Umfang exportiert. Sie trug zur regionalen Wirtschaft bei und war gleichzeitig Teil europäischer Netzwerke.</div>
<div></div>
<div class="Content_Events">Heute ist Spitze kein Privileg mehr. Sie bleibt jedoch ein anspruchsvolles Handwerk.</div>
<div></div>
<div class="Content_Events">Im Schloss und Museum von Valangin finden jeden letzten Sonntag im Monat Vorführungen statt. Eine Möglichkeit, Geschichte durch praktische Erfahrung zu erleben.</div>

dentelles historiques du château et musée de valangin
