{"id":4874,"date":"2026-05-15T12:31:50","date_gmt":"2026-05-15T10:31:50","guid":{"rendered":"https:\/\/chateau-de-valangin.ch\/?post_type=agenda&#038;p=4874"},"modified":"2026-05-15T12:33:23","modified_gmt":"2026-05-15T10:33:23","slug":"dentellieres-mai-2026","status":"publish","type":"agenda","link":"https:\/\/chateau-de-valangin.ch\/de\/kalender\/dentellieres-mai-2026\/","title":{"rendered":"Kl\u00f6pplerinnen zeigen ihre Kunst (Mai 2026)"},"content":{"rendered":"<h3><strong>Das textile Kulturgut des Kanton Neuenburg<\/strong><\/h3>\n<p><span style=\"font-size: 14px;\">Die Herstellung von Kl\u00f6ppelspitzen ist fest in der Wirtschafts- und Sozialgeschichte des Kantons verankert. Nach 1685 beg\u00fcnstigte die Ankunft hugenottischer Fl\u00fcchtlinge den Aufschwung einer dynamischen lokalen Produktion. Spitzen aus Neuenburg fanden weite Verbreitung und trugen zum Ruf der Region bei.<\/span><\/p>\n<p>Die Mode wandelte sich, aber das Kunsthandwerk bleibt!<\/p>\n<p>Seit 2002 setzt sich der Verein der Kl\u00f6pplerinnen des Pays de Neuch\u00e2tel f\u00fcr die Erhaltung dieses Kulturerbes ein. Er z\u00e4hlt heute fast 80 Mitglieder.<\/p>\n<p>Die monatlichen Vorf\u00fchrungen im Schloss Valangin erm\u00f6glichen dem interessierten Publikum, diese\u00a0 alte Handwerkstradition in ihrem historischen Kontext kennenzulernen.<\/p>\n<p>Besucherinnen und Besucher k\u00f6nnen live beobachten, wie die filigranen Kunstwerke entstehen und den Kl\u00f6pplerinnen ihre Fragen stellen.<\/p>\n","protected":false},"template":"","agenda_categories":[47],"class_list":["post-4874","agenda","type-agenda","status-publish","hentry","agenda_categories-animation-de"],"banner_event":{"ID":"4625","post_author":"3","post_date":"2025-01-27 18:11:07","post_date_gmt":"2025-01-27 17:11:07","post_content":"d\u00e9monstration de dentelles aux fuseaux","post_title":"d\u00e9monstration de dentelles aux fuseaux","post_excerpt":"d\u00e9monstration de dentelles aux fuseaux","post_status":"inherit","comment_status":"closed","ping_status":"closed","post_password":"","post_name":"20240728_152602-2","to_ping":"","pinged":"","post_modified":"2025-01-27 18:29:16","post_modified_gmt":"2025-01-27 17:29:16","post_content_filtered":"","post_parent":"4623","guid":"https:\/\/chateau-de-valangin.ch\/NEWSITE\/wp-content\/uploads\/2025\/01\/20240728_152602.jpg","menu_order":"0","post_type":"attachment","post_mime_type":"image\/jpeg","comment_count":"0","translation_id":"1482","element_type":"post_attachment","element_id":"4625","trid":"4055","language_code":"de","source_language_code":"fr","id":"3","code":"de","english_name":"German","major":"1","active":"1","default_locale":"de_DE","tag":"de-de","encode_url":"0","country":null,"pod_item_id":"4625"},"date_debut_event":"2026-05-24","date_fin_event":"2026-05-24","horaire_debut_event":"14h","horaire_fin_event":"17h","prix_adulte_event":"","prix_enfant_event":"","prix_famille_event":"","details_event":"Im Eintritt inbegriffen","inscription_event":"","informations_event":"","visuel_events":false,"complement":"<a href=\"https:\/\/www.dentelleneuch.ch\/\" target=\"_blank\" rel=\"noopener\">https:\/\/www.dentelleneuch.ch\/<\/a>","_links":{"self":[{"href":"https:\/\/chateau-de-valangin.ch\/de\/wp-json\/wp\/v2\/agenda\/4874","targetHints":{"allow":["GET"]}}],"collection":[{"href":"https:\/\/chateau-de-valangin.ch\/de\/wp-json\/wp\/v2\/agenda"}],"about":[{"href":"https:\/\/chateau-de-valangin.ch\/de\/wp-json\/wp\/v2\/types\/agenda"}],"wp:attachment":[{"href":"https:\/\/chateau-de-valangin.ch\/de\/wp-json\/wp\/v2\/media?parent=4874"}],"wp:term":[{"taxonomy":"agenda_categories","embeddable":true,"href":"https:\/\/chateau-de-valangin.ch\/de\/wp-json\/wp\/v2\/agenda_categories?post=4874"}],"curies":[{"name":"wp","href":"https:\/\/api.w.org\/{rel}","templated":true}]}}

Klöpplerinnen zeigen ihre Kunst (Mai 2026)

<h3><strong>Das textile Kulturgut des Kanton Neuenburg</strong></h3>
<p><span style="font-size: 14px;">Die Herstellung von Klöppelspitzen ist fest in der Wirtschafts- und Sozialgeschichte des Kantons verankert. Nach 1685 begünstigte die Ankunft hugenottischer Flüchtlinge den Aufschwung einer dynamischen lokalen Produktion. Spitzen aus Neuenburg fanden weite Verbreitung und trugen zum Ruf der Region bei.</span></p>
<p>Die Mode wandelte sich, aber das Kunsthandwerk bleibt!</p>
<p>Seit 2002 setzt sich der Verein der Klöpplerinnen des Pays de Neuchâtel für die Erhaltung dieses Kulturerbes ein. Er zählt heute fast 80 Mitglieder.</p>
<p>Die monatlichen Vorführungen im Schloss Valangin ermöglichen dem interessierten Publikum, diese  alte Handwerkstradition in ihrem historischen Kontext kennenzulernen.</p>
<p>Besucherinnen und Besucher können live beobachten, wie die filigranen Kunstwerke entstehen und den Klöpplerinnen ihre Fragen stellen.</p>

démonstration de dentelles aux fuseaux
