{"id":4777,"date":"2025-05-01T13:56:07","date_gmt":"2025-05-01T11:56:07","guid":{"rendered":"https:\/\/chateau-de-valangin.ch\/?post_type=agenda&#038;p=4777"},"modified":"2025-10-02T19:44:25","modified_gmt":"2025-10-02T17:44:25","slug":"noces-de-sang-petits-meurtres-entre-collegues-2-3-2-2-2-2-3","status":"publish","type":"agenda","link":"https:\/\/chateau-de-valangin.ch\/de\/kalender\/noces-de-sang-petits-meurtres-entre-collegues-2-3-2-2-2-2-3\/","title":{"rendered":"Noces de sang &#8211; Petits meurtres entre coll\u00e8gues"},"content":{"rendered":"<h2 class=\"wp-block-heading\"><span style=\"font-size: 14pt;\">Synopsis<\/span><\/h2>\n<p>En terres de Valangin, an de gr\u00e2ce 1302<br \/>\nVous voici convi\u00e9s, demoiselles et damoiseaux,<br \/>\nAu banquet ayant lieu en salle du ch\u00e2teau<br \/>\nLe repas scellera la paix entre Jean 1er d\u2019Aarberg, seigneur de l\u2019endroit<br \/>\nEt Rodolphe IV, comte de Neuch\u00e2tel, son suzerain de droit.<br \/>\nApr\u00e8s moult batailles, la d\u00e9faite de Jean est consomm\u00e9e<br \/>\nEt la destruction de La Bonneville fait de Rodolphe l renomm\u00e9e.<br \/>\nDe cette \u00e9crasante victoire il veut tirer avantage<br \/>\nEt exige la fille de Jean en mariage.<br \/>\nVous assisterez donc aux fian\u00e7ailles<br \/>\nMais seront-elles exemptes de repr\u00e9sailles?<\/p>\n<p><a href=\"https:\/\/www.petitsmeurtresentrecollegues.ch\/\" target=\"_blank\" rel=\"noopener\">https:\/\/www.petitsmeurtresentrecollegues.ch\/<\/a><\/p>\n","protected":false},"template":"","agenda_categories":[61,42],"class_list":["post-4777","agenda","type-agenda","status-publish","hentry","agenda_categories-theatre-2-de","agenda_categories-veranstaltung"],"banner_event":{"ID":"4770","post_author":"3","post_date":"2025-05-01 13:41:58","post_date_gmt":"2025-05-01 11:41:58","post_content":"","post_title":"Poster-mm-noces-de-sang-novembre","post_excerpt":"","post_status":"inherit","comment_status":"closed","ping_status":"closed","post_password":"","post_name":"poster-mm-noces-de-sang-novembre-2-2","to_ping":"","pinged":"","post_modified":"2025-10-02 19:42:42","post_modified_gmt":"2025-10-02 17:42:42","post_content_filtered":"","post_parent":"4774","guid":"https:\/\/chateau-de-valangin.ch\/NEWSITE\/wp-content\/uploads\/2025\/05\/poster-mm-noces-de-sang-novembre.jpg","menu_order":"0","post_type":"attachment","post_mime_type":"image\/jpeg","comment_count":"0","translation_id":"1591","element_type":"post_attachment","element_id":"4770","trid":"4108","language_code":"de","source_language_code":"fr","id":"3","code":"de","english_name":"German","major":"1","active":"1","default_locale":"de_DE","tag":"de-de","encode_url":"0","country":null,"pod_item_id":"4770"},"date_debut_event":"2025-11-27","date_fin_event":"2025-11-27","horaire_debut_event":"19h00","horaire_fin_event":"22h00","prix_adulte_event":"79.-","prix_enfant_event":"59.-","prix_famille_event":"","details_event":"","inscription_event":"r\u00e9servation obligatoire www.pmec.ch","informations_event":"","visuel_events":false,"complement":"","_links":{"self":[{"href":"https:\/\/chateau-de-valangin.ch\/de\/wp-json\/wp\/v2\/agenda\/4777","targetHints":{"allow":["GET"]}}],"collection":[{"href":"https:\/\/chateau-de-valangin.ch\/de\/wp-json\/wp\/v2\/agenda"}],"about":[{"href":"https:\/\/chateau-de-valangin.ch\/de\/wp-json\/wp\/v2\/types\/agenda"}],"wp:attachment":[{"href":"https:\/\/chateau-de-valangin.ch\/de\/wp-json\/wp\/v2\/media?parent=4777"}],"wp:term":[{"taxonomy":"agenda_categories","embeddable":true,"href":"https:\/\/chateau-de-valangin.ch\/de\/wp-json\/wp\/v2\/agenda_categories?post=4777"}],"curies":[{"name":"wp","href":"https:\/\/api.w.org\/{rel}","templated":true}]}}

Noces de sang &#8211; Petits meurtres entre collègues

<h2 class="wp-block-heading"><span style="font-size: 14pt;">Synopsis</span></h2>
<p>En terres de Valangin, an de grâce 1302<br />
Vous voici conviés, demoiselles et damoiseaux,<br />
Au banquet ayant lieu en salle du château<br />
Le repas scellera la paix entre Jean 1er d’Aarberg, seigneur de l’endroit<br />
Et Rodolphe IV, comte de Neuchâtel, son suzerain de droit.<br />
Après moult batailles, la défaite de Jean est consommée<br />
Et la destruction de La Bonneville fait de Rodolphe l renommée.<br />
De cette écrasante victoire il veut tirer avantage<br />
Et exige la fille de Jean en mariage.<br />
Vous assisterez donc aux fiançailles<br />
Mais seront-elles exemptes de représailles?</p>
<p><a href="https://www.petitsmeurtresentrecollegues.ch/" target="_blank" rel="noopener">https://www.petitsmeurtresentrecollegues.ch/</a></p>

réservation obligatoire www.pmec.ch
