{"id":4753,"date":"2025-03-13T15:26:58","date_gmt":"2025-03-13T14:26:58","guid":{"rendered":"https:\/\/chateau-de-valangin.ch\/agenda\/la-cuisine-au-moyen-age-3\/"},"modified":"2025-03-25T13:55:53","modified_gmt":"2025-03-25T12:55:53","slug":"la-cuisine-au-moyen-age-3","status":"publish","type":"agenda","link":"https:\/\/chateau-de-valangin.ch\/de\/kalender\/la-cuisine-au-moyen-age-3\/","title":{"rendered":"La cuisine au Moyen \u00c2ge"},"content":{"rendered":"<p>Une activit\u00e9 sensorielle pour les 0\u20134 ans autour de la cuisine au Moyen \u00c2ge : les tout-petits explorent marmite, l\u00e9gumes et objets du quotidien pour concocter une d\u00e9licieuse soupe m\u00e9di\u00e9vale en jouets en bois.<\/p>\n<p>Aujourd\u2019hui, les tout-petits pourront s\u2019accaparer d\u2019une marmite, tr\u00e8s grosse et tr\u00e8s lourde, de la cuisine : la toucher, la d\u00e9placer, l\u2019escalader \u2026<\/p>\n<p>L\u2019animatrice proposera ensuite des l\u00e9gumes, viande et autres objets (des jouets) pour en faire une \u00ab bonne soupe \u00bb !<\/p>\n<p>Pour les tout-petits 0-4 ans accompagn\u00e9s d\u2019un parent, grand-parent, ou autre adulte.<\/p>\n","protected":false},"template":"","agenda_categories":[47,46],"class_list":["post-4753","agenda","type-agenda","status-publish","hentry","agenda_categories-animation-de","agenda_categories-workshop"],"banner_event":false,"date_debut_event":"2025-03-27","date_fin_event":"2025-03-27","horaire_debut_event":"10h00","horaire_fin_event":"11h00","prix_adulte_event":"","prix_enfant_event":"","prix_famille_event":"8.-","details_event":"1 adulte et 1 enfant, enfant suppl\u00e9mentaire +2.-","inscription_event":"Inscription n\u00e9cessaire","informations_event":"","visuel_events":false,"complement":"","_links":{"self":[{"href":"https:\/\/chateau-de-valangin.ch\/de\/wp-json\/wp\/v2\/agenda\/4753","targetHints":{"allow":["GET"]}}],"collection":[{"href":"https:\/\/chateau-de-valangin.ch\/de\/wp-json\/wp\/v2\/agenda"}],"about":[{"href":"https:\/\/chateau-de-valangin.ch\/de\/wp-json\/wp\/v2\/types\/agenda"}],"wp:attachment":[{"href":"https:\/\/chateau-de-valangin.ch\/de\/wp-json\/wp\/v2\/media?parent=4753"}],"wp:term":[{"taxonomy":"agenda_categories","embeddable":true,"href":"https:\/\/chateau-de-valangin.ch\/de\/wp-json\/wp\/v2\/agenda_categories?post=4753"}],"curies":[{"name":"wp","href":"https:\/\/api.w.org\/{rel}","templated":true}]}}

La cuisine au Moyen Âge

<p>Une activité sensorielle pour les 0–4 ans autour de la cuisine au Moyen Âge : les tout-petits explorent marmite, légumes et objets du quotidien pour concocter une délicieuse soupe médiévale en jouets en bois.</p>
<p>Aujourd’hui, les tout-petits pourront s’accaparer d’une marmite, très grosse et très lourde, de la cuisine : la toucher, la déplacer, l’escalader …</p>
<p>L’animatrice proposera ensuite des légumes, viande et autres objets (des jouets) pour en faire une « bonne soupe » !</p>
<p>Pour les tout-petits 0-4 ans accompagnés d’un parent, grand-parent, ou autre adulte.</p>

1 adulte et 1 enfant, enfant supplémentaire +2.-

Inscription nécessaire
