{"id":4724,"date":"2025-02-18T17:32:17","date_gmt":"2025-02-18T16:32:17","guid":{"rendered":"https:\/\/chateau-de-valangin.ch\/agenda\/entre-plumes-et-fourrures-lhistoire-toxique-de-la-mode\/"},"modified":"2025-03-05T21:01:19","modified_gmt":"2025-03-05T20:01:19","slug":"lhistoire-toxique-de-la-mode","status":"publish","type":"agenda","link":"https:\/\/chateau-de-valangin.ch\/de\/kalender\/lhistoire-toxique-de-la-mode\/","title":{"rendered":"L\u2019histoire toxique de la mode &#8211; entre plumes et fourrures"},"content":{"rendered":"<p>Les plumes et la fourrure ont longtemps occup\u00e9 une place centrale dans la mode. Retracer leur usage, c\u2019est parcourir l\u2019histoire des techniques artisanales, le d\u00e9veloppement des industries plumassi\u00e8re et pelleti\u00e8re au XIXe si\u00e8cle et les exc\u00e8s du XXe si\u00e8cle.<\/p>\n<p>Dans le cadre du festival <strong data-start=\"456\" data-end=\"478\">&#8222;Histoire et Cit\u00e9&#8220;<\/strong>, la conf\u00e9rence <strong data-start=\"494\" data-end=\"556\">&#8222;L\u2019histoire toxique de la mode, entre plumes et fourrures&#8220;<\/strong> abordera ces transformations, en s\u2019appuyant sur des objets des collections du Ch\u00e2teau et Mus\u00e9e de Valangin. Un ornithologue et une restauratrice apporteront leur \u00e9clairage sur les enjeux environnementaux et patrimoniaux li\u00e9s \u00e0 ces mat\u00e9riaux.<\/p>\n<p>Les intervenant.e.s:<\/p>\n<ul>\n<li>Sarah Besson Coppotelli, responsable des collections du Ch\u00e2teau et mus\u00e9e de Valangin,<\/li>\n<li>Dr. Gabriel Marcacci, ornithologue<\/li>\n<li>Dr. Sabine Scille, historienne et restauratrice<\/li>\n<\/ul>\n<p>&nbsp;<\/p>\n","protected":false},"template":"","agenda_categories":[45],"class_list":["post-4724","agenda","type-agenda","status-publish","hentry","agenda_categories-vortrag"],"banner_event":false,"date_debut_event":"2025-04-05","date_fin_event":"2025-04-05","horaire_debut_event":"15h00","horaire_fin_event":"16h20","prix_adulte_event":"","prix_enfant_event":"","prix_famille_event":"","details_event":"","inscription_event":"","informations_event":"","visuel_events":false,"complement":"<a href=\"https:\/\/histoire-cite.ch\/programme\/lhistoire-toxique-de-la-mode-entre-plumes-et-fourrures\/\" target=\"_blank\" rel=\"noopener\">Site du Festival Histoire et Cit\u00e9<\/a>","_links":{"self":[{"href":"https:\/\/chateau-de-valangin.ch\/de\/wp-json\/wp\/v2\/agenda\/4724","targetHints":{"allow":["GET"]}}],"collection":[{"href":"https:\/\/chateau-de-valangin.ch\/de\/wp-json\/wp\/v2\/agenda"}],"about":[{"href":"https:\/\/chateau-de-valangin.ch\/de\/wp-json\/wp\/v2\/types\/agenda"}],"wp:attachment":[{"href":"https:\/\/chateau-de-valangin.ch\/de\/wp-json\/wp\/v2\/media?parent=4724"}],"wp:term":[{"taxonomy":"agenda_categories","embeddable":true,"href":"https:\/\/chateau-de-valangin.ch\/de\/wp-json\/wp\/v2\/agenda_categories?post=4724"}],"curies":[{"name":"wp","href":"https:\/\/api.w.org\/{rel}","templated":true}]}}

<p>Les plumes et la fourrure ont longtemps occupé une place centrale dans la mode. Retracer leur usage, c’est parcourir l’histoire des techniques artisanales, le développement des industries plumassière et pelletière au XIXe siècle et les excès du XXe siècle.</p>
<p>Dans le cadre du festival <strong data-start="456" data-end="478">&#8222;Histoire et Cité&#8220;</strong>, la conférence <strong data-start="494" data-end="556">&#8222;L’histoire toxique de la mode, entre plumes et fourrures&#8220;</strong> abordera ces transformations, en s’appuyant sur des objets des collections du Château et Musée de Valangin. Un ornithologue et une restauratrice apporteront leur éclairage sur les enjeux environnementaux et patrimoniaux liés à ces matériaux.</p>
<p>Les intervenant.e.s:</p>
<ul>
<li>Sarah Besson Coppotelli, responsable des collections du Château et musée de Valangin,</li>
<li>Dr. Gabriel Marcacci, ornithologue</li>
<li>Dr. Sabine Scille, historienne et restauratrice</li>
</ul>
<p>&nbsp;</p>

<a href="https://histoire-cite.ch/programme/lhistoire-toxique-de-la-mode-entre-plumes-et-fourrures/" target="_blank" rel="noopener">Site du Festival Histoire et Cité</a>
