{"id":4698,"date":"2025-02-13T08:29:54","date_gmt":"2025-02-13T07:29:54","guid":{"rendered":"https:\/\/chateau-de-valangin.ch\/agenda\/concert-des-jeunes-talents-3e-saison-de-concerts\/"},"modified":"2025-02-18T12:50:55","modified_gmt":"2025-02-18T11:50:55","slug":"concert-des-jeunes-talents-3e-saison-de-concerts","status":"publish","type":"agenda","link":"https:\/\/chateau-de-valangin.ch\/de\/kalender\/concert-des-jeunes-talents-3e-saison-de-concerts\/","title":{"rendered":"Concert des Jeunes talents &#8211; Junge Talente"},"content":{"rendered":"<p>Es ist uns immer eine grosse Freude, die Jungen Talente des Konservatoriums Neuenburg (CMNE) f\u00fcr ein Konzert im Ch\u00e2teau und Museum von Valangin zu beherbergen.<\/p>\n<p>Rund siebzig Sch\u00fclerinnen und Sch\u00fcler studieren am CMNE. Das anspruchsvolle Musikstudium richtet sich an Studierende mit grossem musikalischem Potenzial und nachgewiesener Motivation. W\u00e4hrend ihrer Ausbildung lernen die jungen Musikerinnen und Musiker auch, vor anderen Menschen aufzutreten.<\/p>\n<p>Die Konzerttour &#8222;Jeunes Talents&#8220; richtet sich an ein breites Publikum. Aufgrund des Altersspektrums der Musikerinnen und Musiker (8-25 Jahre) wird sowohl das Niveau als auch das Programm sehr breit gef\u00e4chert sein.<\/p>\n<p>Dieses Konzept erm\u00f6glicht es den Sch\u00fclerinnen und Sch\u00fclern, sich an die Form eines echten Konzerts anzupassen und so ihre Motivation, ihr Vergn\u00fcgen und ihre Ausdrucksf\u00e4higkeit zu st\u00e4rken.<\/p>\n<p>&nbsp;<\/p>\n","protected":false},"template":"","agenda_categories":[43],"class_list":["post-4698","agenda","type-agenda","status-publish","hentry","agenda_categories-konzert"],"banner_event":{"ID":"4690","post_author":"3","post_date":"2025-02-13 08:24:46","post_date_gmt":"2025-02-13 07:24:46","post_content":"Concert Jeunes Talents","post_title":"Jeunes talents","post_excerpt":"Concert Jeunes Talents","post_status":"inherit","comment_status":"closed","ping_status":"closed","post_password":"","post_name":"jeunes-talents-2","to_ping":"","pinged":"","post_modified":"2025-02-18 12:50:45","post_modified_gmt":"2025-02-18 11:50:45","post_content_filtered":"","post_parent":"4698","guid":"https:\/\/chateau-de-valangin.ch\/NEWSITE\/wp-content\/uploads\/2025\/02\/jeunes-talents.jpeg","menu_order":"0","post_type":"attachment","post_mime_type":"image\/jpeg","comment_count":"0","translation_id":"1539","element_type":"post_attachment","element_id":"4690","trid":"4083","language_code":"de","source_language_code":"fr","id":"3","code":"de","english_name":"German","major":"1","active":"1","default_locale":"de_DE","tag":"de-de","encode_url":"0","country":null,"pod_item_id":"4690"},"date_debut_event":"2025-03-29","date_fin_event":"2025-03-29","horaire_debut_event":"16:00 Uhr","horaire_fin_event":"17:00 Uhr","prix_adulte_event":"","prix_enfant_event":"","prix_famille_event":"","details_event":"Eintritt Frei","inscription_event":"","informations_event":"","visuel_events":{"ID":"4686","post_author":"3","post_date":"2025-02-13 08:16:36","post_date_gmt":"2025-02-13 07:16:36","post_content":"","post_title":"Concert jeunes talents","post_excerpt":"","post_status":"inherit","comment_status":"closed","ping_status":"closed","post_password":"","post_name":"concert-jeunes-talents-2","to_ping":"","pinged":"","post_modified":"2025-02-13 08:16:36","post_modified_gmt":"2025-02-13 07:16:36","post_content_filtered":"","post_parent":"4698","guid":"https:\/\/chateau-de-valangin.ch\/NEWSITE\/wp-content\/uploads\/2025\/02\/concert-jeunes-talents.png","menu_order":"0","post_type":"attachment","post_mime_type":"image\/png","comment_count":"0","translation_id":"1535","element_type":"post_attachment","element_id":"4686","trid":"4081","language_code":"de","source_language_code":"fr","id":"3","code":"de","english_name":"German","major":"1","active":"1","default_locale":"de_DE","tag":"de-de","encode_url":"0","country":null,"pod_item_id":"4686"},"complement":"<a href=\"https:\/\/www.cmne.ch\/\">https:\/\/www.cmne.ch\/<\/a>","_links":{"self":[{"href":"https:\/\/chateau-de-valangin.ch\/de\/wp-json\/wp\/v2\/agenda\/4698","targetHints":{"allow":["GET"]}}],"collection":[{"href":"https:\/\/chateau-de-valangin.ch\/de\/wp-json\/wp\/v2\/agenda"}],"about":[{"href":"https:\/\/chateau-de-valangin.ch\/de\/wp-json\/wp\/v2\/types\/agenda"}],"wp:attachment":[{"href":"https:\/\/chateau-de-valangin.ch\/de\/wp-json\/wp\/v2\/media?parent=4698"}],"wp:term":[{"taxonomy":"agenda_categories","embeddable":true,"href":"https:\/\/chateau-de-valangin.ch\/de\/wp-json\/wp\/v2\/agenda_categories?post=4698"}],"curies":[{"name":"wp","href":"https:\/\/api.w.org\/{rel}","templated":true}]}}

<p>Es ist uns immer eine grosse Freude, die Jungen Talente des Konservatoriums Neuenburg (CMNE) für ein Konzert im Château und Museum von Valangin zu beherbergen.</p>
<p>Rund siebzig Schülerinnen und Schüler studieren am CMNE. Das anspruchsvolle Musikstudium richtet sich an Studierende mit grossem musikalischem Potenzial und nachgewiesener Motivation. Während ihrer Ausbildung lernen die jungen Musikerinnen und Musiker auch, vor anderen Menschen aufzutreten.</p>
<p>Die Konzerttour &#8222;Jeunes Talents&#8220; richtet sich an ein breites Publikum. Aufgrund des Altersspektrums der Musikerinnen und Musiker (8-25 Jahre) wird sowohl das Niveau als auch das Programm sehr breit gefächert sein.</p>
<p>Dieses Konzept ermöglicht es den Schülerinnen und Schülern, sich an die Form eines echten Konzerts anzupassen und so ihre Motivation, ihr Vergnügen und ihre Ausdrucksfähigkeit zu stärken.</p>
<p>&nbsp;</p>
