{"id":4697,"date":"2025-02-06T11:26:36","date_gmt":"2025-02-06T10:26:36","guid":{"rendered":"https:\/\/chateau-de-valangin.ch\/agenda\/vernissage-de-lexposition-au-poil-une-histoire-chevelue-et-poilue\/"},"modified":"2025-02-18T11:48:31","modified_gmt":"2025-02-18T10:48:31","slug":"vernissage-de-lexposition-au-poil-une-histoire-chevelue-et-poilue","status":"publish","type":"agenda","link":"https:\/\/chateau-de-valangin.ch\/de\/kalender\/vernissage-de-lexposition-au-poil-une-histoire-chevelue-et-poilue\/","title":{"rendered":"Vernissage der Sonderausstellung &#8222;Au Poil &#8211; Une histoire chevelue et poilue&#8220;"},"content":{"rendered":"<p>In unserer diesj\u00e4hrigen Sonderausstellung dreht sich alles um Haare: Frisuren, B\u00e4rte und K\u00f6rperbehaarung quer durch die europ\u00e4ische Geschichte.<\/p>\n<p>Weitere Informationen zur Vernissage werden folgen.<\/p>\n","protected":false},"template":"","agenda_categories":[42],"class_list":["post-4697","agenda","type-agenda","status-publish","hentry","agenda_categories-veranstaltung"],"banner_event":{"ID":"4677","post_author":"1","post_date":"2025-02-04 17:57:08","post_date_gmt":"2025-02-04 16:57:08","post_content":"au poil une histoire chevelue et poilue","post_title":"WhatsApp Bild 2025-02-04 um 17.53.59_f90b7e63","post_excerpt":"au poil une histoire chevelue et poilue","post_status":"inherit","comment_status":"closed","ping_status":"closed","post_password":"","post_name":"whatsapp-bild-2025-02-04-um-17-53-59_f90b7e63-2","to_ping":"","pinged":"","post_modified":"2025-02-18 11:48:32","post_modified_gmt":"2025-02-18 10:48:32","post_content_filtered":"","post_parent":"4697","guid":"https:\/\/chateau-de-valangin.ch\/NEWSITE\/wp-content\/uploads\/2025\/02\/whatsapp-bild-2025-02-04-um-17.53.59_f90b7e63.jpg","menu_order":"0","post_type":"attachment","post_mime_type":"image\/jpeg","comment_count":"0","translation_id":"1528","element_type":"post_attachment","element_id":"4677","trid":"4076","language_code":"de","source_language_code":"fr","id":"3","code":"de","english_name":"German","major":"1","active":"1","default_locale":"de_DE","tag":"de-de","encode_url":"0","country":null,"pod_item_id":"4677"},"date_debut_event":"2025-05-11","date_fin_event":"2025-05-11","horaire_debut_event":"","horaire_fin_event":"","prix_adulte_event":"","prix_enfant_event":"","prix_famille_event":"","details_event":"\u00e0 suivre","inscription_event":"","informations_event":"","visuel_events":{"ID":"4696","post_author":"1","post_date":"2025-02-18 11:29:30","post_date_gmt":"2025-02-18 10:29:30","post_content":"au poil une histoire chevelue et poilue","post_title":"WhatsApp Bild 2025-02-04 um 17.39.52_b6197348","post_excerpt":"au poil une histoire chevelue et poilue","post_status":"inherit","comment_status":"closed","ping_status":"closed","post_password":"","post_name":"whatsapp-bild-2025-02-04-um-17-39-52_b6197348-2","to_ping":"","pinged":"","post_modified":"2025-02-18 11:48:32","post_modified_gmt":"2025-02-18 10:48:32","post_content_filtered":"","post_parent":"4697","guid":"https:\/\/chateau-de-valangin.ch\/NEWSITE\/wp-content\/uploads\/2025\/02\/whatsapp-bild-2025-02-04-um-17.39.52_b6197348.jpg","menu_order":"0","post_type":"attachment","post_mime_type":"image\/jpeg","comment_count":"0","translation_id":"1544","element_type":"post_attachment","element_id":"4696","trid":"4085","language_code":"de","source_language_code":"fr","id":"3","code":"de","english_name":"German","major":"1","active":"1","default_locale":"de_DE","tag":"de-de","encode_url":"0","country":null,"pod_item_id":"4696"},"complement":"","_links":{"self":[{"href":"https:\/\/chateau-de-valangin.ch\/de\/wp-json\/wp\/v2\/agenda\/4697","targetHints":{"allow":["GET"]}}],"collection":[{"href":"https:\/\/chateau-de-valangin.ch\/de\/wp-json\/wp\/v2\/agenda"}],"about":[{"href":"https:\/\/chateau-de-valangin.ch\/de\/wp-json\/wp\/v2\/types\/agenda"}],"wp:attachment":[{"href":"https:\/\/chateau-de-valangin.ch\/de\/wp-json\/wp\/v2\/media?parent=4697"}],"wp:term":[{"taxonomy":"agenda_categories","embeddable":true,"href":"https:\/\/chateau-de-valangin.ch\/de\/wp-json\/wp\/v2\/agenda_categories?post=4697"}],"curies":[{"name":"wp","href":"https:\/\/api.w.org\/{rel}","templated":true}]}}

<p>In unserer diesjährigen Sonderausstellung dreht sich alles um Haare: Frisuren, Bärte und Körperbehaarung quer durch die europäische Geschichte.</p>
<p>Weitere Informationen zur Vernissage werden folgen.</p>

à suivre
