{"id":4605,"date":"2024-11-02T21:41:01","date_gmt":"2024-11-02T20:41:01","guid":{"rendered":"https:\/\/chateau-de-valangin.ch\/?post_type=agenda&#038;p=4605"},"modified":"2024-11-02T21:41:01","modified_gmt":"2024-11-02T20:41:01","slug":"eroeffnung-2025","status":"publish","type":"agenda","link":"https:\/\/chateau-de-valangin.ch\/de\/kalender\/eroeffnung-2025\/","title":{"rendered":"Saisoner\u00f6ffnung 2025"},"content":{"rendered":"<p>Es ist wieder soweit!<\/p>\n<p>Das Schloss und Museum Valangin \u00f6ffnet am 1. M\u00e4rz ab 11 Uhr seine Pforten f\u00fcr eine neue Saison mit zahlreichen Veranstaltungen.<\/p>\n<p>Zur Feier des Tages ist der Eintritt den ganzen Tag frei.<\/p>\n<p>Die Batterie 13 feuert um 11.15 Uhr zur Begr\u00fcssung der neuen Saison ihre Kanone ab.<\/p>\n<p>Ab 12.30 Uhr w\u00e4rmt eine k\u00f6stliche Erbsensuppe Leib und Seele!<\/p>\n<p>&nbsp;<\/p>\n<p>&nbsp;<\/p>\n","protected":false},"template":"","agenda_categories":[42],"class_list":["post-4605","agenda","type-agenda","status-publish","hentry","agenda_categories-veranstaltung"],"banner_event":{"ID":"4607","post_author":"3","post_date":"2024-11-02 19:06:38","post_date_gmt":"2024-11-02 18:06:38","post_content":"tir du canon 1.3.2024","post_title":"IMG_20240301_120114","post_excerpt":"tir du canon 1.3.2024","post_status":"inherit","comment_status":"closed","ping_status":"closed","post_password":"","post_name":"img_20240301_120114-2","to_ping":"","pinged":"","post_modified":"2024-11-02 21:41:01","post_modified_gmt":"2024-11-02 20:41:01","post_content_filtered":"","post_parent":"4605","guid":"https:\/\/chateau-de-valangin.ch\/NEWSITE\/wp-content\/uploads\/2024\/11\/img_20240301_120114.jpg","menu_order":"0","post_type":"attachment","post_mime_type":"image\/jpeg","comment_count":"0","translation_id":"1467","element_type":"post_attachment","element_id":"4607","trid":"4048","language_code":"de","source_language_code":"fr","id":"3","code":"de","english_name":"German","major":"1","active":"1","default_locale":"de_DE","tag":"de-de","encode_url":"0","country":null,"pod_item_id":"4607"},"date_debut_event":"2025-03-01","date_fin_event":"2025-03-01","horaire_debut_event":"11 Uhr","horaire_fin_event":"17 Uhr","prix_adulte_event":"Gratis","prix_enfant_event":"","prix_famille_event":"","details_event":"Erbsensuppe, Kanonensch\u00fcsse","inscription_event":"","informations_event":"032 857 23 83 oder info@chateau-de-valangin.ch","visuel_events":{"ID":"4609","post_author":"3","post_date":"2024-11-02 19:10:25","post_date_gmt":"2024-11-02 18:10:25","post_content":"soupe aux pois","post_title":"IMG_20240301_124026","post_excerpt":"soupe aux pois","post_status":"inherit","comment_status":"closed","ping_status":"closed","post_password":"","post_name":"img_20240301_124026-2","to_ping":"","pinged":"","post_modified":"2024-11-02 21:41:01","post_modified_gmt":"2024-11-02 20:41:01","post_content_filtered":"","post_parent":"4605","guid":"https:\/\/chateau-de-valangin.ch\/NEWSITE\/wp-content\/uploads\/2024\/11\/img_20240301_124026.jpg","menu_order":"0","post_type":"attachment","post_mime_type":"image\/jpeg","comment_count":"0","translation_id":"1469","element_type":"post_attachment","element_id":"4609","trid":"4049","language_code":"de","source_language_code":"fr","id":"3","code":"de","english_name":"German","major":"1","active":"1","default_locale":"de_DE","tag":"de-de","encode_url":"0","country":null,"pod_item_id":"4609"},"complement":"","_links":{"self":[{"href":"https:\/\/chateau-de-valangin.ch\/de\/wp-json\/wp\/v2\/agenda\/4605","targetHints":{"allow":["GET"]}}],"collection":[{"href":"https:\/\/chateau-de-valangin.ch\/de\/wp-json\/wp\/v2\/agenda"}],"about":[{"href":"https:\/\/chateau-de-valangin.ch\/de\/wp-json\/wp\/v2\/types\/agenda"}],"wp:attachment":[{"href":"https:\/\/chateau-de-valangin.ch\/de\/wp-json\/wp\/v2\/media?parent=4605"}],"wp:term":[{"taxonomy":"agenda_categories","embeddable":true,"href":"https:\/\/chateau-de-valangin.ch\/de\/wp-json\/wp\/v2\/agenda_categories?post=4605"}],"curies":[{"name":"wp","href":"https:\/\/api.w.org\/{rel}","templated":true}]}}

Saisoneröffnung 2025

<p>Es ist wieder soweit!</p>
<p>Das Schloss und Museum Valangin öffnet am 1. März ab 11 Uhr seine Pforten für eine neue Saison mit zahlreichen Veranstaltungen.</p>
<p>Zur Feier des Tages ist der Eintritt den ganzen Tag frei.</p>
<p>Die Batterie 13 feuert um 11.15 Uhr zur Begrüssung der neuen Saison ihre Kanone ab.</p>
<p>Ab 12.30 Uhr wärmt eine köstliche Erbsensuppe Leib und Seele!</p>
<p>&nbsp;</p>
<p>&nbsp;</p>

Erbsensuppe, Kanonenschüsse
