{"id":4570,"date":"2024-07-14T15:39:47","date_gmt":"2024-07-14T13:39:47","guid":{"rendered":"https:\/\/chateau-de-valangin.ch\/agenda\/spectacle-dimprovisation-theatrale\/"},"modified":"2024-09-25T16:09:06","modified_gmt":"2024-09-25T14:09:06","slug":"spectacle-dimprovisation-theatrale","status":"publish","type":"agenda","link":"https:\/\/chateau-de-valangin.ch\/de\/kalender\/spectacle-dimprovisation-theatrale\/","title":{"rendered":"Spectacle d&#8217;improvisation th\u00e9\u00e2trale"},"content":{"rendered":"<p> <strong>Th\u00e9\u00e2tre d&#8217;improvisation : Valangin au f\u00e9minin<\/strong> <\/p>\n<p>Vivez un voyage fascinant \u00e0 travers l&#8217;histoire de Valangin, cette fois \u00e0 travers les yeux de trois femmes extraordinaires: Julie L&#8217;Eplattenier, Catherine de Watteville et Guillemette de Vergy.<\/p>\n<p>Laissez-vous emporter par une pi\u00e8ce de th\u00e9\u00e2tre d&#8217;improvisation qui interpr\u00e8te de mani\u00e8re unique la vie des trois protagonistes de notre <a href=\"https:\/\/chateau-de-valangin.ch\/de\/austellungen\/valangin-au-feminin-3-femmes-3-vies-3-siecles\/\">exposition temporaire &#8222;Valangin au f\u00e9minin&#8220;<\/a> .<\/p>\n<p>Les actrices\/acteurs mettent en sc\u00e8ne les histoires de ces femmes, de mani\u00e8re spontan\u00e9e, entra\u00eenante et pleine de surprises. Plongez dans une heure de drame, d&#8217;humour et d&#8217;\u00e9motion !<\/p>\n<p>&nbsp;<\/p>\n<hr \/>\n<p>Diese Theaterauff\u00fchrung ist auf Franz\u00f6sisch<\/p>\n","protected":false},"template":"","agenda_categories":[61],"class_list":["post-4570","agenda","type-agenda","status-publish","hentry","agenda_categories-theatre-2-de"],"banner_event":{"ID":"4569","post_author":"3","post_date":"2024-07-14 15:38:32","post_date_gmt":"2024-07-14 13:38:32","post_content":"","post_title":"theatre-2206583_1280","post_excerpt":"","post_status":"inherit","comment_status":"closed","ping_status":"closed","post_password":"","post_name":"theatre-2206583_1280-2","to_ping":"","pinged":"","post_modified":"2024-07-14 15:38:32","post_modified_gmt":"2024-07-14 13:38:32","post_content_filtered":"","post_parent":"4570","guid":"https:\/\/chateau-de-valangin.ch\/NEWSITE\/wp-content\/uploads\/2024\/07\/theatre-2206583_1280.jpg","menu_order":"0","post_type":"attachment","post_mime_type":"image\/jpeg","comment_count":"0","translation_id":"1436","element_type":"post_attachment","element_id":"4569","trid":"4034","language_code":"de","source_language_code":"fr","id":"3","code":"de","english_name":"German","major":"1","active":"1","default_locale":"de_DE","tag":"de-de","encode_url":"0","country":null,"pod_item_id":"4569"},"date_debut_event":"2024-10-04","date_fin_event":"2024-10-04","horaire_debut_event":"20:00 Uhr","horaire_fin_event":"21:30 Uhr","prix_adulte_event":"Kollekte","prix_enfant_event":"","prix_famille_event":"","details_event":"","inscription_event":"","informations_event":"","visuel_events":{"ID":"4589","post_author":"3","post_date":"2024-09-25 16:08:51","post_date_gmt":"2024-09-25 14:08:51","post_content":"","post_title":"spectacle d improvisation du 4 octobre","post_excerpt":"","post_status":"inherit","comment_status":"closed","ping_status":"closed","post_password":"","post_name":"spectacle-d-improvisation-du-4-octobre","to_ping":"","pinged":"","post_modified":"2024-09-25 16:09:06","post_modified_gmt":"2024-09-25 14:09:06","post_content_filtered":"","post_parent":"4570","guid":"https:\/\/chateau-de-valangin.ch\/NEWSITE\/wp-content\/uploads\/2024\/09\/spectacle-d-improvisation-du-4-octobre.jpg","menu_order":"0","post_type":"attachment","post_mime_type":"image\/jpeg","comment_count":"0","translation_id":"1454","element_type":"post_attachment","element_id":"4589","trid":"4043","language_code":"de","source_language_code":null,"id":"3","code":"de","english_name":"German","major":"1","active":"1","default_locale":"de_DE","tag":"de-de","encode_url":"0","country":null,"pod_item_id":"4589"},"complement":"","_links":{"self":[{"href":"https:\/\/chateau-de-valangin.ch\/de\/wp-json\/wp\/v2\/agenda\/4570","targetHints":{"allow":["GET"]}}],"collection":[{"href":"https:\/\/chateau-de-valangin.ch\/de\/wp-json\/wp\/v2\/agenda"}],"about":[{"href":"https:\/\/chateau-de-valangin.ch\/de\/wp-json\/wp\/v2\/types\/agenda"}],"wp:attachment":[{"href":"https:\/\/chateau-de-valangin.ch\/de\/wp-json\/wp\/v2\/media?parent=4570"}],"wp:term":[{"taxonomy":"agenda_categories","embeddable":true,"href":"https:\/\/chateau-de-valangin.ch\/de\/wp-json\/wp\/v2\/agenda_categories?post=4570"}],"curies":[{"name":"wp","href":"https:\/\/api.w.org\/{rel}","templated":true}]}}

Spectacle d&#8217;improvisation théâtrale

<p> <strong>Théâtre d&#8217;improvisation : Valangin au féminin</strong> </p>
<p>Vivez un voyage fascinant à travers l&#8217;histoire de Valangin, cette fois à travers les yeux de trois femmes extraordinaires: Julie L&#8217;Eplattenier, Catherine de Watteville et Guillemette de Vergy.</p>
<p>Laissez-vous emporter par une pièce de théâtre d&#8217;improvisation qui interprète de manière unique la vie des trois protagonistes de notre <a href="https://chateau-de-valangin.ch/de/austellungen/valangin-au-feminin-3-femmes-3-vies-3-siecles/">exposition temporaire &#8222;Valangin au féminin&#8220;</a> .</p>
<p>Les actrices/acteurs mettent en scène les histoires de ces femmes, de manière spontanée, entraînante et pleine de surprises. Plongez dans une heure de drame, d&#8217;humour et d&#8217;émotion !</p>
<p>&nbsp;</p>
<hr />
<p>Diese Theateraufführung ist auf Französisch</p>
