{"id":4544,"date":"2024-07-11T16:31:30","date_gmt":"2024-07-11T14:31:30","guid":{"rendered":"https:\/\/chateau-de-valangin.ch\/agenda\/recital-veronique-gobet-2-2\/"},"modified":"2024-07-11T16:44:44","modified_gmt":"2024-07-11T14:44:44","slug":"recital-veronique-gobet-2-2","status":"publish","type":"agenda","link":"https:\/\/chateau-de-valangin.ch\/de\/kalender\/recital-veronique-gobet-2-2\/","title":{"rendered":"R\u00e9cital Chopin (Pianokonzert von V\u00e9ronique Gobet)"},"content":{"rendered":"<p>V\u00e9ronique Gobet ist eine leidenschaftliche Pianistin, die es vor allem liebt, ihre Faszination f\u00fcr das Klavierspiel an das Publikum und ihre Sch\u00fcler weiterzugeben.<\/p>\n<p>Sie gibt regelm\u00e4ssig Konzerte, haupts\u00e4chlich als Solistin, und hat drei Alben aufgenommen.<\/p>\n<p>Zur Taufe ihres neuesten Albums feiert V\u00e9ronique Gobet Chopin und seine vierundzwanzig Pr\u00e9ludes op. 28. Zwei Balladen (op. 23 und 52) vervollst\u00e4ndigen das Programm.<\/p>\n<p>Die Pl\u00e4tze sind begrenzt, Reservierung ist erforderlich: 032 857 23 83 oder <a href=\"mailto:info@chateau-de-valangin.ch\">info@chateau-de-valangin.ch\u00a0<\/a><\/p>\n<p>&nbsp;<\/p>\n<p>&nbsp;<\/p>\n<div><\/div>\n<div><\/div>\n","protected":false},"template":"","agenda_categories":[43],"class_list":["post-4544","agenda","type-agenda","status-publish","hentry","agenda_categories-konzert"],"banner_event":{"ID":"3301","post_author":"1","post_date":"2018-12-26 14:45:20","post_date_gmt":"2018-12-26 14:45:20","post_content":"","post_title":"36-chateau-de-valangin_photo-noemi-tirro","post_excerpt":"","post_status":"inherit","comment_status":"closed","ping_status":"closed","post_password":"","post_name":"36-chateau-de-valangin_photo-noemi-tirro-2","to_ping":"","pinged":"","post_modified":"2024-07-11 16:41:50","post_modified_gmt":"2024-07-11 14:41:50","post_content_filtered":"","post_parent":"4544","guid":"http:\/\/chateau-de-valangin.ch\/NEWSITE\/wp-content\/uploads\/2018\/12\/36-chacc82teau-de-valangin_photo-noemi-tirro.jpg","menu_order":"0","post_type":"attachment","post_mime_type":"image\/jpeg","comment_count":"0","translation_id":"629","element_type":"post_attachment","element_id":"3301","trid":"3526","language_code":"de","source_language_code":"fr","id":"3","code":"de","english_name":"German","major":"1","active":"1","default_locale":"de_DE","tag":"de-de","encode_url":"0","country":null,"pod_item_id":"3301"},"date_debut_event":"2024-09-16","date_fin_event":"2024-09-16","horaire_debut_event":"17:00","horaire_fin_event":"18:30 Uhr","prix_adulte_event":"35.-","prix_enfant_event":"30.-","prix_famille_event":"","details_event":"Die Pl\u00e4tze sind beschr\u00e4nkt, Reservierung erforderlich","inscription_event":"032 857 23 83, info@chateau-de-valangin.ch","informations_event":"","visuel_events":{"ID":"3441","post_author":"3","post_date":"2019-09-06 07:03:50","post_date_gmt":"2019-09-06 07:03:50","post_content":"V\u00e9ronique Gobet, pianiste, 2018","post_title":"vg_piano_HQ (8 of 8)","post_excerpt":"V\u00e9ronique Gobet, pianiste, 2018","post_status":"inherit","comment_status":"closed","ping_status":"closed","post_password":"","post_name":"vg_piano_hq-8-of-8-2","to_ping":"","pinged":"","post_modified":"2024-07-11 16:44:44","post_modified_gmt":"2024-07-11 14:44:44","post_content_filtered":"","post_parent":"4544","guid":"http:\/\/chateau-de-valangin.ch\/NEWSITE\/wp-content\/uploads\/2019\/09\/vg_piano_hq-8-of-8.jpg","menu_order":"0","post_type":"attachment","post_mime_type":"image\/jpeg","comment_count":"0","translation_id":"726","element_type":"post_attachment","element_id":"3441","trid":"3588","language_code":"de","source_language_code":"fr","id":"3","code":"de","english_name":"German","major":"1","active":"1","default_locale":"de_DE","tag":"de-de","encode_url":"0","country":null,"pod_item_id":"3441"},"complement":"","_links":{"self":[{"href":"https:\/\/chateau-de-valangin.ch\/de\/wp-json\/wp\/v2\/agenda\/4544","targetHints":{"allow":["GET"]}}],"collection":[{"href":"https:\/\/chateau-de-valangin.ch\/de\/wp-json\/wp\/v2\/agenda"}],"about":[{"href":"https:\/\/chateau-de-valangin.ch\/de\/wp-json\/wp\/v2\/types\/agenda"}],"wp:attachment":[{"href":"https:\/\/chateau-de-valangin.ch\/de\/wp-json\/wp\/v2\/media?parent=4544"}],"wp:term":[{"taxonomy":"agenda_categories","embeddable":true,"href":"https:\/\/chateau-de-valangin.ch\/de\/wp-json\/wp\/v2\/agenda_categories?post=4544"}],"curies":[{"name":"wp","href":"https:\/\/api.w.org\/{rel}","templated":true}]}}

Récital Chopin (Pianokonzert von Véronique Gobet)

<p>Véronique Gobet ist eine leidenschaftliche Pianistin, die es vor allem liebt, ihre Faszination für das Klavierspiel an das Publikum und ihre Schüler weiterzugeben.</p>
<p>Sie gibt regelmässig Konzerte, hauptsächlich als Solistin, und hat drei Alben aufgenommen.</p>
<p>Zur Taufe ihres neuesten Albums feiert Véronique Gobet Chopin und seine vierundzwanzig Préludes op. 28. Zwei Balladen (op. 23 und 52) vervollständigen das Programm.</p>
<p>Die Plätze sind begrenzt, Reservierung ist erforderlich: 032 857 23 83 oder <a href="mailto:info@chateau-de-valangin.ch">info@chateau-de-valangin.ch </a></p>
<p>&nbsp;</p>
<p>&nbsp;</p>
<div></div>
<div></div>

Die Plätze sind beschränkt, Reservierung erforderlich

Véronique Gobet, pianiste, 2018
