{"id":4537,"date":"2024-07-11T16:17:53","date_gmt":"2024-07-11T14:17:53","guid":{"rendered":"https:\/\/chateau-de-valangin.ch\/agenda\/der-graines-dans-mon-jardin\/"},"modified":"2024-07-11T16:19:57","modified_gmt":"2024-07-11T14:19:57","slug":"der-graines-dans-mon-jardin","status":"publish","type":"agenda","link":"https:\/\/chateau-de-valangin.ch\/de\/kalender\/der-graines-dans-mon-jardin\/","title":{"rendered":"Der graines dans mon jardin"},"content":{"rendered":"<p>Atelier dans notre jardin d&#8217;inspiration m\u00e9di\u00e9vale (Valanjardin) pour les enfants de 8 \u00e0 10 ans.<\/p>\n<p>Plus d&#8217;informations \u00e0 venir.<\/p>\n<p>&nbsp;<\/p>\n<hr \/>\n<p>Dieses Kinderprogramm ist auf Franz\u00f6sisch<\/p>\n<p>&nbsp;<\/p>\n","protected":false},"template":"","agenda_categories":[46],"class_list":["post-4537","agenda","type-agenda","status-publish","hentry","agenda_categories-workshop"],"banner_event":{"ID":"4536","post_author":"3","post_date":"2024-07-11 16:13:48","post_date_gmt":"2024-07-11 14:13:48","post_content":"Le petit jardin du Paradis","post_title":"Upper_Rhenish_Master_-_The_little_Garden_of_Paradise_-_Google_Art_Project","post_excerpt":"Le petit jardin du Paradis","post_status":"inherit","comment_status":"closed","ping_status":"closed","post_password":"","post_name":"upper_rhenish_master_-_the_little_garden_of_paradise_-_google_art_project-2","to_ping":"","pinged":"","post_modified":"2024-07-11 16:14:32","post_modified_gmt":"2024-07-11 14:14:32","post_content_filtered":"","post_parent":"4537","guid":"https:\/\/chateau-de-valangin.ch\/NEWSITE\/wp-content\/uploads\/2024\/07\/upper_rhenish_master_-_the_little_garden_of_paradise_-_google_art_project.jpg","menu_order":"0","post_type":"attachment","post_mime_type":"image\/jpeg","comment_count":"0","translation_id":"1407","element_type":"post_attachment","element_id":"4536","trid":"4023","language_code":"de","source_language_code":"fr","id":"3","code":"de","english_name":"German","major":"1","active":"1","default_locale":"de_DE","tag":"de-de","encode_url":"0","country":null,"pod_item_id":"4536"},"date_debut_event":"2024-09-11","date_fin_event":"2024-09-11","horaire_debut_event":"14:00","horaire_fin_event":"16:00 Uhr","prix_adulte_event":"","prix_enfant_event":"CHF 15.--","prix_famille_event":"","details_event":"Anmeldung obligatorisch","inscription_event":"032 857 23 83 oder info@chateau-de-valangin.ch","informations_event":"Dieses Kinderprogramm ist auf Franz\u00f6sisch","visuel_events":false,"complement":"","_links":{"self":[{"href":"https:\/\/chateau-de-valangin.ch\/de\/wp-json\/wp\/v2\/agenda\/4537","targetHints":{"allow":["GET"]}}],"collection":[{"href":"https:\/\/chateau-de-valangin.ch\/de\/wp-json\/wp\/v2\/agenda"}],"about":[{"href":"https:\/\/chateau-de-valangin.ch\/de\/wp-json\/wp\/v2\/types\/agenda"}],"wp:attachment":[{"href":"https:\/\/chateau-de-valangin.ch\/de\/wp-json\/wp\/v2\/media?parent=4537"}],"wp:term":[{"taxonomy":"agenda_categories","embeddable":true,"href":"https:\/\/chateau-de-valangin.ch\/de\/wp-json\/wp\/v2\/agenda_categories?post=4537"}],"curies":[{"name":"wp","href":"https:\/\/api.w.org\/{rel}","templated":true}]}}

<p>Atelier dans notre jardin d&#8217;inspiration médiévale (Valanjardin) pour les enfants de 8 à 10 ans.</p>
<p>Plus d&#8217;informations à venir.</p>
<p>&nbsp;</p>
<hr />
<p>Dieses Kinderprogramm ist auf Französisch</p>
<p>&nbsp;</p>

Dieses Kinderprogramm ist auf Französisch
