{"id":4529,"date":"2024-07-08T16:56:19","date_gmt":"2024-07-08T14:56:19","guid":{"rendered":"https:\/\/chateau-de-valangin.ch\/agenda\/citoyen-marat-pour-les-50-ans-du-bibliobus\/"},"modified":"2024-07-08T17:01:10","modified_gmt":"2024-07-08T15:01:10","slug":"citoyen-marat-pour-les-50-ans-du-bibliobus","status":"publish","type":"agenda","link":"https:\/\/chateau-de-valangin.ch\/de\/kalender\/citoyen-marat-pour-les-50-ans-du-bibliobus\/","title":{"rendered":"Citoyen Marat pour les 50 ans du Bibliobus"},"content":{"rendered":"<p><strong>La <a href=\"https:\/\/www.facebook.com\/people\/Cie-Le-chien-qui-monte-sur-la-table\/100064780759795\/\" target=\"_blank\" rel=\"noopener noreferrer\">Compagnie Le Chien qui monte sur la table<\/a> et leur pi\u00e8ce Citoyen Marat<\/strong><\/p>\n<p>France, juillet 1793, deux semaines apr\u00e8s l\u2019assassinat de Marat, une petite troupe de th\u00e9\u00e2tre donne un spectacle en hommage au r\u00e9volutionnaire. Les trois com\u00e9diens retracent le parcours du journaliste et d\u00e9put\u00e9 et examinent les motifs de sa meurtri\u00e8re, Charlotte Corday.<\/p>\n<p>Les personnages historiques (Marat, Corday, le couple royal) sont repr\u00e9sent\u00e9s au moyen de marionnettes. Une petite estrade en tr\u00e9teaux sera la sc\u00e8ne de ces miniatures tandis que les com\u00e9diens feront participer le public \u00e0 quelques-uns des grands moments de la R\u00e9volution fran\u00e7aise.<\/p>\n<p>La pi\u00e8ce, \u00e9crite durant une r\u00e9sidence \u00e0 la Cit\u00e9 internationale des Arts de Paris, fait \u00e9cho aux diverses pi\u00e8ces qui furent mont\u00e9es en hommage au journaliste et d\u00e9put\u00e9 Marat, suite \u00e0 son assassinat, en 1793.<\/p>\n<p>Le m\u00e9decin boudrysan devenu r\u00e9volutionnaire Jean-Paul Marat est tr\u00e8s probablement le Neuch\u00e2telois ayant eu la plus grande influence sur l\u2019Histoire de France. Son action dans le cadre de la R\u00e9volution Fran\u00e7aise, de 1789 \u00e0 1793, fait encore d\u00e9bat aujourd\u2019hui et la position qu\u2019il avait acquise aupr\u00e8s des sans-culottes en fait un personnage unique.<\/p>\n<p>Son assassinat, immortalis\u00e9 par David notamment, ach\u00e8vera la l\u00e9gende et en fera le premier grand martyr de la R\u00e9volution. Ce qui lui vaudra d\u2019\u00eatre d\u00e9peint sous un jour bien plus sombre d\u00e8s Thermidor et, plus encore, sous la Restauration.<\/p>\n<p>L\u00e9gendes blanches et noires s\u2019affrontent dans les livres d\u2019Histoire.<\/p>\n<p>Mais dans les rues parisiennes, \u00e0 l\u2019\u00e9poque, c\u2019est la tristesse et la col\u00e8re qui grondent, le peuple \u00e9tant orphelin de son \u00ab ami \u00bb, qui prenait r\u00e9guli\u00e8rement fait et cause pour lui dans son journal comme \u00e0 la tribune de l\u2019Assembl\u00e9e. La pi\u00e8ce propose de revivre cet \u00e9moi populaire.<\/p>\n<p>&nbsp;<\/p>\n<hr \/>\n<p>Dieses Theaterst\u00fcck ist auf Franz\u00f6sisch<\/p>\n<p>&nbsp;<\/p>\n<p>&nbsp;<\/p>\n","protected":false},"template":"","agenda_categories":[61,42],"class_list":["post-4529","agenda","type-agenda","status-publish","hentry","agenda_categories-theatre-2-de","agenda_categories-veranstaltung"],"banner_event":{"ID":"4528","post_author":"3","post_date":"2024-07-08 16:54:23","post_date_gmt":"2024-07-08 14:54:23","post_content":"affiche citoyen marat","post_title":"affiche citoyen marat","post_excerpt":"affiche citoyen marat","post_status":"inherit","comment_status":"closed","ping_status":"closed","post_password":"","post_name":"affiche-citoyen-marat-2","to_ping":"","pinged":"","post_modified":"2024-07-08 16:55:23","post_modified_gmt":"2024-07-08 14:55:23","post_content_filtered":"","post_parent":"4529","guid":"https:\/\/chateau-de-valangin.ch\/NEWSITE\/wp-content\/uploads\/2024\/07\/affiche-citoyen-marat.jpg","menu_order":"0","post_type":"attachment","post_mime_type":"image\/jpeg","comment_count":"0","translation_id":"1401","element_type":"post_attachment","element_id":"4528","trid":"4020","language_code":"de","source_language_code":"fr","id":"3","code":"de","english_name":"German","major":"1","active":"1","default_locale":"de_DE","tag":"de-de","encode_url":"0","country":null,"pod_item_id":"4528"},"date_debut_event":"2024-09-08","date_fin_event":"2024-09-08","horaire_debut_event":"14:00","horaire_fin_event":"15:00 Uhr","prix_adulte_event":"","prix_enfant_event":"","prix_famille_event":"","details_event":"","inscription_event":"","informations_event":"","visuel_events":{"ID":"4526","post_author":"3","post_date":"2024-07-08 16:52:14","post_date_gmt":"2024-07-08 14:52:14","post_content":"","post_title":"logo bibliobus","post_excerpt":"","post_status":"inherit","comment_status":"closed","ping_status":"closed","post_password":"","post_name":"logo-bibliobus-2","to_ping":"","pinged":"","post_modified":"2024-07-08 16:52:14","post_modified_gmt":"2024-07-08 14:52:14","post_content_filtered":"","post_parent":"4529","guid":"https:\/\/chateau-de-valangin.ch\/NEWSITE\/wp-content\/uploads\/2024\/07\/logo-bibliobus.png","menu_order":"0","post_type":"attachment","post_mime_type":"image\/png","comment_count":"0","translation_id":"1399","element_type":"post_attachment","element_id":"4526","trid":"4019","language_code":"de","source_language_code":"fr","id":"3","code":"de","english_name":"German","major":"1","active":"1","default_locale":"de_DE","tag":"de-de","encode_url":"0","country":null,"pod_item_id":"4526"},"complement":"","_links":{"self":[{"href":"https:\/\/chateau-de-valangin.ch\/de\/wp-json\/wp\/v2\/agenda\/4529","targetHints":{"allow":["GET"]}}],"collection":[{"href":"https:\/\/chateau-de-valangin.ch\/de\/wp-json\/wp\/v2\/agenda"}],"about":[{"href":"https:\/\/chateau-de-valangin.ch\/de\/wp-json\/wp\/v2\/types\/agenda"}],"wp:attachment":[{"href":"https:\/\/chateau-de-valangin.ch\/de\/wp-json\/wp\/v2\/media?parent=4529"}],"wp:term":[{"taxonomy":"agenda_categories","embeddable":true,"href":"https:\/\/chateau-de-valangin.ch\/de\/wp-json\/wp\/v2\/agenda_categories?post=4529"}],"curies":[{"name":"wp","href":"https:\/\/api.w.org\/{rel}","templated":true}]}}

<p><strong>La <a href="https://www.facebook.com/people/Cie-Le-chien-qui-monte-sur-la-table/100064780759795/" target="_blank" rel="noopener noreferrer">Compagnie Le Chien qui monte sur la table</a> et leur pièce Citoyen Marat</strong></p>
<p>France, juillet 1793, deux semaines après l’assassinat de Marat, une petite troupe de théâtre donne un spectacle en hommage au révolutionnaire. Les trois comédiens retracent le parcours du journaliste et député et examinent les motifs de sa meurtrière, Charlotte Corday.</p>
<p>Les personnages historiques (Marat, Corday, le couple royal) sont représentés au moyen de marionnettes. Une petite estrade en tréteaux sera la scène de ces miniatures tandis que les comédiens feront participer le public à quelques-uns des grands moments de la Révolution française.</p>
<p>La pièce, écrite durant une résidence à la Cité internationale des Arts de Paris, fait écho aux diverses pièces qui furent montées en hommage au journaliste et député Marat, suite à son assassinat, en 1793.</p>
<p>Le médecin boudrysan devenu révolutionnaire Jean-Paul Marat est très probablement le Neuchâtelois ayant eu la plus grande influence sur l’Histoire de France. Son action dans le cadre de la Révolution Française, de 1789 à 1793, fait encore débat aujourd’hui et la position qu’il avait acquise auprès des sans-culottes en fait un personnage unique.</p>
<p>Son assassinat, immortalisé par David notamment, achèvera la légende et en fera le premier grand martyr de la Révolution. Ce qui lui vaudra d’être dépeint sous un jour bien plus sombre dès Thermidor et, plus encore, sous la Restauration.</p>
<p>Légendes blanches et noires s’affrontent dans les livres d’Histoire.</p>
<p>Mais dans les rues parisiennes, à l’époque, c’est la tristesse et la colère qui grondent, le peuple étant orphelin de son « ami », qui prenait régulièrement fait et cause pour lui dans son journal comme à la tribune de l’Assemblée. La pièce propose de revivre cet émoi populaire.</p>
<p>&nbsp;</p>
<hr />
<p>Dieses Theaterstück ist auf Französisch</p>
<p>&nbsp;</p>
<p>&nbsp;</p>
