{"id":4522,"date":"2024-07-04T15:51:56","date_gmt":"2024-07-04T13:51:56","guid":{"rendered":"https:\/\/chateau-de-valangin.ch\/agenda\/le-summer-tour-au-chateau-de-valangin\/"},"modified":"2024-07-08T16:34:56","modified_gmt":"2024-07-08T14:34:56","slug":"le-summer-tour-au-chateau-de-valangin","status":"publish","type":"agenda","link":"https:\/\/chateau-de-valangin.ch\/de\/kalender\/le-summer-tour-au-chateau-de-valangin\/","title":{"rendered":"Le Summer Tour au ch\u00e2teau de Valangin"},"content":{"rendered":"<p>CLASSE VERTE avec la Compagnie Robert et moi<\/p>\n<p>Organiser son sac de rando est affaire de rigueur et de m\u00e9thode. il faut choisir son mat\u00e9riel de camping avec soin, favoriser l&#8217;essentiel, \u00e9liminer le superflu. D\u00e9finir son lieu de bivouac rel\u00e8ve d&#8217;une observation pointue. Monter une tente, c&#8217;est une histoire de logique. Anticiper son autonomie alimentaire est primordial. N&#8217;oubliez pas l&#8217;ap\u00e9ro&#8230; Avec cette s\u00e9ance &#8222;p\u00e9dagogique&#8220; au bivouac, Mr Lemoin et Sylvain Grosperrin ont 50 minutes pour pr\u00e9parer les enfants et rassurer les parents.<\/p>\n<p><a href=\"https:\/\/summertour.ch\/show\/classe-verte\/1795\/\" target=\"_blank\" rel=\"noopener\">https:\/\/summertour.ch\/show\/classe-verte\/1795\/<\/a><\/p>\n<hr \/>\n<p>Dieses Theaterst\u00fcck ist auf Franz\u00f6sisch<\/p>\n<p>&nbsp;<\/p>\n","protected":false},"template":"","agenda_categories":[61,42],"class_list":["post-4522","agenda","type-agenda","status-publish","hentry","agenda_categories-theatre-2-de","agenda_categories-veranstaltung"],"banner_event":{"ID":"4476","post_author":"3","post_date":"2024-07-04 09:44:54","post_date_gmt":"2024-07-04 07:44:54","post_content":"","post_title":"Valangin-1-septembre-SummerTour2","post_excerpt":"","post_status":"inherit","comment_status":"closed","ping_status":"closed","post_password":"","post_name":"valangin-1-septembre-summertour2-2","to_ping":"","pinged":"","post_modified":"2024-07-04 09:44:54","post_modified_gmt":"2024-07-04 07:44:54","post_content_filtered":"","post_parent":"4522","guid":"https:\/\/chateau-de-valangin.ch\/NEWSITE\/wp-content\/uploads\/2024\/07\/valangin-1-septembre-summertour2.png","menu_order":"0","post_type":"attachment","post_mime_type":"image\/png","comment_count":"0","translation_id":"1364","element_type":"post_attachment","element_id":"4476","trid":"4003","language_code":"de","source_language_code":"fr","id":"3","code":"de","english_name":"German","major":"1","active":"1","default_locale":"de_DE","tag":"de-de","encode_url":"0","country":null,"pod_item_id":"4476"},"date_debut_event":"2024-09-01","date_fin_event":"2024-09-01","horaire_debut_event":"17:00","horaire_fin_event":"18:00 Uhr","prix_adulte_event":"","prix_enfant_event":"","prix_famille_event":"","details_event":"","inscription_event":"","informations_event":"Dieses Theaterst\u00fcck ist auf Franz\u00f6sisch","visuel_events":{"ID":"4478","post_author":"3","post_date":"2024-07-04 15:50:49","post_date_gmt":"2024-07-04 13:50:49","post_content":"","post_title":"Valangin-1-septembre-SummerTour","post_excerpt":"","post_status":"inherit","comment_status":"closed","ping_status":"closed","post_password":"","post_name":"valangin-1-septembre-summertour-2","to_ping":"","pinged":"","post_modified":"2024-07-04 15:50:49","post_modified_gmt":"2024-07-04 13:50:49","post_content_filtered":"","post_parent":"4522","guid":"https:\/\/chateau-de-valangin.ch\/NEWSITE\/wp-content\/uploads\/2024\/07\/valangin-1-septembre-summertour.png","menu_order":"0","post_type":"attachment","post_mime_type":"image\/png","comment_count":"0","translation_id":"1366","element_type":"post_attachment","element_id":"4478","trid":"4004","language_code":"de","source_language_code":"fr","id":"3","code":"de","english_name":"German","major":"1","active":"1","default_locale":"de_DE","tag":"de-de","encode_url":"0","country":null,"pod_item_id":"4478"},"complement":"","_links":{"self":[{"href":"https:\/\/chateau-de-valangin.ch\/de\/wp-json\/wp\/v2\/agenda\/4522","targetHints":{"allow":["GET"]}}],"collection":[{"href":"https:\/\/chateau-de-valangin.ch\/de\/wp-json\/wp\/v2\/agenda"}],"about":[{"href":"https:\/\/chateau-de-valangin.ch\/de\/wp-json\/wp\/v2\/types\/agenda"}],"wp:attachment":[{"href":"https:\/\/chateau-de-valangin.ch\/de\/wp-json\/wp\/v2\/media?parent=4522"}],"wp:term":[{"taxonomy":"agenda_categories","embeddable":true,"href":"https:\/\/chateau-de-valangin.ch\/de\/wp-json\/wp\/v2\/agenda_categories?post=4522"}],"curies":[{"name":"wp","href":"https:\/\/api.w.org\/{rel}","templated":true}]}}

Le Summer Tour au château de Valangin

<p>CLASSE VERTE avec la Compagnie Robert et moi</p>
<p>Organiser son sac de rando est affaire de rigueur et de méthode. il faut choisir son matériel de camping avec soin, favoriser l&#8217;essentiel, éliminer le superflu. Définir son lieu de bivouac relève d&#8217;une observation pointue. Monter une tente, c&#8217;est une histoire de logique. Anticiper son autonomie alimentaire est primordial. N&#8217;oubliez pas l&#8217;apéro&#8230; Avec cette séance &#8222;pédagogique&#8220; au bivouac, Mr Lemoin et Sylvain Grosperrin ont 50 minutes pour préparer les enfants et rassurer les parents.</p>
<p><a href="https://summertour.ch/show/classe-verte/1795/" target="_blank" rel="noopener">https://summertour.ch/show/classe-verte/1795/</a></p>
<hr />
<p>Dieses Theaterstück ist auf Französisch</p>
<p>&nbsp;</p>

Dieses Theaterstück ist auf Französisch
