{"id":4510,"date":"2024-06-28T17:03:30","date_gmt":"2024-06-28T15:03:30","guid":{"rendered":"https:\/\/chateau-de-valangin.ch\/agenda\/impressions-vegetales-3\/"},"modified":"2024-07-08T10:44:29","modified_gmt":"2024-07-08T08:44:29","slug":"impressions-vegetales-3","status":"publish","type":"agenda","link":"https:\/\/chateau-de-valangin.ch\/de\/kalender\/impressions-vegetales-3\/","title":{"rendered":"Impressions v\u00e9g\u00e9tales"},"content":{"rendered":"<p>Atelier pour enfants:<\/p>\n<p>Cueillette de divers v\u00e9g\u00e9taux et martelage sur tissu, de quoi se connecter avec les plantes et se d\u00e9fouler avec un marteau\u00a0!<\/p>\n<p>&nbsp;<\/p>\n<hr \/>\n<p>Diese Aktivit\u00e4t f\u00fcr Kinder ist auf Franz\u00f6sisch<\/p>\n","protected":false},"template":"","agenda_categories":[47,46],"class_list":["post-4510","agenda","type-agenda","status-publish","hentry","agenda_categories-animation-de","agenda_categories-workshop"],"banner_event":{"ID":"3522","post_author":"4","post_date":"2020-06-12 12:23:38","post_date_gmt":"2020-06-12 12:23:38","post_content":"","post_title":"ob_d1e222_plantain-franc-oise-m-copie","post_excerpt":"","post_status":"inherit","comment_status":"closed","ping_status":"closed","post_password":"","post_name":"ob_d1e222_plantain-franc-oise-m-copie-2","to_ping":"","pinged":"","post_modified":"2024-07-08 10:44:29","post_modified_gmt":"2024-07-08 08:44:29","post_content_filtered":"","post_parent":"4510","guid":"http:\/\/chateau-de-valangin.ch\/NEWSITE\/wp-content\/uploads\/2020\/06\/ob_d1e222_plantain-franc-oise-m-copie.jpg","menu_order":"0","post_type":"attachment","post_mime_type":"image\/jpeg","comment_count":"0","translation_id":"759","element_type":"post_attachment","element_id":"3522","trid":"3615","language_code":"de","source_language_code":"fr","id":"3","code":"de","english_name":"German","major":"1","active":"1","default_locale":"de_DE","tag":"de-de","encode_url":"0","country":null,"pod_item_id":"3522"},"date_debut_event":"2024-08-28","date_fin_event":"2024-08-28","horaire_debut_event":"14:00","horaire_fin_event":"15:30 Uhr","prix_adulte_event":"","prix_enfant_event":"15.-","prix_famille_event":"","details_event":"","inscription_event":"Inscription obligatoire","informations_event":"de 8 \u00e0 11 ans. En Fran\u00e7ais","visuel_events":false,"complement":"","_links":{"self":[{"href":"https:\/\/chateau-de-valangin.ch\/de\/wp-json\/wp\/v2\/agenda\/4510","targetHints":{"allow":["GET"]}}],"collection":[{"href":"https:\/\/chateau-de-valangin.ch\/de\/wp-json\/wp\/v2\/agenda"}],"about":[{"href":"https:\/\/chateau-de-valangin.ch\/de\/wp-json\/wp\/v2\/types\/agenda"}],"wp:attachment":[{"href":"https:\/\/chateau-de-valangin.ch\/de\/wp-json\/wp\/v2\/media?parent=4510"}],"wp:term":[{"taxonomy":"agenda_categories","embeddable":true,"href":"https:\/\/chateau-de-valangin.ch\/de\/wp-json\/wp\/v2\/agenda_categories?post=4510"}],"curies":[{"name":"wp","href":"https:\/\/api.w.org\/{rel}","templated":true}]}}

Impressions végétales

<p>Atelier pour enfants:</p>
<p>Cueillette de divers végétaux et martelage sur tissu, de quoi se connecter avec les plantes et se défouler avec un marteau !</p>
<p>&nbsp;</p>
<hr />
<p>Diese Aktivität für Kinder ist auf Französisch</p>

de 8 à 11 ans. En Français
