{"id":4507,"date":"2024-07-04T16:03:40","date_gmt":"2024-07-04T14:03:40","guid":{"rendered":"https:\/\/chateau-de-valangin.ch\/agenda\/catherine-de-watteville-memoires-dune-espionne-au-service-de-louis-xiv\/"},"modified":"2024-08-22T19:13:50","modified_gmt":"2024-08-22T17:13:50","slug":"catherine-de-watteville-memoires-dune-espionne-au-service-de-louis-xiv","status":"publish","type":"agenda","link":"https:\/\/chateau-de-valangin.ch\/de\/kalender\/catherine-de-watteville-memoires-dune-espionne-au-service-de-louis-xiv\/","title":{"rendered":"Catherine de Watteville, M\u00e9moires d&#8217;une espionne au service de Louis XIV"},"content":{"rendered":"<p>Connaissez-vous <strong>Catherine de Watteville<\/strong>, l&#8217;une des protagonistes de notre <a href=\"https:\/\/chateau-de-valangin.ch\/expositions\/valangin-au-feminin-3-femmes-3-vies-3-siecles\/\">exposition temporaire &#8222;Valangin au F\u00e9minin&#8220;<\/a>?<\/p>\n<p>Dans une lecture th\u00e9\u00e2tralis\u00e9e de ses m\u00e9moires, Juliette Verneray et Nicolas Li\u00e9nert redonnent vie \u00e0 cette femme fascinante, espionne au service de Louis XIV et exil\u00e9e \u00e0 Valangin.<\/p>\n<p>La conf\u00e9rence-lecture est organis\u00e9e par l&#8216;<a href=\"https:\/\/archivesdelavieordinaire.ch\/\" target=\"_blank\" rel=\"noopener\">AVO (archives de la vie ordinaire)<\/a> et suivi par un ap\u00e9ritif offert par le Ch\u00e2teau de Valangin.<\/p>\n<p>&nbsp;<\/p>\n<hr \/>\n<p>Diese Lesung ist auf Franz\u00f6sisch<\/p>\n<p>&nbsp;<\/p>\n","protected":false},"template":"","agenda_categories":[42,45],"class_list":["post-4507","agenda","type-agenda","status-publish","hentry","agenda_categories-veranstaltung","agenda_categories-vortrag"],"banner_event":{"ID":"4325","post_author":"3","post_date":"2024-02-15 14:54:02","post_date_gmt":"2024-02-15 13:54:02","post_content":"","post_title":"catherine de watteville","post_excerpt":"","post_status":"inherit","comment_status":"closed","ping_status":"closed","post_password":"","post_name":"catherine-de-watteville-2-2","to_ping":"","pinged":"","post_modified":"2024-02-15 14:54:02","post_modified_gmt":"2024-02-15 13:54:02","post_content_filtered":"","post_parent":"4388","guid":"https:\/\/chateau-de-valangin.ch\/NEWSITE\/wp-content\/uploads\/2024\/02\/catherine-de-watteville-1.jpg","menu_order":"0","post_type":"attachment","post_mime_type":"image\/jpeg","comment_count":"0","translation_id":"1256","element_type":"post_attachment","element_id":"4325","trid":"3956","language_code":"de","source_language_code":"fr","id":"3","code":"de","english_name":"German","major":"1","active":"1","default_locale":"de_DE","tag":"de-de","encode_url":"0","country":null,"pod_item_id":"4325"},"date_debut_event":"2024-08-23","date_fin_event":"2024-08-23","horaire_debut_event":"18:30","horaire_fin_event":"19:30 Uhr","prix_adulte_event":"","prix_enfant_event":"","prix_famille_event":"","details_event":"Eintritt gratis.","inscription_event":"","informations_event":"Die Lesung ist auf Franz\u00f6sisch","visuel_events":false,"complement":"","_links":{"self":[{"href":"https:\/\/chateau-de-valangin.ch\/de\/wp-json\/wp\/v2\/agenda\/4507","targetHints":{"allow":["GET"]}}],"collection":[{"href":"https:\/\/chateau-de-valangin.ch\/de\/wp-json\/wp\/v2\/agenda"}],"about":[{"href":"https:\/\/chateau-de-valangin.ch\/de\/wp-json\/wp\/v2\/types\/agenda"}],"wp:attachment":[{"href":"https:\/\/chateau-de-valangin.ch\/de\/wp-json\/wp\/v2\/media?parent=4507"}],"wp:term":[{"taxonomy":"agenda_categories","embeddable":true,"href":"https:\/\/chateau-de-valangin.ch\/de\/wp-json\/wp\/v2\/agenda_categories?post=4507"}],"curies":[{"name":"wp","href":"https:\/\/api.w.org\/{rel}","templated":true}]}}

Catherine de Watteville, Mémoires d&#8217;une espionne au service de Louis XIV

<p>Connaissez-vous <strong>Catherine de Watteville</strong>, l&#8217;une des protagonistes de notre <a href="https://chateau-de-valangin.ch/expositions/valangin-au-feminin-3-femmes-3-vies-3-siecles/">exposition temporaire &#8222;Valangin au Féminin&#8220;</a>?</p>
<p>Dans une lecture théâtralisée de ses mémoires, Juliette Verneray et Nicolas Liénert redonnent vie à cette femme fascinante, espionne au service de Louis XIV et exilée à Valangin.</p>
<p>La conférence-lecture est organisée par l&#8216;<a href="https://archivesdelavieordinaire.ch/" target="_blank" rel="noopener">AVO (archives de la vie ordinaire)</a> et suivi par un apéritif offert par le Château de Valangin.</p>
<p>&nbsp;</p>
<hr />
<p>Diese Lesung ist auf Französisch</p>
<p>&nbsp;</p>

Die Lesung ist auf Französisch
