{"id":4505,"date":"2024-07-06T16:10:28","date_gmt":"2024-07-06T14:10:28","guid":{"rendered":"https:\/\/chateau-de-valangin.ch\/agenda\/lettres-de-julie-une-balade\/"},"modified":"2024-07-06T16:14:56","modified_gmt":"2024-07-06T14:14:56","slug":"lettres-de-julie-une-balade","status":"publish","type":"agenda","link":"https:\/\/chateau-de-valangin.ch\/de\/kalender\/lettres-de-julie-une-balade\/","title":{"rendered":"Lettres de Julie, une balade"},"content":{"rendered":"<p>D\u00e9couvrez Valangin autrement &#8211; ou plut\u00f4t autrefois!<\/p>\n<p>\u00c0 l&#8217;aide des lettres de Julie L&#8217;Eplattenier, une habitante de Valangin du 19e si\u00e8cle qui a laiss\u00e9 un grand nombre de lettres \u00e0 son fr\u00e8re parti d&#8217;abord en France, puis en Am\u00e9rique (voir <a href=\"https:\/\/chateau-de-valangin.ch\/de\/austellungen\/valangin-au-feminin-3-femmes-3-vies-3-siecles\/\">exposition &#8222;Valangin au F\u00e9minin&#8220;<\/a>), le Ch\u00e2teau et Mus\u00e9e de Valangin vous a pr\u00e9par\u00e9 une ballade-lecture historique d&#8217;environ 2.5 km (aller-retour), qui vous emm\u00e8ne du Ch\u00e2teau, par le Bourg et la for\u00eat jusqu&#8217;au hameau La Borcarderie et retour.<\/p>\n<p>Comptez une bonne heure pour les d\u00e9couvertes et la lecture des lettres y correspondant. Le chemin traverse la for\u00eat et n&#8217;est que partiellement adapt\u00e9 aux poussettes. Le cas \u00e9ch\u00e9ant, nous vous recommandons de prendre un porte-b\u00e9b\u00e9.<\/p>\n<hr \/>\n<p>Diese Aktivit\u00e4t ist zur Zeit nur auf Franz\u00f6sisch !<\/p>\n<p>&nbsp;<\/p>\n","protected":false},"template":"","agenda_categories":[47],"class_list":["post-4505","agenda","type-agenda","status-publish","hentry","agenda_categories-animation-de"],"banner_event":{"ID":"4504","post_author":"1","post_date":"2024-07-06 16:09:32","post_date_gmt":"2024-07-06 14:09:32","post_content":"chemin de valangin \u00e0 la borcarderie","post_title":"ballade de valangin \u00e0 la borcarderie","post_excerpt":"chemin de valangin \u00e0 la borcarderie","post_status":"inherit","comment_status":"closed","ping_status":"closed","post_password":"","post_name":"2015-05-07-08-34-46-2","to_ping":"","pinged":"","post_modified":"2024-07-06 16:14:56","post_modified_gmt":"2024-07-06 14:14:56","post_content_filtered":"","post_parent":"4505","guid":"https:\/\/chateau-de-valangin.ch\/NEWSITE\/wp-content\/uploads\/2024\/07\/2015-05-07-08.34.46.jpg","menu_order":"0","post_type":"attachment","post_mime_type":"image\/jpeg","comment_count":"0","translation_id":"1383","element_type":"post_attachment","element_id":"4504","trid":"4013","language_code":"de","source_language_code":"fr","id":"3","code":"de","english_name":"German","major":"1","active":"1","default_locale":"de_DE","tag":"de-de","encode_url":"0","country":null,"pod_item_id":"4504"},"date_debut_event":"2024-08-18","date_fin_event":"2024-08-18","horaire_debut_event":"11:00","horaire_fin_event":"17:00 Uhr","prix_adulte_event":"","prix_enfant_event":"","prix_famille_event":"5.-","details_event":"","inscription_event":"","informations_event":"Diese Aktivit\u00e4t ist auf Franz\u00f6sisch","visuel_events":false,"complement":"","_links":{"self":[{"href":"https:\/\/chateau-de-valangin.ch\/de\/wp-json\/wp\/v2\/agenda\/4505","targetHints":{"allow":["GET"]}}],"collection":[{"href":"https:\/\/chateau-de-valangin.ch\/de\/wp-json\/wp\/v2\/agenda"}],"about":[{"href":"https:\/\/chateau-de-valangin.ch\/de\/wp-json\/wp\/v2\/types\/agenda"}],"wp:attachment":[{"href":"https:\/\/chateau-de-valangin.ch\/de\/wp-json\/wp\/v2\/media?parent=4505"}],"wp:term":[{"taxonomy":"agenda_categories","embeddable":true,"href":"https:\/\/chateau-de-valangin.ch\/de\/wp-json\/wp\/v2\/agenda_categories?post=4505"}],"curies":[{"name":"wp","href":"https:\/\/api.w.org\/{rel}","templated":true}]}}

<p>Découvrez Valangin autrement &#8211; ou plutôt autrefois!</p>
<p>À l&#8217;aide des lettres de Julie L&#8217;Eplattenier, une habitante de Valangin du 19e siècle qui a laissé un grand nombre de lettres à son frère parti d&#8217;abord en France, puis en Amérique (voir <a href="https://chateau-de-valangin.ch/de/austellungen/valangin-au-feminin-3-femmes-3-vies-3-siecles/">exposition &#8222;Valangin au Féminin&#8220;</a>), le Château et Musée de Valangin vous a préparé une ballade-lecture historique d&#8217;environ 2.5 km (aller-retour), qui vous emmène du Château, par le Bourg et la forêt jusqu&#8217;au hameau La Borcarderie et retour.</p>
<p>Comptez une bonne heure pour les découvertes et la lecture des lettres y correspondant. Le chemin traverse la forêt et n&#8217;est que partiellement adapté aux poussettes. Le cas échéant, nous vous recommandons de prendre un porte-bébé.</p>
<hr />
<p>Diese Aktivität ist zur Zeit nur auf Französisch !</p>
<p>&nbsp;</p>

chemin de valangin à la borcarderie

ballade de valangin à la borcarderie

Diese Aktivität ist auf Französisch
