{"id":4493,"date":"2024-06-28T16:53:21","date_gmt":"2024-06-28T14:53:21","guid":{"rendered":"https:\/\/chateau-de-valangin.ch\/agenda\/les-plantes-anesthesiantes-une-histoire-a-en-mourir-4\/"},"modified":"2024-07-05T18:21:48","modified_gmt":"2024-07-05T16:21:48","slug":"les-plantes-anesthesiantes-une-histoire-a-en-mourir-4","status":"publish","type":"agenda","link":"https:\/\/chateau-de-valangin.ch\/de\/kalender\/les-plantes-anesthesiantes-une-histoire-a-en-mourir-4\/","title":{"rendered":"Les plantes anesth\u00e9siantes, une histoire \u00e0 en mourir."},"content":{"rendered":"<p>Conf\u00e9rence et atelier.<\/p>\n<p>Intervenantes Colette Gremaud, ethnobotaniste, et Dr. Camille J\u00e9quier, directrice-conservatrice du Ch\u00e2teau et mus\u00e9e de Valangin.<\/p>\n<p>Partez \u00e0 la rencontre des m\u00e9decins, barbiers, chirurgiens et autres charlatans qui ont tent\u00e9, souvent en vain, de rendre les op\u00e9rations plus supportables.<\/p>\n<p>A travers Valanjardin, le jardin d\u2019inspiration m\u00e9di\u00e9vale, vous d\u00e9couvrirez quelles plantes sont utilis\u00e9es d\u00e8s l\u2019Antiquit\u00e9 pour soulager la douleur et rendre le patient plus docile.<\/p>\n<p>Bonnes chaussures et habits en ad\u00e9quation avec le temps recommand\u00e9s.<\/p>\n<p>&nbsp;<\/p>\n<hr \/>\n<p>VORTRAG UND WORKSHOP SIND BEIDE AUF FRANZ\u00d6SISCH!<\/p>\n","protected":false},"template":"","agenda_categories":[45,46],"class_list":["post-4493","agenda","type-agenda","status-publish","hentry","agenda_categories-vortrag","agenda_categories-workshop"],"banner_event":{"ID":"4415","post_author":"3","post_date":"2024-05-15 13:46:24","post_date_gmt":"2024-05-15 11:46:24","post_content":"","post_title":"Heilkr\u00e4utergarten \/ aus: Roman de la Ros - Healing Herb Garden \/fr.Roman de la Rose - Pharmacie : plantes m\u00e9dicinales.","post_excerpt":"2-G10-A1-1475-1 (85907)\n\n'Des profits ruraux des champs'\n\nFranz\u00f6sische Buchmalerei,\num 1475-1500.\n- Arbeit in einem ummauerten Stadtgar-\nten (Ausschnitt). -\nAus: Petrus de Crescentiis (od. Piero de\nCrescenzi), 'Des profits ruraux des\nchamps' (Opus ruralium commodorum...).\nMs. Add. 19720, fol. 165.\nLondon, British Museum.\n\nE:\n'Roman de la Rose'\n\nPharmacy:\nMedicinal Herbs \/ General.\n- Herb garden in the Middle Ages; a doc-\ntor selecting herbs for medicinal pur-\nposes. -\nBook illumination, c.1400.\nIllustration for 'Roman de la Rose'.\nLondon, British Museum.\n\nF:\n'Roman de la Rose'\n\nPharmacie : plantes m\u00e9dicinales.\n- Un m\u00e9decin choisissant des herbes dans un jardin des\nsimples au moyen-\u00e2ge. -\nEnluminure, v. 1400\nIllustration du 'Roman de la Rose'.\nLondres, British Museum.","post_status":"inherit","comment_status":"closed","ping_status":"closed","post_password":"","post_name":"heilkrautergarten-aus-roman-de-la-ros-healing-herb-garden-fr-roman-de-la-rose-pharmacie-plantes-medicinales-2","to_ping":"","pinged":"","post_modified":"2024-07-05 18:21:48","post_modified_gmt":"2024-07-05 16:21:48","post_content_filtered":"","post_parent":"4493","guid":"https:\/\/chateau-de-valangin.ch\/NEWSITE\/wp-content\/uploads\/2024\/05\/image-roman-de-la-rose-jardin-des-herbes.jpg","menu_order":"0","post_type":"attachment","post_mime_type":"image\/jpeg","comment_count":"0","translation_id":"1317","element_type":"post_attachment","element_id":"4415","trid":"3976","language_code":"de","source_language_code":"fr","id":"3","code":"de","english_name":"German","major":"1","active":"1","default_locale":"de_DE","tag":"de-de","encode_url":"0","country":null,"pod_item_id":"4415"},"date_debut_event":"2024-08-24","date_fin_event":"2024-08-24","horaire_debut_event":"14:00","horaire_fin_event":"16:00 Uhr","prix_adulte_event":"25.-","prix_enfant_event":"","prix_famille_event":"","details_event":"","inscription_event":"Nur mit Anmeldung","informations_event":"DIESE VERANSTALTUNG IST AUF FRANZ\u00d6SISCH","visuel_events":false,"complement":"","_links":{"self":[{"href":"https:\/\/chateau-de-valangin.ch\/de\/wp-json\/wp\/v2\/agenda\/4493","targetHints":{"allow":["GET"]}}],"collection":[{"href":"https:\/\/chateau-de-valangin.ch\/de\/wp-json\/wp\/v2\/agenda"}],"about":[{"href":"https:\/\/chateau-de-valangin.ch\/de\/wp-json\/wp\/v2\/types\/agenda"}],"wp:attachment":[{"href":"https:\/\/chateau-de-valangin.ch\/de\/wp-json\/wp\/v2\/media?parent=4493"}],"wp:term":[{"taxonomy":"agenda_categories","embeddable":true,"href":"https:\/\/chateau-de-valangin.ch\/de\/wp-json\/wp\/v2\/agenda_categories?post=4493"}],"curies":[{"name":"wp","href":"https:\/\/api.w.org\/{rel}","templated":true}]}}

Les plantes anesthésiantes, une histoire à en mourir.

<p>Conférence et atelier.</p>
<p>Intervenantes Colette Gremaud, ethnobotaniste, et Dr. Camille Jéquier, directrice-conservatrice du Château et musée de Valangin.</p>
<p>Partez à la rencontre des médecins, barbiers, chirurgiens et autres charlatans qui ont tenté, souvent en vain, de rendre les opérations plus supportables.</p>
<p>A travers Valanjardin, le jardin d’inspiration médiévale, vous découvrirez quelles plantes sont utilisées dès l’Antiquité pour soulager la douleur et rendre le patient plus docile.</p>
<p>Bonnes chaussures et habits en adéquation avec le temps recommandés.</p>
<p>&nbsp;</p>
<hr />
<p>VORTRAG UND WORKSHOP SIND BEIDE AUF FRANZÖSISCH!</p>

Heilkräutergarten / aus: Roman de la Ros - Healing Herb Garden /fr.Roman de la Rose - Pharmacie : plantes médicinales.

2-G10-A1-1475-1 (85907)

'Des profits ruraux des champs'

Französische Buchmalerei,
um 1475-1500.
- Arbeit in einem ummauerten Stadtgar-
ten (Ausschnitt). -
Aus: Petrus de Crescentiis (od. Piero de
Crescenzi), 'Des profits ruraux des
champs' (Opus ruralium commodorum...).
Ms. Add. 19720, fol. 165.
London, British Museum.

E:
'Roman de la Rose'

Pharmacy:
Medicinal Herbs / General.
- Herb garden in the Middle Ages; a doc-
tor selecting herbs for medicinal pur-
poses. -
Book illumination, c.1400.
Illustration for 'Roman de la Rose'.
London, British Museum.

F:
'Roman de la Rose'

Pharmacie : plantes médicinales.
- Un médecin choisissant des herbes dans un jardin des
simples au moyen-âge. -
Enluminure, v. 1400
Illustration du 'Roman de la Rose'.
Londres, British Museum.

DIESE VERANSTALTUNG IST AUF FRANZÖSISCH
