{"id":4464,"date":"2024-06-10T09:27:25","date_gmt":"2024-06-10T07:27:25","guid":{"rendered":"https:\/\/chateau-de-valangin.ch\/agenda\/sur-les-pas-de-catherine-de-watteville-6\/"},"modified":"2024-06-21T17:30:05","modified_gmt":"2024-06-21T15:30:05","slug":"sur-les-pas-de-catherine-de-watteville-6","status":"publish","type":"agenda","link":"https:\/\/chateau-de-valangin.ch\/de\/kalender\/sur-les-pas-de-catherine-de-watteville-6\/","title":{"rendered":"Sur les pas de Catherine de Watteville"},"content":{"rendered":"<div class=\"Content_Events\">\n<div class=\"Content_Events\">\n<p>Catherine de Watteville, \u00e9pouse de Samuel Perregaux, greffier \u00e0 Valangin, a eu une vie de cape et d\u2019\u00e9p\u00e9e\u00a0: espionne pour Louis XIV, elle a \u00e9t\u00e9 tortur\u00e9e\u00a0!<\/p>\n<p>Mais que reste-t-il de son passage ? D\u00e9couvrez sa vie gr\u00e2ce \u00e0 un rallye qui vous m\u00e8nera du ch\u00e2teau au bourg de Valangin.<\/p>\n<\/div>\n<\/div>\n","protected":false},"template":"","agenda_categories":[47],"class_list":["post-4464","agenda","type-agenda","status-publish","hentry","agenda_categories-animation-de"],"banner_event":{"ID":"4325","post_author":"3","post_date":"2024-02-15 14:54:02","post_date_gmt":"2024-02-15 13:54:02","post_content":"","post_title":"catherine de watteville","post_excerpt":"","post_status":"inherit","comment_status":"closed","ping_status":"closed","post_password":"","post_name":"catherine-de-watteville-2-2","to_ping":"","pinged":"","post_modified":"2024-02-15 14:54:02","post_modified_gmt":"2024-02-15 13:54:02","post_content_filtered":"","post_parent":"4388","guid":"https:\/\/chateau-de-valangin.ch\/NEWSITE\/wp-content\/uploads\/2024\/02\/catherine-de-watteville-1.jpg","menu_order":"0","post_type":"attachment","post_mime_type":"image\/jpeg","comment_count":"0","translation_id":"1256","element_type":"post_attachment","element_id":"4325","trid":"3956","language_code":"de","source_language_code":"fr","id":"3","code":"de","english_name":"German","major":"1","active":"1","default_locale":"de_DE","tag":"de-de","encode_url":"0","country":null,"pod_item_id":"4325"},"date_debut_event":"2024-09-15","date_fin_event":"2024-09-15","horaire_debut_event":"11:00","horaire_fin_event":"17:00 Uhr","prix_adulte_event":"","prix_enfant_event":"","prix_famille_event":"","details_event":"","inscription_event":"","informations_event":"Eintritt + 5.- pro Person. Diese Aktivit\u00e4t ist auf Franz\u00f6sisch.","visuel_events":false,"complement":"","_links":{"self":[{"href":"https:\/\/chateau-de-valangin.ch\/de\/wp-json\/wp\/v2\/agenda\/4464","targetHints":{"allow":["GET"]}}],"collection":[{"href":"https:\/\/chateau-de-valangin.ch\/de\/wp-json\/wp\/v2\/agenda"}],"about":[{"href":"https:\/\/chateau-de-valangin.ch\/de\/wp-json\/wp\/v2\/types\/agenda"}],"wp:attachment":[{"href":"https:\/\/chateau-de-valangin.ch\/de\/wp-json\/wp\/v2\/media?parent=4464"}],"wp:term":[{"taxonomy":"agenda_categories","embeddable":true,"href":"https:\/\/chateau-de-valangin.ch\/de\/wp-json\/wp\/v2\/agenda_categories?post=4464"}],"curies":[{"name":"wp","href":"https:\/\/api.w.org\/{rel}","templated":true}]}}

<div class="Content_Events">
<div class="Content_Events">
<p>Catherine de Watteville, épouse de Samuel Perregaux, greffier à Valangin, a eu une vie de cape et d’épée : espionne pour Louis XIV, elle a été torturée !</p>
<p>Mais que reste-t-il de son passage ? Découvrez sa vie grâce à un rallye qui vous mènera du château au bourg de Valangin.</p>
</div>
</div>

Eintritt + 5.- pro Person. Diese Aktivität ist auf Französisch.
