{"id":4457,"date":"2024-06-07T16:45:03","date_gmt":"2024-06-07T14:45:03","guid":{"rendered":"https:\/\/chateau-de-valangin.ch\/agenda\/festival-artborescence-2\/"},"modified":"2024-06-21T16:02:48","modified_gmt":"2024-06-21T14:02:48","slug":"festival-artborescence-2","status":"publish","type":"agenda","link":"https:\/\/chateau-de-valangin.ch\/de\/kalender\/festival-artborescence-2\/","title":{"rendered":"Festival Art\u2019borescence"},"content":{"rendered":"<p><strong>Der Verein Madame T und das Schloss und Museum Valangin schliessen sich zusammen, um ein Festival mit vielen Aktivit\u00e4ten an zwei Orten in Valangin anzubieten: der Waldlichtung \u201eP\u2019tite Prairie\u201c und dem Schloss.<\/strong><\/p>\n<p>Das Festival richtet sich an Familien und Naturliebhaber. Dieses Jahr geht es um die Biodiversit\u00e4t: Spuren, Abdr\u00fccke und Eindr\u00fccke von Tieren, Menschen oder Pflanzen. Die Welt besteht aus Spuren; manche sind verg\u00e4nglich, andere sind dauerhaft. Das Programm spiegelt diese Vielfalt wider.<\/p>\n<p><strong>10.30 Uhr<\/strong>: Trommelzirkel, Verein Deep Forest &#8211; P&#8217;tite Prairie<\/p>\n<p><strong>11.30 Uhr<\/strong>: Harfenkonzert, Anja Luna, Musikerin und Zirkusartistin &#8211; Schloss.<\/p>\n<p><strong>14 Uhr<\/strong>: Akrobatische Show durch den Wald, Truppe Savage &#8211; P&#8217;tite Prairie<\/p>\n<p><strong>16 Uhr<\/strong>: \u00d6ko-Ritual f\u00fcr Gruppen, Ecoute le soleil se lever(20 Personen max.) &#8211; P&#8217;tite Prairie<\/p>\n<p><strong>16 Uhr<\/strong>: Vortrag von Val\u00e9rie Oppliger, Gr\u00fcnderin von &#8222;Un amour de pleurote&#8220; &#8211; P&#8217;tite Prairie<\/p>\n<p><strong>18.00 Uhr<\/strong>: Akrobatische Show durch den Wald, Truppe Savage &#8211; P&#8217;tite Prairie<\/p>\n<p><strong>20 Uhr<\/strong>: Konzert Les Malbecs, franz\u00f6sischer Chanson Swing Musette &#8211; P&#8217;tite Prairie<\/p>\n<p>&nbsp;<\/p>\n<p><strong>Durchgehend, von 12 bis 18 Uhr.<\/strong><\/p>\n<p>T\u00f6pferei-Workshop &#8211; P&#8217;tite Prairie<\/p>\n<p>Atelier Grimage &#8211; P&#8217;tite Prairie<\/p>\n<p>Cyanotypie-Workshop &#8211; Schloss<\/p>\n<p>Zeichnen mit Pflanzenfarben &#8211; P&#8217;tite Prairie<\/p>\n<p>Partizipatives Bodenfresko in Zusammenarbeit mit dem K\u00fcnstler Mica &#8211; Schloss<\/p>\n<p>Schnitzeljagd f\u00fcr Kinder mit Adahy &#8211; vom Schloss zur P&#8217;tite Prairie<\/p>\n<p>&nbsp;<\/p>\n<p><strong>Bitte beachten Sie, dass die Aktivit\u00e4ten auf Franz\u00f6sisch durchgef\u00fchrt und nicht \u00fcbersetzt werden.<\/strong><\/p>\n","protected":false},"template":"","agenda_categories":[47,43,45,46],"class_list":["post-4457","agenda","type-agenda","status-publish","hentry","agenda_categories-animation-de","agenda_categories-konzert","agenda_categories-vortrag","agenda_categories-workshop"],"banner_event":{"ID":"3649","post_author":"3","post_date":"2021-06-18 09:50:13","post_date_gmt":"2021-06-18 09:50:13","post_content":"","post_title":"VAL_JARDINS_bannie\u0300re","post_excerpt":"","post_status":"inherit","comment_status":"closed","ping_status":"closed","post_password":"","post_name":"val_jardins_banniere-2","to_ping":"","pinged":"","post_modified":"2024-06-21 16:01:53","post_modified_gmt":"2024-06-21 14:01:53","post_content_filtered":"","post_parent":"4391","guid":"https:\/\/chateau-de-valangin.ch\/NEWSITE\/wp-content\/uploads\/2021\/06\/val_jardins_banniere.jpg","menu_order":"0","post_type":"attachment","post_mime_type":"image\/jpeg","comment_count":"0","translation_id":"849","element_type":"post_attachment","element_id":"3649","trid":"3680","language_code":"de","source_language_code":"fr","id":"3","code":"de","english_name":"German","major":"1","active":"1","default_locale":"de_DE","tag":"de-de","encode_url":"0","country":null,"pod_item_id":"3649"},"date_debut_event":"2024-06-30","date_fin_event":"2024-06-30","horaire_debut_event":"12:00","horaire_fin_event":"18:00","prix_adulte_event":"10.-","prix_enfant_event":"","prix_famille_event":"","details_event":"","inscription_event":"","informations_event":"P'ite Prairie: 10-22:30 Uhr; Schloss: 10-18:00 Uhr; Eintritt Erwachsene 10.-, Kinder gratis, Eintritt gilt f\u00fcr beide Veranstaltungsorte","visuel_events":{"ID":"4450","post_author":"3","post_date":"2024-06-20 13:37:08","post_date_gmt":"2024-06-20 11:37:08","post_content":"","post_title":"Programme Art'borescence","post_excerpt":"","post_status":"inherit","comment_status":"closed","ping_status":"closed","post_password":"","post_name":"programme-artborescence-2","to_ping":"","pinged":"","post_modified":"2024-06-21 15:41:52","post_modified_gmt":"2024-06-21 13:41:52","post_content_filtered":"","post_parent":"4457","guid":"https:\/\/chateau-de-valangin.ch\/NEWSITE\/wp-content\/uploads\/2024\/06\/programme-artborescence.jpg","menu_order":"0","post_type":"attachment","post_mime_type":"image\/jpeg","comment_count":"0","translation_id":"1346","element_type":"post_attachment","element_id":"4450","trid":"3997","language_code":"de","source_language_code":"fr","id":"3","code":"de","english_name":"German","major":"1","active":"1","default_locale":"de_DE","tag":"de-de","encode_url":"0","country":null,"pod_item_id":"4450"},"complement":"","_links":{"self":[{"href":"https:\/\/chateau-de-valangin.ch\/de\/wp-json\/wp\/v2\/agenda\/4457","targetHints":{"allow":["GET"]}}],"collection":[{"href":"https:\/\/chateau-de-valangin.ch\/de\/wp-json\/wp\/v2\/agenda"}],"about":[{"href":"https:\/\/chateau-de-valangin.ch\/de\/wp-json\/wp\/v2\/types\/agenda"}],"wp:attachment":[{"href":"https:\/\/chateau-de-valangin.ch\/de\/wp-json\/wp\/v2\/media?parent=4457"}],"wp:term":[{"taxonomy":"agenda_categories","embeddable":true,"href":"https:\/\/chateau-de-valangin.ch\/de\/wp-json\/wp\/v2\/agenda_categories?post=4457"}],"curies":[{"name":"wp","href":"https:\/\/api.w.org\/{rel}","templated":true}]}}

<p><strong>Der Verein Madame T und das Schloss und Museum Valangin schliessen sich zusammen, um ein Festival mit vielen Aktivitäten an zwei Orten in Valangin anzubieten: der Waldlichtung „P’tite Prairie“ und dem Schloss.</strong></p>
<p>Das Festival richtet sich an Familien und Naturliebhaber. Dieses Jahr geht es um die Biodiversität: Spuren, Abdrücke und Eindrücke von Tieren, Menschen oder Pflanzen. Die Welt besteht aus Spuren; manche sind vergänglich, andere sind dauerhaft. Das Programm spiegelt diese Vielfalt wider.</p>
<p><strong>10.30 Uhr</strong>: Trommelzirkel, Verein Deep Forest &#8211; P&#8217;tite Prairie</p>
<p><strong>11.30 Uhr</strong>: Harfenkonzert, Anja Luna, Musikerin und Zirkusartistin &#8211; Schloss.</p>
<p><strong>14 Uhr</strong>: Akrobatische Show durch den Wald, Truppe Savage &#8211; P&#8217;tite Prairie</p>
<p><strong>16 Uhr</strong>: Öko-Ritual für Gruppen, Ecoute le soleil se lever(20 Personen max.) &#8211; P&#8217;tite Prairie</p>
<p><strong>16 Uhr</strong>: Vortrag von Valérie Oppliger, Gründerin von &#8222;Un amour de pleurote&#8220; &#8211; P&#8217;tite Prairie</p>
<p><strong>18.00 Uhr</strong>: Akrobatische Show durch den Wald, Truppe Savage &#8211; P&#8217;tite Prairie</p>
<p><strong>20 Uhr</strong>: Konzert Les Malbecs, französischer Chanson Swing Musette &#8211; P&#8217;tite Prairie</p>
<p>&nbsp;</p>
<p><strong>Durchgehend, von 12 bis 18 Uhr.</strong></p>
<p>Töpferei-Workshop &#8211; P&#8217;tite Prairie</p>
<p>Atelier Grimage &#8211; P&#8217;tite Prairie</p>
<p>Cyanotypie-Workshop &#8211; Schloss</p>
<p>Zeichnen mit Pflanzenfarben &#8211; P&#8217;tite Prairie</p>
<p>Partizipatives Bodenfresko in Zusammenarbeit mit dem Künstler Mica &#8211; Schloss</p>
<p>Schnitzeljagd für Kinder mit Adahy &#8211; vom Schloss zur P&#8217;tite Prairie</p>
<p>&nbsp;</p>
<p><strong>Bitte beachten Sie, dass die Aktivitäten auf Französisch durchgeführt und nicht übersetzt werden.</strong></p>

P'ite Prairie: 10-22:30 Uhr; Schloss: 10-18:00 Uhr; Eintritt Erwachsene 10.-, Kinder gratis, Eintritt gilt für beide Veranstaltungsorte
