{"id":4410,"date":"2024-05-23T11:09:26","date_gmt":"2024-05-23T09:09:26","guid":{"rendered":"https:\/\/chateau-de-valangin.ch\/?post_type=agenda&#038;p=4410"},"modified":"2024-05-23T11:09:26","modified_gmt":"2024-05-23T09:09:26","slug":"les-plantes-anesthesiantes-une-histoire-a-en-mourir","status":"publish","type":"agenda","link":"https:\/\/chateau-de-valangin.ch\/de\/kalender\/les-plantes-anesthesiantes-une-histoire-a-en-mourir\/","title":{"rendered":"VERSCHOBEN &#8211; Les plantes anesth\u00e9siantes, une histoire \u00e0 en  mourir."},"content":{"rendered":"<p>Conf\u00e9rence et atelier.<\/p>\n<p>Intervenantes Colette Gremaud, \u00e9thnobotaniste, et Dr. Camille J\u00e9quier, directrice-conservatrice du Ch\u00e2teau et mus\u00e9e de Valangin.<\/p>\n<p>Informations suivront.<\/p>\n<p>&nbsp;<\/p>\n<hr \/>\n<p>Diese Veranstaltung ist auf Franz\u00f6sisch<\/p>\n","protected":false},"template":"","agenda_categories":[47,46],"class_list":["post-4410","agenda","type-agenda","status-publish","hentry","agenda_categories-animation-de","agenda_categories-workshop"],"banner_event":{"ID":"4373","post_author":"3","post_date":"2024-04-10 11:59:08","post_date_gmt":"2024-04-10 09:59:08","post_content":"","post_title":"Mandragora_Tacuinum_Sanitatis","post_excerpt":"","post_status":"inherit","comment_status":"closed","ping_status":"closed","post_password":"","post_name":"mandragora_tacuinum_sanitatis-2","to_ping":"","pinged":"","post_modified":"2024-04-10 11:59:08","post_modified_gmt":"2024-04-10 09:59:08","post_content_filtered":"","post_parent":"0","guid":"https:\/\/chateau-de-valangin.ch\/NEWSITE\/wp-content\/uploads\/2024\/04\/mandragora_tacuinum_sanitatis.jpg","menu_order":"0","post_type":"attachment","post_mime_type":"image\/jpeg","comment_count":"0","translation_id":"1282","element_type":"post_attachment","element_id":"4373","trid":"3967","language_code":"de","source_language_code":"fr","id":"3","code":"de","english_name":"German","major":"1","active":"1","default_locale":"de_DE","tag":"de-de","encode_url":"0","country":null,"pod_item_id":"4373"},"date_debut_event":"2024-05-25","date_fin_event":"2024-05-25","horaire_debut_event":"14:00","horaire_fin_event":"16:00 Uhr","prix_adulte_event":"25.-","prix_enfant_event":"","prix_famille_event":"","details_event":"","inscription_event":"Sur inscription","informations_event":"DIESE VERANSTALTUNG IST AUF FRANZ\u00d6SISCH","visuel_events":false,"complement":"","_links":{"self":[{"href":"https:\/\/chateau-de-valangin.ch\/de\/wp-json\/wp\/v2\/agenda\/4410","targetHints":{"allow":["GET"]}}],"collection":[{"href":"https:\/\/chateau-de-valangin.ch\/de\/wp-json\/wp\/v2\/agenda"}],"about":[{"href":"https:\/\/chateau-de-valangin.ch\/de\/wp-json\/wp\/v2\/types\/agenda"}],"wp:attachment":[{"href":"https:\/\/chateau-de-valangin.ch\/de\/wp-json\/wp\/v2\/media?parent=4410"}],"wp:term":[{"taxonomy":"agenda_categories","embeddable":true,"href":"https:\/\/chateau-de-valangin.ch\/de\/wp-json\/wp\/v2\/agenda_categories?post=4410"}],"curies":[{"name":"wp","href":"https:\/\/api.w.org\/{rel}","templated":true}]}}

VERSCHOBEN &#8211; Les plantes anesthésiantes, une histoire à en  mourir.

<p>Conférence et atelier.</p>
<p>Intervenantes Colette Gremaud, éthnobotaniste, et Dr. Camille Jéquier, directrice-conservatrice du Château et musée de Valangin.</p>
<p>Informations suivront.</p>
<p>&nbsp;</p>
<hr />
<p>Diese Veranstaltung ist auf Französisch</p>

DIESE VERANSTALTUNG IST AUF FRANZÖSISCH
