{"id":4396,"date":"2024-04-10T11:43:19","date_gmt":"2024-04-10T09:43:19","guid":{"rendered":"https:\/\/chateau-de-valangin.ch\/agenda\/la-journee-des-musees\/"},"modified":"2024-04-10T18:42:03","modified_gmt":"2024-04-10T16:42:03","slug":"la-journee-des-musees","status":"publish","type":"agenda","link":"https:\/\/chateau-de-valangin.ch\/de\/kalender\/la-journee-des-musees\/","title":{"rendered":"Der Tag der Museen"},"content":{"rendered":"<p>Das Schloss und Museum von Valangin pr\u00e4sentiert seine <a href=\"https:\/\/chateau-de-valangin.ch\/de\/austellungen\/valangin-au-feminin-3-femmes-3-vies-3-siecles\/\">Wechselausstellung: &#8222;Valangin au f\u00e9minin &#8211; 3 Frauen, 3 Leben, 3 Jahrhunderte&#8220;<\/a> mit einer Reihe von F\u00fchrungen und einer Schnitzeljagd durch das Dorf. Guillemette de Vergy, Katharina von Wattenwyl und Julie L&#8217;Eplattenier lebten alle in Valangin, wenn auch zu unterschiedlichen Zeiten. Auch ihre soziale Schicht unterscheidet sich erheblich. In ihren Schriften erz\u00e4hlen sie von ihrem Leben und den Ereignissen, die es pr\u00e4gen. Sie alle haben einen direkten Bezug zu der gro\u00dfen Geschichte, die die Zukunft des Neuenburger Landes ver\u00e4ndern wird.<\/p>\n<p>Entdecken Sie dies bei einem Spaziergang durch das Schloss und machen Sie anschlie\u00dfend einen Spaziergang durch das St\u00e4dtchen, und erleben Sie diesen geschichtstr\u00e4chtigen Ort mit allen Sinnen.<\/p>\n<p>Die <a href=\"https:\/\/chateau-de-valangin.ch\/de\/ausstellungen\/\">mittelalterlichen Schulg\u00e4rten ValanJardin<\/a> im Schlosspark werden zu diesem Zeitpunkt bereits angepflanzt sein. Lernen Sie die heute ungewohnten Pflanzen und Gem\u00fcsesorten kennen, die im Mittelalter h\u00e4ufig gegessen wurden. Dies ist eine gute Gelegenheit, um herauszufinden, was unsere Vorfahren auf dem Teller hatten und was erst viel sp\u00e4ter dazu kam!<\/p>\n","protected":false},"template":"","agenda_categories":[47,58,42],"class_list":["post-4396","agenda","type-agenda","status-publish","hentry","agenda_categories-animation-de","agenda_categories-visite-de","agenda_categories-veranstaltung"],"banner_event":{"ID":"4312","post_author":"3","post_date":"2024-02-15 13:35:00","post_date_gmt":"2024-02-15 12:35:00","post_content":"","post_title":"Dossier VAL_Ofeminin_A5_DEF","post_excerpt":"","post_status":"inherit","comment_status":"closed","ping_status":"closed","post_password":"","post_name":"dossier-val_ofeminin_a5_def-2","to_ping":"","pinged":"","post_modified":"2025-01-10 11:00:57","post_modified_gmt":"2025-01-10 10:00:57","post_content_filtered":"","post_parent":"4335","guid":"https:\/\/chateau-de-valangin.ch\/NEWSITE\/wp-content\/uploads\/2024\/02\/dossier-val_ofeminin_a5_def.jpg","menu_order":"0","post_type":"attachment","post_mime_type":"image\/jpeg","comment_count":"0","translation_id":"1244","element_type":"post_attachment","element_id":"4312","trid":"3948","language_code":"de","source_language_code":"fr","id":"3","code":"de","english_name":"German","major":"1","active":"1","default_locale":"de_DE","tag":"de-de","encode_url":"0","country":null,"pod_item_id":"4312"},"date_debut_event":"2024-05-19","date_fin_event":"2024-05-19","horaire_debut_event":"11:00","horaire_fin_event":"17:00 Uhr","prix_adulte_event":"","prix_enfant_event":"","prix_famille_event":"","details_event":"F\u00fchrungen durch die Ausstellung \"Valangin au f\u00e9minin\" : 11:30 \/ 14:00 \/ 15:30 Uhr","inscription_event":"","informations_event":"Die F\u00fchrungen finden auf Franz\u00f6sisch statt","visuel_events":false,"complement":"","_links":{"self":[{"href":"https:\/\/chateau-de-valangin.ch\/de\/wp-json\/wp\/v2\/agenda\/4396","targetHints":{"allow":["GET"]}}],"collection":[{"href":"https:\/\/chateau-de-valangin.ch\/de\/wp-json\/wp\/v2\/agenda"}],"about":[{"href":"https:\/\/chateau-de-valangin.ch\/de\/wp-json\/wp\/v2\/types\/agenda"}],"wp:attachment":[{"href":"https:\/\/chateau-de-valangin.ch\/de\/wp-json\/wp\/v2\/media?parent=4396"}],"wp:term":[{"taxonomy":"agenda_categories","embeddable":true,"href":"https:\/\/chateau-de-valangin.ch\/de\/wp-json\/wp\/v2\/agenda_categories?post=4396"}],"curies":[{"name":"wp","href":"https:\/\/api.w.org\/{rel}","templated":true}]}}

<p>Das Schloss und Museum von Valangin präsentiert seine <a href="https://chateau-de-valangin.ch/de/austellungen/valangin-au-feminin-3-femmes-3-vies-3-siecles/">Wechselausstellung: &#8222;Valangin au féminin &#8211; 3 Frauen, 3 Leben, 3 Jahrhunderte&#8220;</a> mit einer Reihe von Führungen und einer Schnitzeljagd durch das Dorf. Guillemette de Vergy, Katharina von Wattenwyl und Julie L&#8217;Eplattenier lebten alle in Valangin, wenn auch zu unterschiedlichen Zeiten. Auch ihre soziale Schicht unterscheidet sich erheblich. In ihren Schriften erzählen sie von ihrem Leben und den Ereignissen, die es prägen. Sie alle haben einen direkten Bezug zu der großen Geschichte, die die Zukunft des Neuenburger Landes verändern wird.</p>
<p>Entdecken Sie dies bei einem Spaziergang durch das Schloss und machen Sie anschließend einen Spaziergang durch das Städtchen, und erleben Sie diesen geschichtsträchtigen Ort mit allen Sinnen.</p>
<p>Die <a href="https://chateau-de-valangin.ch/de/ausstellungen/">mittelalterlichen Schulgärten ValanJardin</a> im Schlosspark werden zu diesem Zeitpunkt bereits angepflanzt sein. Lernen Sie die heute ungewohnten Pflanzen und Gemüsesorten kennen, die im Mittelalter häufig gegessen wurden. Dies ist eine gute Gelegenheit, um herauszufinden, was unsere Vorfahren auf dem Teller hatten und was erst viel später dazu kam!</p>

Führungen durch die Ausstellung "Valangin au féminin" : 11:30 / 14:00 / 15:30 Uhr

Die Führungen finden auf Französisch statt
