{"id":4395,"date":"2024-04-10T11:51:59","date_gmt":"2024-04-10T09:51:59","guid":{"rendered":"https:\/\/chateau-de-valangin.ch\/agenda\/a-la-decouverte-du-potager-medieval\/"},"modified":"2024-04-11T12:23:28","modified_gmt":"2024-04-11T10:23:28","slug":"a-la-decouverte-du-potager-medieval","status":"publish","type":"agenda","link":"https:\/\/chateau-de-valangin.ch\/de\/kalender\/a-la-decouverte-du-potager-medieval\/","title":{"rendered":"A la d\u00e9couverte du potager m\u00e9di\u00e9val"},"content":{"rendered":"<p>Que cultivait-on au Moyen \u00c2ge?<\/p>\n<p>Sauras-tu reconna\u00eetre les l\u00e9gumes que les hommes et les femmes cultivaient pour leur potage quotidien et pour le Seigneur ?<\/p>\n<p>Des jeux seront propos\u00e9s durant deux heures pour d\u00e9couvrir leur alimentation.<\/p>\n<p>&nbsp;<\/p>\n<p>F\u00fcr Kinder von 8 &#8211; 11 Jahren. Das Programm ist auf Franz\u00f6sisch!<\/p>\n","protected":false},"template":"","agenda_categories":[47,58,46],"class_list":["post-4395","agenda","type-agenda","status-publish","hentry","agenda_categories-animation-de","agenda_categories-visite-de","agenda_categories-workshop"],"banner_event":{"ID":"4292","post_author":"3","post_date":"2024-02-09 15:25:14","post_date_gmt":"2024-02-09 14:25:14","post_content":"","post_title":"L\u00e9gumes 16e si\u00e8cle","post_excerpt":"","post_status":"inherit","comment_status":"closed","ping_status":"closed","post_password":"","post_name":"legumes-16e-siecle-2-2","to_ping":"","pinged":"","post_modified":"2024-02-09 15:25:14","post_modified_gmt":"2024-02-09 14:25:14","post_content_filtered":"","post_parent":"4339","guid":"https:\/\/chateau-de-valangin.ch\/NEWSITE\/wp-content\/uploads\/2024\/02\/legumes-16e-siecle-1.png","menu_order":"0","post_type":"attachment","post_mime_type":"image\/png","comment_count":"0","translation_id":"1227","element_type":"post_attachment","element_id":"4292","trid":"3935","language_code":"de","source_language_code":"fr","id":"3","code":"de","english_name":"German","major":"1","active":"1","default_locale":"de_DE","tag":"de-de","encode_url":"0","country":null,"pod_item_id":"4292"},"date_debut_event":"2024-05-22","date_fin_event":"2024-05-22","horaire_debut_event":"14:00","horaire_fin_event":"16:00 Uhr","prix_adulte_event":"","prix_enfant_event":"15.-","prix_famille_event":"","details_event":"","inscription_event":"Sur inscription","informations_event":"Activit\u00e9s pour enfants 8-11 ans. Dieses Kinderprogramm ist auf Franz\u00f6sisch.","visuel_events":false,"complement":"","_links":{"self":[{"href":"https:\/\/chateau-de-valangin.ch\/de\/wp-json\/wp\/v2\/agenda\/4395","targetHints":{"allow":["GET"]}}],"collection":[{"href":"https:\/\/chateau-de-valangin.ch\/de\/wp-json\/wp\/v2\/agenda"}],"about":[{"href":"https:\/\/chateau-de-valangin.ch\/de\/wp-json\/wp\/v2\/types\/agenda"}],"wp:attachment":[{"href":"https:\/\/chateau-de-valangin.ch\/de\/wp-json\/wp\/v2\/media?parent=4395"}],"wp:term":[{"taxonomy":"agenda_categories","embeddable":true,"href":"https:\/\/chateau-de-valangin.ch\/de\/wp-json\/wp\/v2\/agenda_categories?post=4395"}],"curies":[{"name":"wp","href":"https:\/\/api.w.org\/{rel}","templated":true}]}}

A la découverte du potager médiéval

<p>Que cultivait-on au Moyen Âge?</p>
<p>Sauras-tu reconnaître les légumes que les hommes et les femmes cultivaient pour leur potage quotidien et pour le Seigneur ?</p>
<p>Des jeux seront proposés durant deux heures pour découvrir leur alimentation.</p>
<p>&nbsp;</p>
<p>Für Kinder von 8 &#8211; 11 Jahren. Das Programm ist auf Französisch!</p>

Légumes 16e siècle

Activités pour enfants 8-11 ans. Dieses Kinderprogramm ist auf Französisch.
