{"id":4390,"date":"2024-04-10T13:12:47","date_gmt":"2024-04-10T11:12:47","guid":{"rendered":"https:\/\/chateau-de-valangin.ch\/agenda\/la-vie-de-chateau\/"},"modified":"2024-06-21T15:25:37","modified_gmt":"2024-06-21T13:25:37","slug":"la-vie-de-chateau-2","status":"publish","type":"agenda","link":"https:\/\/chateau-de-valangin.ch\/de\/kalender\/la-vie-de-chateau-2\/","title":{"rendered":"D\u00e9plac\u00e9 \u00e0 une autre date &#8211; La vie de ch\u00e2teau"},"content":{"rendered":"<p>Comptines, marionnettes, mimes.<\/p>\n<p>Informations suivront.<\/p>\n","protected":false},"template":"","agenda_categories":[47,42],"class_list":["post-4390","agenda","type-agenda","status-publish","hentry","agenda_categories-animation-de","agenda_categories-veranstaltung"],"banner_event":{"ID":"4384","post_author":"3","post_date":"2024-04-10 13:10:11","post_date_gmt":"2024-04-10 11:10:11","post_content":"","post_title":"marionnette","post_excerpt":"","post_status":"inherit","comment_status":"closed","ping_status":"closed","post_password":"","post_name":"marionnette-2","to_ping":"","pinged":"","post_modified":"2024-04-10 13:10:11","post_modified_gmt":"2024-04-10 11:10:11","post_content_filtered":"","post_parent":"4390","guid":"https:\/\/chateau-de-valangin.ch\/NEWSITE\/wp-content\/uploads\/2024\/04\/marionnette.jpg","menu_order":"0","post_type":"attachment","post_mime_type":"image\/jpeg","comment_count":"0","translation_id":"1293","element_type":"post_attachment","element_id":"4384","trid":"3973","language_code":"de","source_language_code":"fr","id":"3","code":"de","english_name":"German","major":"1","active":"1","default_locale":"de_DE","tag":"de-de","encode_url":"0","country":null,"pod_item_id":"4384"},"date_debut_event":"2024-06-19","date_fin_event":"2024-06-19","horaire_debut_event":"10:30 Uhr","horaire_fin_event":"11:30 Uhr","prix_adulte_event":"","prix_enfant_event":"","prix_famille_event":"1ad-enf 5.","details_event":"","inscription_event":"","informations_event":"Pour les tout-petits 0-4 ans. DIESE AKTIVIT\u00c4T IST AUF FRANZ\u00d6SISCH.","visuel_events":false,"complement":"","_links":{"self":[{"href":"https:\/\/chateau-de-valangin.ch\/de\/wp-json\/wp\/v2\/agenda\/4390","targetHints":{"allow":["GET"]}}],"collection":[{"href":"https:\/\/chateau-de-valangin.ch\/de\/wp-json\/wp\/v2\/agenda"}],"about":[{"href":"https:\/\/chateau-de-valangin.ch\/de\/wp-json\/wp\/v2\/types\/agenda"}],"wp:attachment":[{"href":"https:\/\/chateau-de-valangin.ch\/de\/wp-json\/wp\/v2\/media?parent=4390"}],"wp:term":[{"taxonomy":"agenda_categories","embeddable":true,"href":"https:\/\/chateau-de-valangin.ch\/de\/wp-json\/wp\/v2\/agenda_categories?post=4390"}],"curies":[{"name":"wp","href":"https:\/\/api.w.org\/{rel}","templated":true}]}}

Déplacé à une autre date &#8211; La vie de château

Pour les tout-petits 0-4 ans. DIESE AKTIVITÄT IST AUF FRANZÖSISCH.
