{"id":4389,"date":"2024-02-09T17:09:53","date_gmt":"2024-02-09T16:09:53","guid":{"rendered":"https:\/\/chateau-de-valangin.ch\/agenda\/droles-dhistoires-au-chateau\/"},"modified":"2024-04-10T17:44:26","modified_gmt":"2024-04-10T15:44:26","slug":"droles-dhistoires-au-chateau","status":"publish","type":"agenda","link":"https:\/\/chateau-de-valangin.ch\/de\/kalender\/droles-dhistoires-au-chateau\/","title":{"rendered":"Dr\u00f4les d&#8217;histoires au ch\u00e2teau"},"content":{"rendered":"<p>Durant la journ\u00e9e du 1er mai, le ch\u00e2teau propose des histoires, des contes, des lectures, des coins lectures pour jeunes oreilles et lecteurs en herbe.<\/p>\n","protected":false},"template":"","agenda_categories":[47],"class_list":["post-4389","agenda","type-agenda","status-publish","hentry","agenda_categories-animation-de"],"banner_event":{"ID":"4308","post_author":"3","post_date":"2024-02-09 17:08:08","post_date_gmt":"2024-02-09 16:08:08","post_content":"","post_title":"lectures b","post_excerpt":"","post_status":"inherit","comment_status":"closed","ping_status":"closed","post_password":"","post_name":"lectures-b-2","to_ping":"","pinged":"","post_modified":"2024-02-09 17:08:08","post_modified_gmt":"2024-02-09 16:08:08","post_content_filtered":"","post_parent":"4389","guid":"https:\/\/chateau-de-valangin.ch\/NEWSITE\/wp-content\/uploads\/2024\/02\/lectures-b.jpg","menu_order":"0","post_type":"attachment","post_mime_type":"image\/jpeg","comment_count":"0","translation_id":"1241","element_type":"post_attachment","element_id":"4308","trid":"3946","language_code":"de","source_language_code":"fr","id":"3","code":"de","english_name":"German","major":"1","active":"1","default_locale":"de_DE","tag":"de-de","encode_url":"0","country":null,"pod_item_id":"4308"},"date_debut_event":"2024-05-01","date_fin_event":"2024-05-01","horaire_debut_event":"11:00 Uhr","horaire_fin_event":"17:00 Uhr","prix_adulte_event":"","prix_enfant_event":"","prix_famille_event":"","details_event":"Prix d'entr\u00e9e + 3.-\/personne","inscription_event":"032 857 23 83 ou par email : info@chateau-de-valangin.ch","informations_event":"Dieses Kinderprogramm ist auf Franz\u00f6sisch","visuel_events":false,"complement":"","_links":{"self":[{"href":"https:\/\/chateau-de-valangin.ch\/de\/wp-json\/wp\/v2\/agenda\/4389","targetHints":{"allow":["GET"]}}],"collection":[{"href":"https:\/\/chateau-de-valangin.ch\/de\/wp-json\/wp\/v2\/agenda"}],"about":[{"href":"https:\/\/chateau-de-valangin.ch\/de\/wp-json\/wp\/v2\/types\/agenda"}],"wp:attachment":[{"href":"https:\/\/chateau-de-valangin.ch\/de\/wp-json\/wp\/v2\/media?parent=4389"}],"wp:term":[{"taxonomy":"agenda_categories","embeddable":true,"href":"https:\/\/chateau-de-valangin.ch\/de\/wp-json\/wp\/v2\/agenda_categories?post=4389"}],"curies":[{"name":"wp","href":"https:\/\/api.w.org\/{rel}","templated":true}]}}

Drôles d&#8217;histoires au château

<p>Durant la journée du 1er mai, le château propose des histoires, des contes, des lectures, des coins lectures pour jeunes oreilles et lecteurs en herbe.</p>

Prix d'entrée + 3.-/personne

Dieses Kinderprogramm ist auf Französisch
