{"id":4348,"date":"2024-02-09T16:21:42","date_gmt":"2024-02-09T15:21:42","guid":{"rendered":"https:\/\/chateau-de-valangin.ch\/agenda\/testament-blanc\/"},"modified":"2024-04-03T12:03:02","modified_gmt":"2024-04-03T10:03:02","slug":"testament-blanc","status":"publish","type":"agenda","link":"https:\/\/chateau-de-valangin.ch\/de\/kalender\/testament-blanc\/","title":{"rendered":"Testament perdu"},"content":{"rendered":"<p>Guillemette de Vergy a fait r\u00e9diger un testament qui t\u00e9moigne des tensions et des craintes li\u00e9 \u00e0 la R\u00e9forme. Elle y \u00e9crit \u00e9galement ses derni\u00e8res volont\u00e9s concernant ses fun\u00e9railles.<\/p>\n<p>Mais voil\u00e0, le testament est perdu dans le ch\u00e2teau. Saurez-vous le retrouver\u00a0?<\/p>\n<p>Une escape-enqu\u00eate vous permettra, peut-\u00eatre, de r\u00e9soudre ce f\u00e2cheux incident\u00a0!<\/p>\n<p>Par groupe de 2-4 personnes.<\/p>\n<p>R\u00e9servation n\u00e9cessaire au 032 857 23 83 ou par email : info@chateau-de-valangin.ch<\/p>\n","protected":false},"template":"","agenda_categories":[47,42],"class_list":["post-4348","agenda","type-agenda","status-publish","hentry","agenda_categories-animation-de","agenda_categories-veranstaltung"],"banner_event":{"ID":"4319","post_author":"3","post_date":"2024-02-15 14:21:24","post_date_gmt":"2024-02-15 13:21:24","post_content":"","post_title":"testament GdV c","post_excerpt":"","post_status":"inherit","comment_status":"closed","ping_status":"closed","post_password":"","post_name":"testament-gdv-c-2","to_ping":"","pinged":"","post_modified":"2024-02-22 16:57:42","post_modified_gmt":"2024-02-22 15:57:42","post_content_filtered":"","post_parent":"4462","guid":"https:\/\/chateau-de-valangin.ch\/NEWSITE\/wp-content\/uploads\/2024\/02\/testament-gdv-c.jpg","menu_order":"0","post_type":"attachment","post_mime_type":"image\/jpeg","comment_count":"0","translation_id":"1250","element_type":"post_attachment","element_id":"4319","trid":"3952","language_code":"de","source_language_code":"fr","id":"3","code":"de","english_name":"German","major":"1","active":"1","default_locale":"de_DE","tag":"de-de","encode_url":"0","country":null,"pod_item_id":"4319"},"date_debut_event":"2024-04-06","date_fin_event":"2024-04-06","horaire_debut_event":"13:30","horaire_fin_event":"17:00","prix_adulte_event":"15.-","prix_enfant_event":"","prix_famille_event":"","details_event":"","inscription_event":"032 857 23 83 ou par email : info@chateau-de-valangin.ch","informations_event":"DIESE AKTIVIT\u00c4T IST AUF FRANZ\u00d6SISCH","visuel_events":false,"complement":"","_links":{"self":[{"href":"https:\/\/chateau-de-valangin.ch\/de\/wp-json\/wp\/v2\/agenda\/4348","targetHints":{"allow":["GET"]}}],"collection":[{"href":"https:\/\/chateau-de-valangin.ch\/de\/wp-json\/wp\/v2\/agenda"}],"about":[{"href":"https:\/\/chateau-de-valangin.ch\/de\/wp-json\/wp\/v2\/types\/agenda"}],"wp:attachment":[{"href":"https:\/\/chateau-de-valangin.ch\/de\/wp-json\/wp\/v2\/media?parent=4348"}],"wp:term":[{"taxonomy":"agenda_categories","embeddable":true,"href":"https:\/\/chateau-de-valangin.ch\/de\/wp-json\/wp\/v2\/agenda_categories?post=4348"}],"curies":[{"name":"wp","href":"https:\/\/api.w.org\/{rel}","templated":true}]}}

<p>Guillemette de Vergy a fait rédiger un testament qui témoigne des tensions et des craintes lié à la Réforme. Elle y écrit également ses dernières volontés concernant ses funérailles.</p>
<p>Mais voilà, le testament est perdu dans le château. Saurez-vous le retrouver ?</p>
<p>Une escape-enquête vous permettra, peut-être, de résoudre ce fâcheux incident !</p>
<p>Par groupe de 2-4 personnes.</p>
<p>Réservation nécessaire au 032 857 23 83 ou par email : info@chateau-de-valangin.ch</p>

DIESE AKTIVITÄT IST AUF FRANZÖSISCH
