{"id":4344,"date":"2024-02-09T15:49:40","date_gmt":"2024-02-09T14:49:40","guid":{"rendered":"https:\/\/chateau-de-valangin.ch\/agenda\/enquetes-bizarres-et-rallyes-mysterieux\/"},"modified":"2024-02-21T17:12:15","modified_gmt":"2024-02-21T16:12:15","slug":"enquetes-bizarres-et-rallyes-mysterieux","status":"publish","type":"agenda","link":"https:\/\/chateau-de-valangin.ch\/de\/kalender\/enquetes-bizarres-et-rallyes-mysterieux\/","title":{"rendered":"Enqu\u00eates bizarres et rallyes myst\u00e9rieux"},"content":{"rendered":"<p>Durant les vacances scolaires, le ch\u00e2teau propose des enqu\u00eates bizarres et des rallyes myst\u00e9rieux.<\/p>\n<p>Le Seigneur de Valangin a perdu un objet important! Sauras-tu le retrouver? Une enqu\u00eate \u00e0 la recherche de cet objet.<\/p>\n<p>Guillemette de Vergy, Catherine de Watteville, Julie L&#8217;Eplattenier : 3 femmes, 3 vies, 3 si\u00e8cles. Mais qui sont-elles ? Un rallye dans les caves du Ch\u00e2teau.<\/p>\n<p>D&#8217;autres activit\u00e9s seront \u00e9galement propos\u00e9es. Informations \u00e0 suivre.<\/p>\n<p>R\u00e9servation n\u00e9cessaire au 032 857 23 83 ou par email : info@chateau-de-valangin.ch<\/p>\n<p>&nbsp;<\/p>\n","protected":false},"template":"","agenda_categories":[47],"class_list":["post-4344","agenda","type-agenda","status-publish","hentry","agenda_categories-animation-de"],"banner_event":{"ID":"3293","post_author":"1","post_date":"2018-12-26 14:45:05","post_date_gmt":"2018-12-26 14:45:05","post_content":"","post_title":"32-chateau-de-valangin_photo-noemi-tirro","post_excerpt":"","post_status":"inherit","comment_status":"closed","ping_status":"closed","post_password":"","post_name":"32-chateau-de-valangin_photo-noemi-tirro-2","to_ping":"","pinged":"","post_modified":"2018-12-26 14:45:05","post_modified_gmt":"2018-12-26 14:45:05","post_content_filtered":"","post_parent":"4344","guid":"http:\/\/chateau-de-valangin.ch\/NEWSITE\/wp-content\/uploads\/2018\/12\/32-chacc82teau-de-valangin_photo-noemi-tirro.jpg","menu_order":"0","post_type":"attachment","post_mime_type":"image\/jpeg","comment_count":"0","translation_id":"621","element_type":"post_attachment","element_id":"3293","trid":"3522","language_code":"de","source_language_code":"fr","id":"3","code":"de","english_name":"German","major":"1","active":"1","default_locale":"de_DE","tag":"de-de","encode_url":"0","country":null,"pod_item_id":"3293"},"date_debut_event":"2024-04-03","date_fin_event":"2024-04-05","horaire_debut_event":"10h","horaire_fin_event":"17h","prix_adulte_event":"","prix_enfant_event":"5.- \u00e0 15.-","prix_famille_event":"","details_event":"","inscription_event":"032 857 23 83 ou info@chateau-de-valangin.ch","informations_event":"DAS FERIENPROGRAMM F\u00dcR KINDER IST AUF FRANZ\u00d6SISCH","visuel_events":false,"complement":"","_links":{"self":[{"href":"https:\/\/chateau-de-valangin.ch\/de\/wp-json\/wp\/v2\/agenda\/4344","targetHints":{"allow":["GET"]}}],"collection":[{"href":"https:\/\/chateau-de-valangin.ch\/de\/wp-json\/wp\/v2\/agenda"}],"about":[{"href":"https:\/\/chateau-de-valangin.ch\/de\/wp-json\/wp\/v2\/types\/agenda"}],"wp:attachment":[{"href":"https:\/\/chateau-de-valangin.ch\/de\/wp-json\/wp\/v2\/media?parent=4344"}],"wp:term":[{"taxonomy":"agenda_categories","embeddable":true,"href":"https:\/\/chateau-de-valangin.ch\/de\/wp-json\/wp\/v2\/agenda_categories?post=4344"}],"curies":[{"name":"wp","href":"https:\/\/api.w.org\/{rel}","templated":true}]}}

Enquêtes bizarres et rallyes mystérieux

<p>Durant les vacances scolaires, le château propose des enquêtes bizarres et des rallyes mystérieux.</p>
<p>Le Seigneur de Valangin a perdu un objet important! Sauras-tu le retrouver? Une enquête à la recherche de cet objet.</p>
<p>Guillemette de Vergy, Catherine de Watteville, Julie L&#8217;Eplattenier : 3 femmes, 3 vies, 3 siècles. Mais qui sont-elles ? Un rallye dans les caves du Château.</p>
<p>D&#8217;autres activités seront également proposées. Informations à suivre.</p>
<p>Réservation nécessaire au 032 857 23 83 ou par email : info@chateau-de-valangin.ch</p>
<p>&nbsp;</p>

5.- à 15.-

DAS FERIENPROGRAMM FÜR KINDER IST AUF FRANZÖSISCH
