{"id":4339,"date":"2024-02-09T15:20:35","date_gmt":"2024-02-09T14:20:35","guid":{"rendered":"https:\/\/chateau-de-valangin.ch\/agenda\/lalimentation-au-moyen-age\/"},"modified":"2024-02-21T16:40:27","modified_gmt":"2024-02-21T15:40:27","slug":"lalimentation-au-moyen-age","status":"publish","type":"agenda","link":"https:\/\/chateau-de-valangin.ch\/de\/kalender\/lalimentation-au-moyen-age\/","title":{"rendered":"L&#8217;alimentation au Moyen Age"},"content":{"rendered":"<p>Que mangeait-on au Moyen \u00c2ge ? Une conf\u00e9rence de Dr. Camille J\u00e9quier, directrice-conservatrice au Ch\u00e2teau et mus\u00e9e de Valangin.<\/p>\n<p>Camille J\u00e9quier vous expliquera ce qu\u2019on mangeait au Moyen \u00c2ge\u00a0: beaucoup de choux, des carottes pas tr\u00e8s tendres, des lentilles, des pois, et encore des l\u00e9gumineuses, etc. Et les pommes de terre\u00a0?<\/p>\n<p>Pour le savoir, rendez-vous \u00e0 la Biblioth\u00e8que de Fontainemelon.<\/p>\n","protected":false},"template":"","agenda_categories":[42,45],"class_list":["post-4339","agenda","type-agenda","status-publish","hentry","agenda_categories-veranstaltung","agenda_categories-vortrag"],"banner_event":{"ID":"4292","post_author":"3","post_date":"2024-02-09 15:25:14","post_date_gmt":"2024-02-09 14:25:14","post_content":"","post_title":"L\u00e9gumes 16e si\u00e8cle","post_excerpt":"","post_status":"inherit","comment_status":"closed","ping_status":"closed","post_password":"","post_name":"legumes-16e-siecle-2-2","to_ping":"","pinged":"","post_modified":"2024-02-09 15:25:14","post_modified_gmt":"2024-02-09 14:25:14","post_content_filtered":"","post_parent":"4339","guid":"https:\/\/chateau-de-valangin.ch\/NEWSITE\/wp-content\/uploads\/2024\/02\/legumes-16e-siecle-1.png","menu_order":"0","post_type":"attachment","post_mime_type":"image\/png","comment_count":"0","translation_id":"1227","element_type":"post_attachment","element_id":"4292","trid":"3935","language_code":"de","source_language_code":"fr","id":"3","code":"de","english_name":"German","major":"1","active":"1","default_locale":"de_DE","tag":"de-de","encode_url":"0","country":null,"pod_item_id":"4292"},"date_debut_event":"2024-03-23","date_fin_event":"2024-03-23","horaire_debut_event":"10h et 11h","horaire_fin_event":"10h30 et 11h30","prix_adulte_event":"","prix_enfant_event":"","prix_famille_event":"","details_event":"Biblioth\u00e8que de Fontainemelon","inscription_event":"","informations_event":"DIESE VERANSTALTUNG IST AUF FRANZ\u00d6SISCH","visuel_events":false,"complement":"","_links":{"self":[{"href":"https:\/\/chateau-de-valangin.ch\/de\/wp-json\/wp\/v2\/agenda\/4339","targetHints":{"allow":["GET"]}}],"collection":[{"href":"https:\/\/chateau-de-valangin.ch\/de\/wp-json\/wp\/v2\/agenda"}],"about":[{"href":"https:\/\/chateau-de-valangin.ch\/de\/wp-json\/wp\/v2\/types\/agenda"}],"wp:attachment":[{"href":"https:\/\/chateau-de-valangin.ch\/de\/wp-json\/wp\/v2\/media?parent=4339"}],"wp:term":[{"taxonomy":"agenda_categories","embeddable":true,"href":"https:\/\/chateau-de-valangin.ch\/de\/wp-json\/wp\/v2\/agenda_categories?post=4339"}],"curies":[{"name":"wp","href":"https:\/\/api.w.org\/{rel}","templated":true}]}}

<p>Que mangeait-on au Moyen Âge ? Une conférence de Dr. Camille Jéquier, directrice-conservatrice au Château et musée de Valangin.</p>
<p>Camille Jéquier vous expliquera ce qu’on mangeait au Moyen Âge : beaucoup de choux, des carottes pas très tendres, des lentilles, des pois, et encore des légumineuses, etc. Et les pommes de terre ?</p>
<p>Pour le savoir, rendez-vous à la Bibliothèque de Fontainemelon.</p>

Légumes 16e siècle

Bibliothèque de Fontainemelon

DIESE VERANSTALTUNG IST AUF FRANZÖSISCH
