{"id":4337,"date":"2024-02-15T14:13:24","date_gmt":"2024-02-15T13:13:24","guid":{"rendered":"https:\/\/chateau-de-valangin.ch\/agenda\/valangin-au-feminin-3-femmes-3-vies-3-siecles\/"},"modified":"2024-02-21T16:31:01","modified_gmt":"2024-02-21T15:31:01","slug":"valangin-au-feminin-3-femmes-3-vies-3-siecles","status":"publish","type":"agenda","link":"https:\/\/chateau-de-valangin.ch\/de\/kalender\/valangin-au-feminin-3-femmes-3-vies-3-siecles\/","title":{"rendered":"Valangin au f\u00e9minin.   3 femmes &#8211; 3 vies &#8211; 3 si\u00e8cles"},"content":{"rendered":"<p>Visite guid\u00e9e de la nouvelle exposition temporaire.<\/p>\n<p>L&#8217;exposition met en avant trois femmes, Guillemette de Vergy, Catherine de Watteville et Julie l\u2019Eplattenier, chacune occupant un statut social diff\u00e9rent. Elles ont travers\u00e9 une p\u00e9riode cl\u00e9 de l\u2019histoire du Pays de Neuch\u00e2tel et de Valangin. Durant 45 minutes, la guide vous fera d\u00e9couvrir ces trois femmes gr\u00e2ce \u00e0 leurs \u00e9crits et \u00e0 leurs r\u00e9actions aux diverses \u00e9v\u00e9nements qui ont jalonn\u00e9 durant leur vie.<\/p>\n<p>A l\u2019issue de la visite, une verr\u00e9e est propos\u00e9e.<\/p>\n<p>R\u00e9servation n\u00e9cessaire au 032 857 23 83 ou par email : info@chateau-de-valangin.ch<\/p>\n","protected":false},"template":"","agenda_categories":[58,42],"class_list":["post-4337","agenda","type-agenda","status-publish","hentry","agenda_categories-visite-de","agenda_categories-veranstaltung"],"banner_event":{"ID":"4312","post_author":"3","post_date":"2024-02-15 13:35:00","post_date_gmt":"2024-02-15 12:35:00","post_content":"","post_title":"Dossier VAL_Ofeminin_A5_DEF","post_excerpt":"","post_status":"inherit","comment_status":"closed","ping_status":"closed","post_password":"","post_name":"dossier-val_ofeminin_a5_def-2","to_ping":"","pinged":"","post_modified":"2025-01-10 11:00:57","post_modified_gmt":"2025-01-10 10:00:57","post_content_filtered":"","post_parent":"4335","guid":"https:\/\/chateau-de-valangin.ch\/NEWSITE\/wp-content\/uploads\/2024\/02\/dossier-val_ofeminin_a5_def.jpg","menu_order":"0","post_type":"attachment","post_mime_type":"image\/jpeg","comment_count":"0","translation_id":"1244","element_type":"post_attachment","element_id":"4312","trid":"3948","language_code":"de","source_language_code":"fr","id":"3","code":"de","english_name":"German","major":"1","active":"1","default_locale":"de_DE","tag":"de-de","encode_url":"0","country":null,"pod_item_id":"4312"},"date_debut_event":"2024-03-22","date_fin_event":"2024-03-22","horaire_debut_event":"17h30","horaire_fin_event":"19h","prix_adulte_event":"18.-","prix_enfant_event":"","prix_famille_event":"","details_event":"","inscription_event":"032 857 23 83 ou info@chateau-de-valangin.ch","informations_event":"DIESE VERANSTALTUNG IST AUF FRANZ\u00d6SISCH","visuel_events":false,"complement":"","_links":{"self":[{"href":"https:\/\/chateau-de-valangin.ch\/de\/wp-json\/wp\/v2\/agenda\/4337","targetHints":{"allow":["GET"]}}],"collection":[{"href":"https:\/\/chateau-de-valangin.ch\/de\/wp-json\/wp\/v2\/agenda"}],"about":[{"href":"https:\/\/chateau-de-valangin.ch\/de\/wp-json\/wp\/v2\/types\/agenda"}],"wp:attachment":[{"href":"https:\/\/chateau-de-valangin.ch\/de\/wp-json\/wp\/v2\/media?parent=4337"}],"wp:term":[{"taxonomy":"agenda_categories","embeddable":true,"href":"https:\/\/chateau-de-valangin.ch\/de\/wp-json\/wp\/v2\/agenda_categories?post=4337"}],"curies":[{"name":"wp","href":"https:\/\/api.w.org\/{rel}","templated":true}]}}

Valangin au féminin.   3 femmes &#8211; 3 vies &#8211; 3 siècles

<p>Visite guidée de la nouvelle exposition temporaire.</p>
<p>L&#8217;exposition met en avant trois femmes, Guillemette de Vergy, Catherine de Watteville et Julie l’Eplattenier, chacune occupant un statut social différent. Elles ont traversé une période clé de l’histoire du Pays de Neuchâtel et de Valangin. Durant 45 minutes, la guide vous fera découvrir ces trois femmes grâce à leurs écrits et à leurs réactions aux diverses événements qui ont jalonné durant leur vie.</p>
<p>A l’issue de la visite, une verrée est proposée.</p>
<p>Réservation nécessaire au 032 857 23 83 ou par email : info@chateau-de-valangin.ch</p>

DIESE VERANSTALTUNG IST AUF FRANZÖSISCH
