{"id":4264,"date":"2024-02-02T14:18:41","date_gmt":"2024-02-02T13:18:41","guid":{"rendered":"https:\/\/chateau-de-valangin.ch\/agenda\/demonstration-de-dentellieres-2023-2-2-2-2-2-2-2-3-2-2-2-2-2-2\/"},"modified":"2024-06-21T15:52:51","modified_gmt":"2024-06-21T13:52:51","slug":"demonstration-de-dentellieres-2023-2-2-2-2-2-2-2-3-2-2-2-2-2-2","status":"publish","type":"agenda","link":"https:\/\/chateau-de-valangin.ch\/de\/kalender\/demonstration-de-dentellieres-2023-2-2-2-2-2-2-2-3-2-2-2-2-2-2\/","title":{"rendered":"Kl\u00f6pplerinnen zeigen ihre Kunst"},"content":{"rendered":"<div class=\"Content_First_Container_Events\">\n<div class=\"Content_Container_Events\">\n<div class=\"Content_Events\">\n<div class=\"Content_Events\">\n<p>Die Association des Dentelli\u00e8res du Canton de Neuch\u00e2tel (Neuenburger Vereinigung der Kl\u00f6pplerinnen) l\u00e4dt Sie zu einer Vorf\u00fchrung ein.<\/p>\n<p>Bewundern Sie, wie die Kl\u00f6pplerinnen mit flinken Fingern die Spindeln zum Tanzen bringen!<\/p>\n<p>Einige ihrer Werke werden auch zum Verkauf angeboten.<\/p>\n<\/div>\n<p>Elles proposent \u00e0 la vente certaines de leurs cr\u00e9ations.<\/p>\n<\/div>\n<\/div>\n<\/div>\n","protected":false},"template":"","agenda_categories":[47],"class_list":["post-4264","agenda","type-agenda","status-publish","hentry","agenda_categories-animation-de"],"banner_event":{"ID":"3277","post_author":"1","post_date":"2018-12-26 14:44:38","post_date_gmt":"2018-12-26 14:44:38","post_content":"","post_title":"24-chateau-de-valangin_photo-noemi-tirro","post_excerpt":"","post_status":"inherit","comment_status":"closed","ping_status":"closed","post_password":"","post_name":"24-chateau-de-valangin_photo-noemi-tirro-2","to_ping":"","pinged":"","post_modified":"2024-06-21 15:52:51","post_modified_gmt":"2024-06-21 13:52:51","post_content_filtered":"","post_parent":"4264","guid":"http:\/\/chateau-de-valangin.ch\/NEWSITE\/wp-content\/uploads\/2018\/12\/24-chacc82teau-de-valangin_photo-noemi-tirro.jpg","menu_order":"0","post_type":"attachment","post_mime_type":"image\/jpeg","comment_count":"0","translation_id":"605","element_type":"post_attachment","element_id":"3277","trid":"3514","language_code":"de","source_language_code":"fr","id":"3","code":"de","english_name":"German","major":"1","active":"1","default_locale":"de_DE","tag":"de-de","encode_url":"0","country":null,"pod_item_id":"3277"},"date_debut_event":"2024-09-29","date_fin_event":"2024-09-29","horaire_debut_event":"14 Uhr","horaire_fin_event":"17:00 Uhr","prix_adulte_event":"","prix_enfant_event":"","prix_famille_event":"","details_event":"Im Eintritt inbegriffen","inscription_event":"","informations_event":"","visuel_events":false,"complement":"","_links":{"self":[{"href":"https:\/\/chateau-de-valangin.ch\/de\/wp-json\/wp\/v2\/agenda\/4264","targetHints":{"allow":["GET"]}}],"collection":[{"href":"https:\/\/chateau-de-valangin.ch\/de\/wp-json\/wp\/v2\/agenda"}],"about":[{"href":"https:\/\/chateau-de-valangin.ch\/de\/wp-json\/wp\/v2\/types\/agenda"}],"wp:attachment":[{"href":"https:\/\/chateau-de-valangin.ch\/de\/wp-json\/wp\/v2\/media?parent=4264"}],"wp:term":[{"taxonomy":"agenda_categories","embeddable":true,"href":"https:\/\/chateau-de-valangin.ch\/de\/wp-json\/wp\/v2\/agenda_categories?post=4264"}],"curies":[{"name":"wp","href":"https:\/\/api.w.org\/{rel}","templated":true}]}}

Klöpplerinnen zeigen ihre Kunst

<div class="Content_First_Container_Events">
<div class="Content_Container_Events">
<div class="Content_Events">
<div class="Content_Events">
<p>Die Association des Dentellières du Canton de Neuchâtel (Neuenburger Vereinigung der Klöpplerinnen) lädt Sie zu einer Vorführung ein.</p>
<p>Bewundern Sie, wie die Klöpplerinnen mit flinken Fingern die Spindeln zum Tanzen bringen!</p>
<p>Einige ihrer Werke werden auch zum Verkauf angeboten.</p>
</div>
<p>Elles proposent à la vente certaines de leurs créations.</p>
</div>
</div>
</div>
