{"id":4262,"date":"2024-02-02T14:16:43","date_gmt":"2024-02-02T13:16:43","guid":{"rendered":"https:\/\/chateau-de-valangin.ch\/agenda\/demonstration-de-dentellieres-2023-2-2-2-2-2-2-2-3-2-2-2-2\/"},"modified":"2024-06-21T15:50:10","modified_gmt":"2024-06-21T13:50:10","slug":"demonstration-de-dentellieres-2023-2-2-2-2-2-2-2-3-2-2-2-2","status":"publish","type":"agenda","link":"https:\/\/chateau-de-valangin.ch\/de\/kalender\/demonstration-de-dentellieres-2023-2-2-2-2-2-2-2-3-2-2-2-2\/","title":{"rendered":"Kl\u00f6pplerinnen zeigen ihre Kunst"},"content":{"rendered":"<div class=\"Content_Events\">\n<p>Die Association des Dentelli\u00e8res du Canton de Neuch\u00e2tel (Neuenburger Vereinigung der Kl\u00f6pplerinnen) l\u00e4dt Sie zu einer Vorf\u00fchrung ein.<\/p>\n<p>Bewundern Sie, wie die Kl\u00f6pplerinnen mit flinken Fingern die Spindeln zum Tanzen bringen!<\/p>\n<p>Einige ihrer Werke werden auch zum Verkauf angeboten.<\/p>\n<\/div>\n","protected":false},"template":"","agenda_categories":[47],"class_list":["post-4262","agenda","type-agenda","status-publish","hentry","agenda_categories-animation-de"],"banner_event":{"ID":"3685","post_author":"4","post_date":"2021-08-18 16:26:54","post_date_gmt":"2021-08-18 16:26:54","post_content":"dentelles historiques du ch\u00e2teau et mus\u00e9e de valangin","post_title":"dentelles historiques du ch\u00e2teau et mus\u00e9e de valangin","post_excerpt":"dentelles historiques du ch\u00e2teau et mus\u00e9e de valangin","post_status":"inherit","comment_status":"closed","ping_status":"closed","post_password":"","post_name":"img_9200-2","to_ping":"","pinged":"","post_modified":"2025-01-29 15:26:38","post_modified_gmt":"2025-01-29 14:26:38","post_content_filtered":"","post_parent":"4262","guid":"https:\/\/chateau-de-valangin.ch\/NEWSITE\/wp-content\/uploads\/2021\/08\/img_9200.jpg","menu_order":"0","post_type":"attachment","post_mime_type":"image\/jpeg","comment_count":"0","translation_id":"876","element_type":"post_attachment","element_id":"3685","trid":"3697","language_code":"de","source_language_code":"fr","id":"3","code":"de","english_name":"German","major":"1","active":"1","default_locale":"de_DE","tag":"de-de","encode_url":"0","country":null,"pod_item_id":"3685"},"date_debut_event":"2024-07-28","date_fin_event":"2024-07-28","horaire_debut_event":"14:00","horaire_fin_event":"17:00 Uhr","prix_adulte_event":"","prix_enfant_event":"","prix_famille_event":"","details_event":"Im Eintritt inbegriffen","inscription_event":"","informations_event":"","visuel_events":false,"complement":"","_links":{"self":[{"href":"https:\/\/chateau-de-valangin.ch\/de\/wp-json\/wp\/v2\/agenda\/4262","targetHints":{"allow":["GET"]}}],"collection":[{"href":"https:\/\/chateau-de-valangin.ch\/de\/wp-json\/wp\/v2\/agenda"}],"about":[{"href":"https:\/\/chateau-de-valangin.ch\/de\/wp-json\/wp\/v2\/types\/agenda"}],"wp:attachment":[{"href":"https:\/\/chateau-de-valangin.ch\/de\/wp-json\/wp\/v2\/media?parent=4262"}],"wp:term":[{"taxonomy":"agenda_categories","embeddable":true,"href":"https:\/\/chateau-de-valangin.ch\/de\/wp-json\/wp\/v2\/agenda_categories?post=4262"}],"curies":[{"name":"wp","href":"https:\/\/api.w.org\/{rel}","templated":true}]}}

Klöpplerinnen zeigen ihre Kunst

<div class="Content_Events">
<p>Die Association des Dentellières du Canton de Neuchâtel (Neuenburger Vereinigung der Klöpplerinnen) lädt Sie zu einer Vorführung ein.</p>
<p>Bewundern Sie, wie die Klöpplerinnen mit flinken Fingern die Spindeln zum Tanzen bringen!</p>
<p>Einige ihrer Werke werden auch zum Verkauf angeboten.</p>
</div>

dentelles historiques du château et musée de valangin
