{"id":4258,"date":"2024-02-02T14:02:23","date_gmt":"2024-02-02T13:02:23","guid":{"rendered":"https:\/\/chateau-de-valangin.ch\/agenda\/demonstration-de-dentellieres-2023-2-2-2-2-2-2-2-3\/"},"modified":"2024-02-21T16:49:24","modified_gmt":"2024-02-21T15:49:24","slug":"demonstration-de-dentellieres-2023-2-2-2-2-2-2-2-3","status":"publish","type":"agenda","link":"https:\/\/chateau-de-valangin.ch\/de\/kalender\/demonstration-de-dentellieres-2023-2-2-2-2-2-2-2-3\/","title":{"rendered":"Kl\u00f6pplerinnen zeigen ihre Kunst"},"content":{"rendered":"<div class=\"Content_First_Container_Events\">\n<div class=\"Content_Container_Events\">\n<div class=\"Content_Events\">\n<p>Die Association des Dentelli\u00e8res du Canton de Neuch\u00e2tel (Neuenburger Verband der Kl\u00f6pplerinnen) l\u00e4dt Sie zu einer Vorf\u00fchrung ein.<\/p>\n<p>Bewundern Sie, wie die Kl\u00f6pplerinnen mit flinken Fingern die Kl\u00f6ppel zum Tanzen bringen und dabei herrliche Spitzen entstehen!<\/p>\n<p>Einige ihrer Werke werden auch zum Verkauf angeboten.<\/p>\n<\/div>\n<\/div>\n<\/div>\n","protected":false},"template":"","agenda_categories":[47],"class_list":["post-4258","agenda","type-agenda","status-publish","hentry","agenda_categories-animation-de"],"banner_event":{"ID":"3687","post_author":"4","post_date":"2021-08-18 16:27:42","post_date_gmt":"2021-08-18 16:27:42","post_content":"Dentelli\u00e8res, dentelles","post_title":"IMG_9154","post_excerpt":"Dentelli\u00e8res, dentelles","post_status":"inherit","comment_status":"closed","ping_status":"closed","post_password":"","post_name":"img_9154-2","to_ping":"","pinged":"","post_modified":"2025-01-29 14:33:36","post_modified_gmt":"2025-01-29 13:33:36","post_content_filtered":"","post_parent":"4258","guid":"https:\/\/chateau-de-valangin.ch\/NEWSITE\/wp-content\/uploads\/2021\/08\/img_9154.jpg","menu_order":"0","post_type":"attachment","post_mime_type":"image\/jpeg","comment_count":"0","translation_id":"878","element_type":"post_attachment","element_id":"3687","trid":"3698","language_code":"de","source_language_code":"fr","id":"3","code":"de","english_name":"German","major":"1","active":"1","default_locale":"de_DE","tag":"de-de","encode_url":"0","country":null,"pod_item_id":"3687"},"date_debut_event":"2024-03-31","date_fin_event":"2024-03-31","horaire_debut_event":"14 Uhr","horaire_fin_event":"17 Uhr","prix_adulte_event":"","prix_enfant_event":"","prix_famille_event":"","details_event":"Im Eintritt inbegriffen","inscription_event":"","informations_event":"","visuel_events":false,"complement":"","_links":{"self":[{"href":"https:\/\/chateau-de-valangin.ch\/de\/wp-json\/wp\/v2\/agenda\/4258","targetHints":{"allow":["GET"]}}],"collection":[{"href":"https:\/\/chateau-de-valangin.ch\/de\/wp-json\/wp\/v2\/agenda"}],"about":[{"href":"https:\/\/chateau-de-valangin.ch\/de\/wp-json\/wp\/v2\/types\/agenda"}],"wp:attachment":[{"href":"https:\/\/chateau-de-valangin.ch\/de\/wp-json\/wp\/v2\/media?parent=4258"}],"wp:term":[{"taxonomy":"agenda_categories","embeddable":true,"href":"https:\/\/chateau-de-valangin.ch\/de\/wp-json\/wp\/v2\/agenda_categories?post=4258"}],"curies":[{"name":"wp","href":"https:\/\/api.w.org\/{rel}","templated":true}]}}

Klöpplerinnen zeigen ihre Kunst

<div class="Content_First_Container_Events">
<div class="Content_Container_Events">
<div class="Content_Events">
<p>Die Association des Dentellières du Canton de Neuchâtel (Neuenburger Verband der Klöpplerinnen) lädt Sie zu einer Vorführung ein.</p>
<p>Bewundern Sie, wie die Klöpplerinnen mit flinken Fingern die Klöppel zum Tanzen bringen und dabei herrliche Spitzen entstehen!</p>
<p>Einige ihrer Werke werden auch zum Verkauf angeboten.</p>
</div>
</div>
</div>

Dentellières, dentelles
