{"id":4243,"date":"2023-11-09T16:19:28","date_gmt":"2023-11-09T15:19:28","guid":{"rendered":"https:\/\/chateau-de-valangin.ch\/agenda\/valangin-a-la-lueur-dune-lanterne-2\/"},"modified":"2024-01-17T17:22:29","modified_gmt":"2024-01-17T16:22:29","slug":"valangin-a-la-lueur-dune-lanterne-2","status":"publish","type":"agenda","link":"https:\/\/chateau-de-valangin.ch\/de\/kalender\/valangin-a-la-lueur-dune-lanterne-2\/","title":{"rendered":"Valangin \u00e0 la lueur d&#8217;une lanterne"},"content":{"rendered":"<div class=\"xdj266r x11i5rnm xat24cr x1mh8g0r x1vvkbs\">Du chemin de rondes aux salles plong\u00e9es dans l&#8217;obscurit\u00e9, suivez la lanterne d&#8217;une guide\u00a0<span class=\"x3nfvp2 x1j61x8r x1fcty0u xdj266r xhhsvwb xat24cr xgzva0m xxymvpz xlup9mm x1kky2od\"><img loading=\"lazy\" decoding=\"async\" class=\"xz74otr\" src=\"https:\/\/static.xx.fbcdn.net\/images\/emoji.php\/v9\/t4a\/2\/16\/1f3ee.png\" alt=\"\" width=\"16\" height=\"16\" \/><\/span><\/div>\n<div class=\"x11i5rnm xat24cr x1mh8g0r x1vvkbs xtlvy1s\">La nuit, le ch\u00e2teau ainsi \u00e9clair\u00e9, r\u00e9v\u00e9lera des d\u00e9tails insoup\u00e7onn\u00e9s et r\u00e9servera dans ses recoins sombres des ambiances myst\u00e9rieuses agr\u00e9ment\u00e9s de contes&#8230;<\/div>\n<div><\/div>\n<div class=\"x11i5rnm xat24cr x1mh8g0r x1vvkbs xtlvy1s\">Pensez \u00e0 prendre des habits chauds\u00a0<span class=\"x3nfvp2 x1j61x8r x1fcty0u xdj266r xhhsvwb xat24cr xgzva0m xxymvpz xlup9mm x1kky2od\"><img loading=\"lazy\" decoding=\"async\" class=\"xz74otr\" src=\"https:\/\/static.xx.fbcdn.net\/images\/emoji.php\/v9\/t9e\/2\/16\/1f9e3.png\" alt=\"\" width=\"16\" height=\"16\" \/><\/span><\/div>\n<div class=\"x11i5rnm xat24cr x1mh8g0r x1vvkbs xtlvy1s\">Rendez-vous \u00e0 18h30 devant la grille du Ch\u00e2teau <span class=\"x3nfvp2 x1j61x8r x1fcty0u xdj266r xhhsvwb xat24cr xgzva0m xxymvpz xlup9mm x1kky2od\"><img loading=\"lazy\" decoding=\"async\" class=\"xz74otr\" src=\"https:\/\/static.xx.fbcdn.net\/images\/emoji.php\/v9\/t34\/2\/16\/1f3f0.png\" alt=\"\" width=\"16\" height=\"16\" \/><\/span><\/div>\n<div><\/div>\n<div class=\"x11i5rnm xat24cr x1mh8g0r x1vvkbs xtlvy1s\">Partenaire : ASGIP (<a class=\"x1i10hfl xjbqb8w x6umtig x1b1mbwd xaqea5y xav7gou x9f619 x1ypdohk xt0psk2 xe8uvvx xdj266r x11i5rnm xat24cr x1mh8g0r xexx8yu x4uap5 x18d9i69 xkhd6sd x16tdsg8 x1hl2dhg xggy1nq x1a2a7pz xt0b8zv x1fey0fg\" tabindex=\"0\" role=\"link\" href=\"https:\/\/l.facebook.com\/l.php?u=https%3A%2F%2Fwww.asgip.ch%2F%3Ffbclid%3DIwAR371G2alYEMVSwBIegvixLbc9kXWaEEG3hT9TpKj6l370XRUrF8DZYJTm8&amp;h=AT0xp6UTqELaA12cjbxMsBvSKzxBYrMa1lhWWIM3T7j-7IgnUB69biT6PrnRHxFnxvg3gu82z5R_ZDN4oABazQbKspfedNNc510CK-TCGaaUaVFAVZzX2Z2D87Nnoxo_jj7S&amp;__tn__=q&amp;c[0]=AT0HQ_zl2jwNI6ZiY3zf3rh0GNa-MH0olHSnRDIgQRie63whuIPRdFVo2Azgh3xaj8gJ9mOI9tTcW26vORxIiJ1XK_1sKVTyT-PRdXvNZi6Dib89irTn6ax1aB4mYilr6eLFYMBDMt3KtQ-NOx9dnbn6I9Ie\" target=\"_blank\" rel=\"nofollow noopener\">https:\/\/www.asgip.ch<\/a>)<\/div>\n<div><\/div>\n<div class=\"x11i5rnm xat24cr x1mh8g0r x1vvkbs xtlvy1s\">Les places sont limit\u00e9es. <span class=\"x3nfvp2 x1j61x8r x1fcty0u xdj266r xhhsvwb xat24cr xgzva0m xxymvpz xlup9mm x1kky2od\"><img loading=\"lazy\" decoding=\"async\" class=\"xz74otr\" src=\"https:\/\/static.xx.fbcdn.net\/images\/emoji.php\/v9\/t5d\/2\/16\/26a0.png\" alt=\"\u26a0\ufe0f\" width=\"16\" height=\"16\" \/><\/span>COMPLET<span class=\"x3nfvp2 x1j61x8r x1fcty0u xdj266r xhhsvwb xat24cr xgzva0m xxymvpz xlup9mm x1kky2od\"><img loading=\"lazy\" decoding=\"async\" class=\"xz74otr\" src=\"https:\/\/static.xx.fbcdn.net\/images\/emoji.php\/v9\/t5d\/2\/16\/26a0.png\" alt=\"\u26a0\ufe0f\" width=\"16\" height=\"16\" \/><\/span><\/div>\n","protected":false},"template":"","agenda_categories":[47],"class_list":["post-4243","agenda","type-agenda","status-publish","hentry","agenda_categories-animation-de"],"banner_event":false,"date_debut_event":"2023-12-08","date_fin_event":"2023-12-08","horaire_debut_event":"18h30","horaire_fin_event":"20h00","prix_adulte_event":"","prix_enfant_event":"","prix_famille_event":"","details_event":"Prix : adulte 20.-, enfant (6-16 ans) 10.-, famille (2 adultes et 2,3, 4 enfants) 50.-.","inscription_event":"Inscription obligatoire au 079 787 24 60 ou par mail sur corinne.nicaisemarcacci@gmail.com","informations_event":"","visuel_events":false,"complement":"","_links":{"self":[{"href":"https:\/\/chateau-de-valangin.ch\/de\/wp-json\/wp\/v2\/agenda\/4243","targetHints":{"allow":["GET"]}}],"collection":[{"href":"https:\/\/chateau-de-valangin.ch\/de\/wp-json\/wp\/v2\/agenda"}],"about":[{"href":"https:\/\/chateau-de-valangin.ch\/de\/wp-json\/wp\/v2\/types\/agenda"}],"wp:attachment":[{"href":"https:\/\/chateau-de-valangin.ch\/de\/wp-json\/wp\/v2\/media?parent=4243"}],"wp:term":[{"taxonomy":"agenda_categories","embeddable":true,"href":"https:\/\/chateau-de-valangin.ch\/de\/wp-json\/wp\/v2\/agenda_categories?post=4243"}],"curies":[{"name":"wp","href":"https:\/\/api.w.org\/{rel}","templated":true}]}}

Valangin à la lueur d&#8217;une lanterne

<div class="xdj266r x11i5rnm xat24cr x1mh8g0r x1vvkbs">Du chemin de rondes aux salles plongées dans l&#8217;obscurité, suivez la lanterne d&#8217;une guide <span class="x3nfvp2 x1j61x8r x1fcty0u xdj266r xhhsvwb xat24cr xgzva0m xxymvpz xlup9mm x1kky2od"><img loading="lazy" decoding="async" class="xz74otr" src="https://static.xx.fbcdn.net/images/emoji.php/v9/t4a/2/16/1f3ee.png" alt="" width="16" height="16" /></span></div>
<div class="x11i5rnm xat24cr x1mh8g0r x1vvkbs xtlvy1s">La nuit, le château ainsi éclairé, révélera des détails insoupçonnés et réservera dans ses recoins sombres des ambiances mystérieuses agrémentés de contes&#8230;</div>
<div></div>
<div class="x11i5rnm xat24cr x1mh8g0r x1vvkbs xtlvy1s">Pensez à prendre des habits chauds <span class="x3nfvp2 x1j61x8r x1fcty0u xdj266r xhhsvwb xat24cr xgzva0m xxymvpz xlup9mm x1kky2od"><img loading="lazy" decoding="async" class="xz74otr" src="https://static.xx.fbcdn.net/images/emoji.php/v9/t9e/2/16/1f9e3.png" alt="" width="16" height="16" /></span></div>
<div class="x11i5rnm xat24cr x1mh8g0r x1vvkbs xtlvy1s">Rendez-vous à 18h30 devant la grille du Château <span class="x3nfvp2 x1j61x8r x1fcty0u xdj266r xhhsvwb xat24cr xgzva0m xxymvpz xlup9mm x1kky2od"><img loading="lazy" decoding="async" class="xz74otr" src="https://static.xx.fbcdn.net/images/emoji.php/v9/t34/2/16/1f3f0.png" alt="" width="16" height="16" /></span></div>
<div></div>
<div class="x11i5rnm xat24cr x1mh8g0r x1vvkbs xtlvy1s">Partenaire : ASGIP (<a class="x1i10hfl xjbqb8w x6umtig x1b1mbwd xaqea5y xav7gou x9f619 x1ypdohk xt0psk2 xe8uvvx xdj266r x11i5rnm xat24cr x1mh8g0r xexx8yu x4uap5 x18d9i69 xkhd6sd x16tdsg8 x1hl2dhg xggy1nq x1a2a7pz xt0b8zv x1fey0fg" tabindex="0" role="link" href="https://l.facebook.com/l.php?u=https%3A%2F%2Fwww.asgip.ch%2F%3Ffbclid%3DIwAR371G2alYEMVSwBIegvixLbc9kXWaEEG3hT9TpKj6l370XRUrF8DZYJTm8&amp;h=AT0xp6UTqELaA12cjbxMsBvSKzxBYrMa1lhWWIM3T7j-7IgnUB69biT6PrnRHxFnxvg3gu82z5R_ZDN4oABazQbKspfedNNc510CK-TCGaaUaVFAVZzX2Z2D87Nnoxo_jj7S&amp;__tn__=q&amp;c[0]=AT0HQ_zl2jwNI6ZiY3zf3rh0GNa-MH0olHSnRDIgQRie63whuIPRdFVo2Azgh3xaj8gJ9mOI9tTcW26vORxIiJ1XK_1sKVTyT-PRdXvNZi6Dib89irTn6ax1aB4mYilr6eLFYMBDMt3KtQ-NOx9dnbn6I9Ie" target="_blank" rel="nofollow noopener">https://www.asgip.ch</a>)</div>
<div></div>
<div class="x11i5rnm xat24cr x1mh8g0r x1vvkbs xtlvy1s">Les places sont limitées. <span class="x3nfvp2 x1j61x8r x1fcty0u xdj266r xhhsvwb xat24cr xgzva0m xxymvpz xlup9mm x1kky2od"><img loading="lazy" decoding="async" class="xz74otr" src="https://static.xx.fbcdn.net/images/emoji.php/v9/t5d/2/16/26a0.png" alt="⚠️" width="16" height="16" /></span>COMPLET<span class="x3nfvp2 x1j61x8r x1fcty0u xdj266r xhhsvwb xat24cr xgzva0m xxymvpz xlup9mm x1kky2od"><img loading="lazy" decoding="async" class="xz74otr" src="https://static.xx.fbcdn.net/images/emoji.php/v9/t5d/2/16/26a0.png" alt="⚠️" width="16" height="16" /></span></div>
